{"id":377,"date":"2019-02-06T14:14:55","date_gmt":"2019-02-06T13:14:55","guid":{"rendered":"http:\/\/wordpress.nibis.de\/obshilter\/?page_id=377"},"modified":"2026-04-16T10:15:59","modified_gmt":"2026-04-16T08:15:59","slug":"fuer-grundschulen","status":"publish","type":"page","link":"https:\/\/wordpress.nibis.de\/obshilter\/fuer-grundschulen\/","title":{"rendered":"Schulanmeldung Jhg.5"},"content":{"rendered":"\n<figure class=\"wp-block-embed is-type-video is-provider-youtube wp-block-embed-youtube wp-embed-aspect-16-9 wp-has-aspect-ratio\"><div class=\"wp-block-embed__wrapper\">\n<div class=\"epyt-video-wrapper\"><iframe loading=\"lazy\"  style=\"display: block; margin: 0px auto;\"  id=\"_ytid_53800\"  width=\"640\" height=\"360\"  data-origwidth=\"640\" data-origheight=\"360\"  data-relstop=\"1\" src=\"https:\/\/www.youtube.com\/embed\/zPyA3f_L0Nw?enablejsapi=1&#038;autoplay=0&#038;cc_load_policy=0&#038;cc_lang_pref=&#038;iv_load_policy=3&#038;loop=0&#038;rel=0&#038;fs=1&#038;playsinline=1&#038;autohide=2&#038;theme=dark&#038;color=red&#038;controls=1&#038;disablekb=0&#038;\" class=\"__youtube_prefs__  epyt-is-override  no-lazyload\" title=\"YouTube player\"  allow=\"fullscreen; accelerometer; autoplay; clipboard-write; encrypted-media; gyroscope; picture-in-picture; web-share\" referrerpolicy=\"strict-origin-when-cross-origin\" allowfullscreen data-no-lazy=\"1\" data-skipgform_ajax_framebjll=\"\"><\/iframe><\/div>\n<\/div><figcaption class=\"wp-element-caption\">Virtueller Rundgang durch die Oberschule Hilter<\/figcaption><\/figure>\n\n\n\n<p><\/p>\n\n\n\n\n\n\n\n<figure class=\"wp-block-table\"><table class=\"has-fixed-layout\"><tbody><tr><td class=\"has-text-align-center\" data-align=\"center\"><strong>Allgemeine Infos zur Anmeldung f\u00fcr das Schuljahr 2026\/27<\/strong><\/td><\/tr><\/tbody><\/table><\/figure>\n\n\n\n<figure class=\"wp-block-table\"><table class=\"has-fixed-layout\"><tbody><tr><td><strong>Termine: <\/strong><br>22.04.2026 &#8211; 8-16 Uhr <br>23.04.2026 &#8211; 8-16 Uhr <br>Die Anmeldung erfolgt vor Ort an der Oberschule Hilter oder digital.<br>Am 25.06.2026 um 15 Uhr ist ein <strong>Kennlernnachmittag<\/strong> f\u00fcr die neuen f\u00fcnften Klassen geplant.<\/td><\/tr><\/tbody><\/table><\/figure>\n\n\n\n<figure class=\"wp-block-table\"><table class=\"has-fixed-layout\"><tbody><tr><td class=\"has-text-align-center\" data-align=\"center\">Allgemeine Anmeldeinformationen<\/td><td class=\"has-text-align-center\" data-align=\"center\"><a href=\"https:\/\/wordpress.nibis.de\/obshilter\/files\/2026\/04\/allg.-Elterninfo.pdf\">Download<\/a><\/td><\/tr><tr><td class=\"has-text-align-center\" data-align=\"center\">Vorstellung der Oberschule <\/td><td class=\"has-text-align-center\" data-align=\"center\"><a href=\"https:\/\/wordpress.nibis.de\/obshilter\/files\/2024\/11\/Vorstellung-Obs-2024-gekuerzt.pdf\">Download<\/a><\/td><\/tr><tr><td class=\"has-text-align-center\" data-align=\"center\">Einladung zur Einschulungsfeier<\/td><td class=\"has-text-align-center\" data-align=\"center\"><a href=\"https:\/\/wordpress.nibis.de\/obshilter\/files\/2026\/04\/Einschulungsfeier.pdf\">Download<\/a><\/td><\/tr><\/tbody><\/table><\/figure>\n\n\n\n<p>\u00a0<\/p>\n<p>\u00a0<\/p>\n\n\n\n<figure class=\"wp-block-table\"><table class=\"has-fixed-layout\"><tbody><tr><td class=\"has-text-align-center\" data-align=\"center\"><strong>Formulare f\u00fcr die Anmeldung<\/strong><\/td><\/tr><\/tbody><\/table><\/figure>\n\n\n\n<figure class=\"wp-block-table\"><table class=\"has-fixed-layout\"><tbody><tr><td class=\"has-text-align-center\" data-align=\"center\">Allgemeiner Anmeldebogen Jhg. 5<\/td><td class=\"has-text-align-center\" data-align=\"center\"><a href=\"https:\/\/wordpress.nibis.de\/obshilter\/files\/2026\/02\/Anmeldebogen-Jg.5.pdf\">Download<\/a><\/td><\/tr><tr><td class=\"has-text-align-center\" data-align=\"center\">Unterschriftenformular<\/td><td class=\"has-text-align-center\" data-align=\"center\"><a href=\"https:\/\/wordpress.nibis.de\/obshilter\/files\/2026\/01\/Unterschriftenformular-Jg-5.pdf\">Download<\/a><\/td><\/tr><tr><td class=\"has-text-align-center\" data-align=\"center\">Lehrmittelausleihvertrag Jhg. 5<\/td><td class=\"has-text-align-center\" data-align=\"center\"><a href=\"https:\/\/wordpress.nibis.de\/obshilter\/files\/2026\/02\/Ausleihvertrag-OBS-Hilter-2026-27.Jg_.5.pdf\">Download<\/a><\/td><\/tr><tr><td class=\"has-text-align-center\" data-align=\"center\">B\u00fccherlisten f\u00fcr die 5. Klassen<\/td><td class=\"has-text-align-center\" data-align=\"center\"><a href=\"https:\/\/wordpress.nibis.de\/obshilter\/files\/2026\/02\/Schulbuecher-Jg.-5-pdf.pdf\">Download<\/a><\/td><\/tr><\/tbody><\/table><\/figure>\n\n\n\n<figure class=\"wp-block-table\"><table class=\"has-fixed-layout\"><tbody><tr><td><strong>F\u00fcr die Anmeldung ben\u00f6tigen wir zudem folgende Unterlagen: <\/strong><br>&#8211; Impfnachweis (Kopie des Imfpasses &#8211; Masernschutzimpfung)<br>&#8211; Eine Kopie vom letzten Zeugnis <br>&#8211; Kopie der Geburtsurkunde<br>&#8211; ggf. Beratungsbogen der Grundschule<br>&#8211; ggf. Sorgerechtsbescheid<br><br><\/td><\/tr><\/tbody><\/table><\/figure>\n\n\n\n<p>\u00a0<\/p>\n<p style=\"text-align: center\">Bei Fragen stehen wir Ihnen gerne unter der Telefonnummer der Schule zur Verf\u00fcgung.<\/p>\n","protected":false},"excerpt":{"rendered":"<p>Allgemeine Infos zur Anmeldung f\u00fcr das Schuljahr 2026\/27 Termine: 22.04.2026 &#8211; 8-16 Uhr 23.04.2026 &#8211; 8-16 Uhr Die Anmeldung erfolgt vor Ort an der Oberschule Hilter oder digital.Am 25.06.2026 um 15 Uhr ist ein Kennlernnachmittag f\u00fcr die neuen f\u00fcnften Klassen geplant. Allgemeine Anmeldeinformationen Download Vorstellung der Oberschule Download Einladung zur Einschulungsfeier Download \u00a0 \u00a0 Formulare f\u00fcr die Anmeldung Allgemeiner Anmeldebogen Jhg. 5 Download Unterschriftenformular Download Lehrmittelausleihvertrag Jhg. 5 Download B\u00fccherlisten f\u00fcr die 5. Klassen Download F\u00fcr die Anmeldung ben\u00f6tigen wir&#8230;<\/p>\n<p class=\"read-more\"><a class=\"btn btn-default\" href=\"https:\/\/wordpress.nibis.de\/obshilter\/fuer-grundschulen\/\">Weiterlesen<span class=\"screen-reader-text\"> Weiterlesen<\/span><\/a><\/p>\n","protected":false},"author":9192668,"featured_media":0,"parent":0,"menu_order":0,"comment_status":"closed","ping_status":"closed","template":"","meta":{"_acf_changed":false,"footnotes":""},"class_list":["post-377","page","type-page","status-publish","hentry"],"acf":[],"_links":{"self":[{"href":"https:\/\/wordpress.nibis.de\/obshilter\/wp-json\/wp\/v2\/pages\/377","targetHints":{"allow":["GET"]}}],"collection":[{"href":"https:\/\/wordpress.nibis.de\/obshilter\/wp-json\/wp\/v2\/pages"}],"about":[{"href":"https:\/\/wordpress.nibis.de\/obshilter\/wp-json\/wp\/v2\/types\/page"}],"author":[{"embeddable":true,"href":"https:\/\/wordpress.nibis.de\/obshilter\/wp-json\/wp\/v2\/users\/9192668"}],"replies":[{"embeddable":true,"href":"https:\/\/wordpress.nibis.de\/obshilter\/wp-json\/wp\/v2\/comments?post=377"}],"version-history":[{"count":118,"href":"https:\/\/wordpress.nibis.de\/obshilter\/wp-json\/wp\/v2\/pages\/377\/revisions"}],"predecessor-version":[{"id":6617,"href":"https:\/\/wordpress.nibis.de\/obshilter\/wp-json\/wp\/v2\/pages\/377\/revisions\/6617"}],"wp:attachment":[{"href":"https:\/\/wordpress.nibis.de\/obshilter\/wp-json\/wp\/v2\/media?parent=377"}],"curies":[{"name":"wp","href":"https:\/\/api.w.org\/{rel}","templated":true}]}}

<figure class="wp-block-embed is-type-video is-provider-youtube wp-block-embed-youtube wp-embed-aspect-16-9 wp-has-aspect-ratio"><div class="wp-block-embed__wrapper">
<div class="epyt-video-wrapper"><iframe loading="lazy"  style="display: block; margin: 0px auto;"  id="_ytid_53800"  width="640" height="360"  data-origwidth="640" data-origheight="360"  data-relstop="1" src="https://www.youtube.com/embed/zPyA3f_L0Nw?enablejsapi=1&#038;autoplay=0&#038;cc_load_policy=0&#038;cc_lang_pref=&#038;iv_load_policy=3&#038;loop=0&#038;rel=0&#038;fs=1&#038;playsinline=1&#038;autohide=2&#038;theme=dark&#038;color=red&#038;controls=1&#038;disablekb=0&#038;" class="__youtube_prefs__  epyt-is-override  no-lazyload" title="YouTube player"  allow="fullscreen; accelerometer; autoplay; clipboard-write; encrypted-media; gyroscope; picture-in-picture; web-share" referrerpolicy="strict-origin-when-cross-origin" allowfullscreen data-no-lazy="1" data-skipgform_ajax_framebjll=""></iframe></div>
</div><figcaption class="wp-element-caption">Virtueller Rundgang durch die Oberschule Hilter</figcaption></figure>



<p></p>







<figure class="wp-block-table"><table class="has-fixed-layout"><tbody><tr><td class="has-text-align-center" data-align="center"><strong>Allgemeine Infos zur Anmeldung für das Schuljahr 2026/27</strong></td></tr></tbody></table></figure>



<figure class="wp-block-table"><table class="has-fixed-layout"><tbody><tr><td><strong>Termine: </strong><br>22.04.2026 &#8211; 8-16 Uhr <br>23.04.2026 &#8211; 8-16 Uhr <br>Die Anmeldung erfolgt vor Ort an der Oberschule Hilter oder digital.<br>Am 25.06.2026 um 15 Uhr ist ein <strong>Kennlernnachmittag</strong> für die neuen fünften Klassen geplant.</td></tr></tbody></table></figure>



<figure class="wp-block-table"><table class="has-fixed-layout"><tbody><tr><td class="has-text-align-center" data-align="center">Allgemeine Anmeldeinformationen</td><td class="has-text-align-center" data-align="center"><a href="https://wordpress.nibis.de/obshilter/files/2026/04/allg.-Elterninfo.pdf">Download</a></td></tr><tr><td class="has-text-align-center" data-align="center">Vorstellung der Oberschule </td><td class="has-text-align-center" data-align="center"><a href="https://wordpress.nibis.de/obshilter/files/2024/11/Vorstellung-Obs-2024-gekuerzt.pdf">Download</a></td></tr><tr><td class="has-text-align-center" data-align="center">Einladung zur Einschulungsfeier</td><td class="has-text-align-center" data-align="center"><a href="https://wordpress.nibis.de/obshilter/files/2026/04/Einschulungsfeier.pdf">Download</a></td></tr></tbody></table></figure>



<p> </p>
<p> </p>



<figure class="wp-block-table"><table class="has-fixed-layout"><tbody><tr><td class="has-text-align-center" data-align="center"><strong>Formulare für die Anmeldung</strong></td></tr></tbody></table></figure>



<figure class="wp-block-table"><table class="has-fixed-layout"><tbody><tr><td class="has-text-align-center" data-align="center">Allgemeiner Anmeldebogen Jhg. 5</td><td class="has-text-align-center" data-align="center"><a href="https://wordpress.nibis.de/obshilter/files/2026/02/Anmeldebogen-Jg.5.pdf">Download</a></td></tr><tr><td class="has-text-align-center" data-align="center">Unterschriftenformular</td><td class="has-text-align-center" data-align="center"><a href="https://wordpress.nibis.de/obshilter/files/2026/01/Unterschriftenformular-Jg-5.pdf">Download</a></td></tr><tr><td class="has-text-align-center" data-align="center">Lehrmittelausleihvertrag Jhg. 5</td><td class="has-text-align-center" data-align="center"><a href="https://wordpress.nibis.de/obshilter/files/2026/02/Ausleihvertrag-OBS-Hilter-2026-27.Jg_.5.pdf">Download</a></td></tr><tr><td class="has-text-align-center" data-align="center">Bücherlisten für die 5. Klassen</td><td class="has-text-align-center" data-align="center"><a href="https://wordpress.nibis.de/obshilter/files/2026/02/Schulbuecher-Jg.-5-pdf.pdf">Download</a></td></tr></tbody></table></figure>



<figure class="wp-block-table"><table class="has-fixed-layout"><tbody><tr><td><strong>Für die Anmeldung benötigen wir zudem folgende Unterlagen: </strong><br>&#8211; Impfnachweis (Kopie des Imfpasses &#8211; Masernschutzimpfung)<br>&#8211; Eine Kopie vom letzten Zeugnis <br>&#8211; Kopie der Geburtsurkunde<br>&#8211; ggf. Beratungsbogen der Grundschule<br>&#8211; ggf. Sorgerechtsbescheid<br><br></td></tr></tbody></table></figure>



<p> </p>
<p style="text-align: center">Bei Fragen stehen wir Ihnen gerne unter der Telefonnummer der Schule zur Verfügung.</p>

<p>Allgemeine Infos zur Anmeldung für das Schuljahr 2026/27 Termine: 22.04.2026 &#8211; 8-16 Uhr 23.04.2026 &#8211; 8-16 Uhr Die Anmeldung erfolgt vor Ort an der Oberschule Hilter oder digital.Am 25.06.2026 um 15 Uhr ist ein Kennlernnachmittag für die neuen fünften Klassen geplant. Allgemeine Anmeldeinformationen Download Vorstellung der Oberschule Download Einladung zur Einschulungsfeier Download     Formulare für die Anmeldung Allgemeiner Anmeldebogen Jhg. 5 Download Unterschriftenformular Download Lehrmittelausleihvertrag Jhg. 5 Download Bücherlisten für die 5. Klassen Download Für die Anmeldung benötigen wir&#8230;</p>
<p class="read-more"><a class="btn btn-default" href="https://wordpress.nibis.de/obshilter/fuer-grundschulen/">Weiterlesen<span class="screen-reader-text"> Weiterlesen</span></a></p>
