{"id":4475,"date":"2024-01-16T13:20:09","date_gmt":"2024-01-16T12:20:09","guid":{"rendered":"https:\/\/wordpress.nibis.de\/obshilter\/?page_id=4475"},"modified":"2024-01-16T13:28:13","modified_gmt":"2024-01-16T12:28:13","slug":"presse-archiv-23-24","status":"publish","type":"page","link":"https:\/\/wordpress.nibis.de\/obshilter\/pressespiegel\/presse-archiv-23-24\/","title":{"rendered":"Presse Archiv 23\/24"},"content":{"rendered":"\n<p><span class=\"headline-icon-wrapper\"><span class=\"meta-box__headline text-color__nero-100  w-900 \"> Sch\u00fcler der Oberschule Borgloh besuchen Techno-Club in Osnabr\u00fcck (15. September 2023) <\/span><\/span><\/p>\n<p><a href=\"_wp_link_placeholder\" data-wplink-edit=\"true\"><span class=\"headline-icon-wrapper\"><span class=\"meta-box__headline text-color__nero-100  w-900 \"> Sch\u00fcler der Oberschule Borgloh besuchen Techno-Club in Osnabr\u00fcck &#8211; noz.de <\/span><\/span><\/a><\/p>\n","protected":false},"excerpt":{"rendered":"<p>Sch\u00fcler der Oberschule Borgloh besuchen Techno-Club in Osnabr\u00fcck (15. September 2023) Sch\u00fcler der Oberschule Borgloh besuchen Techno-Club in Osnabr\u00fcck &#8211; noz.de<\/p>\n","protected":false},"author":9193215,"featured_media":0,"parent":389,"menu_order":0,"comment_status":"closed","ping_status":"closed","template":"","meta":{"_acf_changed":false,"footnotes":""},"class_list":["post-4475","page","type-page","status-publish","hentry"],"acf":[],"_links":{"self":[{"href":"https:\/\/wordpress.nibis.de\/obshilter\/wp-json\/wp\/v2\/pages\/4475","targetHints":{"allow":["GET"]}}],"collection":[{"href":"https:\/\/wordpress.nibis.de\/obshilter\/wp-json\/wp\/v2\/pages"}],"about":[{"href":"https:\/\/wordpress.nibis.de\/obshilter\/wp-json\/wp\/v2\/types\/page"}],"author":[{"embeddable":true,"href":"https:\/\/wordpress.nibis.de\/obshilter\/wp-json\/wp\/v2\/users\/9193215"}],"replies":[{"embeddable":true,"href":"https:\/\/wordpress.nibis.de\/obshilter\/wp-json\/wp\/v2\/comments?post=4475"}],"version-history":[{"count":4,"href":"https:\/\/wordpress.nibis.de\/obshilter\/wp-json\/wp\/v2\/pages\/4475\/revisions"}],"predecessor-version":[{"id":4484,"href":"https:\/\/wordpress.nibis.de\/obshilter\/wp-json\/wp\/v2\/pages\/4475\/revisions\/4484"}],"up":[{"embeddable":true,"href":"https:\/\/wordpress.nibis.de\/obshilter\/wp-json\/wp\/v2\/pages\/389"}],"wp:attachment":[{"href":"https:\/\/wordpress.nibis.de\/obshilter\/wp-json\/wp\/v2\/media?parent=4475"}],"curies":[{"name":"wp","href":"https:\/\/api.w.org\/{rel}","templated":true}]}}