{"id":4704,"date":"2024-04-16T13:40:33","date_gmt":"2024-04-16T11:40:33","guid":{"rendered":"https:\/\/wordpress.nibis.de\/obshilter\/?page_id=4704"},"modified":"2024-04-16T14:19:25","modified_gmt":"2024-04-16T12:19:25","slug":"kochbuch-backbuch","status":"publish","type":"page","link":"https:\/\/wordpress.nibis.de\/obshilter\/kochbuch-backbuch\/","title":{"rendered":"Internat. Koch- und Backbuch"},"content":{"rendered":"\n<p>Ein Kochbuch f\u00fcr die Oberschule Hilter \u2013 das war schon lange die Idee von Ludgera Sandmann, Lehrerin bei uns an der Oberschule. Als dieses Vorhaben  im Jahr 2022 dann von ihr umgesetzt wurde, enstand ein internationales Kochbuch mit \u00fcber 30 Rezepten, zusammengstellt mit Hilfe von unseren Sch\u00fcler*innen. <\/p>\n\n\n\n<p>Neben den internationalen Rezepten aus vierzehn verschiedenen L\u00e4ndern, hat auch jeder Sch\u00fcler*in eine kleine Geschichte \u00fcber sich erz\u00e4hlt, die dieses Buch so einzigartig machen. Teils heiter, teils besinnlich und immer mit Bildern aus dem jeweiligen Land abgerundet, ist so ein Buch entstanden, das Lust macht, die Rezepte nachzukochen und die Heimatl\u00e4nder der Kinder in die n\u00e4chste Urlaubsplanung mit zu \u00fcbernehmen.<\/p>\n\n\n\n<p>Bei der Preisverleihung f\u00fcr den Friedenswettbewerb im Rahmen des 375-j\u00e4hrigen Jubil\u00e4ums des Westf\u00e4lischen Friedens im Osnabr\u00fccker Rathaus wurde unser Kochbuch mit einem Sonderpreis ausgezeichnet (siehe Bild).<\/p>\n\n\n\n<figure class=\"wp-block-image size-large is-style-default\"><img decoding=\"async\" src=\"https:\/\/wordpress.nibis.de\/obshilter\/files\/2023\/06\/IMG_0354-1038x576.jpg\" alt=\"\" \/><\/figure>\n\n\n\n<figure class=\"wp-block-image size-large\"><img loading=\"lazy\" decoding=\"async\" width=\"1200\" height=\"675\" src=\"https:\/\/wordpress.nibis.de\/obshilter\/files\/2024\/04\/kochbhuch1-1200x675.jpg\" alt=\"\" class=\"wp-image-4718\" srcset=\"https:\/\/wordpress.nibis.de\/obshilter\/files\/2024\/04\/kochbhuch1-1200x675.jpg 1200w, https:\/\/wordpress.nibis.de\/obshilter\/files\/2024\/04\/kochbhuch1-850x478.jpg 850w, https:\/\/wordpress.nibis.de\/obshilter\/files\/2024\/04\/kochbhuch1-250x141.jpg 250w, https:\/\/wordpress.nibis.de\/obshilter\/files\/2024\/04\/kochbhuch1-478x270.jpg 478w\" sizes=\"auto, (max-width: 1200px) 100vw, 1200px\" \/><\/figure>\n\n\n\n<p>Nach dem gro\u00dfen Erfolg des Kochbuches wurde 2023 dann sogar ein internationales Backbuch herausgebracht. Dieses beinhaltet auch \u00fcber 30 Rezepte und ist \u00e4hnlich wie das Kochbuch gestaltet, sodass man darin jede Menge interessante Geschichten, Bilder und nat\u00fcrlich Rezepte findet.<\/p>\n\n\n\n<figure class=\"wp-block-image size-large\"><img loading=\"lazy\" decoding=\"async\" width=\"1200\" height=\"675\" src=\"https:\/\/wordpress.nibis.de\/obshilter\/files\/2024\/04\/kochbuch2-1200x675.jpg\" alt=\"\" class=\"wp-image-4719\" srcset=\"https:\/\/wordpress.nibis.de\/obshilter\/files\/2024\/04\/kochbuch2-1200x675.jpg 1200w, https:\/\/wordpress.nibis.de\/obshilter\/files\/2024\/04\/kochbuch2-850x478.jpg 850w, https:\/\/wordpress.nibis.de\/obshilter\/files\/2024\/04\/kochbuch2-250x141.jpg 250w, https:\/\/wordpress.nibis.de\/obshilter\/files\/2024\/04\/kochbuch2-482x270.jpg 482w\" sizes=\"auto, (max-width: 1200px) 100vw, 1200px\" \/><\/figure>\n\n\n\n<p>Beide B\u00fccher k\u00f6nnen in der Oberschule f\u00fcr 8\u20ac pro Buch erworben werden.<\/p>\n","protected":false},"excerpt":{"rendered":"<p>Ein Kochbuch f\u00fcr die Oberschule Hilter \u2013 das war schon lange die Idee von Ludgera Sandmann, Lehrerin bei uns an der Oberschule. Als dieses Vorhaben im Jahr 2022 dann von ihr umgesetzt wurde, enstand ein internationales Kochbuch mit \u00fcber 30 Rezepten, zusammengstellt mit Hilfe von unseren Sch\u00fcler*innen. Neben den internationalen Rezepten aus vierzehn verschiedenen L\u00e4ndern, hat auch jeder Sch\u00fcler*in eine kleine Geschichte \u00fcber sich erz\u00e4hlt, die dieses Buch so einzigartig machen. Teils heiter, teils besinnlich und immer mit Bildern aus&#8230;<\/p>\n<p class=\"read-more\"><a class=\"btn btn-default\" href=\"https:\/\/wordpress.nibis.de\/obshilter\/kochbuch-backbuch\/\">Weiterlesen<span class=\"screen-reader-text\"> Weiterlesen<\/span><\/a><\/p>\n","protected":false},"author":9192668,"featured_media":0,"parent":0,"menu_order":0,"comment_status":"closed","ping_status":"closed","template":"","meta":{"_acf_changed":false,"footnotes":""},"class_list":["post-4704","page","type-page","status-publish","hentry"],"acf":[],"_links":{"self":[{"href":"https:\/\/wordpress.nibis.de\/obshilter\/wp-json\/wp\/v2\/pages\/4704","targetHints":{"allow":["GET"]}}],"collection":[{"href":"https:\/\/wordpress.nibis.de\/obshilter\/wp-json\/wp\/v2\/pages"}],"about":[{"href":"https:\/\/wordpress.nibis.de\/obshilter\/wp-json\/wp\/v2\/types\/page"}],"author":[{"embeddable":true,"href":"https:\/\/wordpress.nibis.de\/obshilter\/wp-json\/wp\/v2\/users\/9192668"}],"replies":[{"embeddable":true,"href":"https:\/\/wordpress.nibis.de\/obshilter\/wp-json\/wp\/v2\/comments?post=4704"}],"version-history":[{"count":11,"href":"https:\/\/wordpress.nibis.de\/obshilter\/wp-json\/wp\/v2\/pages\/4704\/revisions"}],"predecessor-version":[{"id":4731,"href":"https:\/\/wordpress.nibis.de\/obshilter\/wp-json\/wp\/v2\/pages\/4704\/revisions\/4731"}],"wp:attachment":[{"href":"https:\/\/wordpress.nibis.de\/obshilter\/wp-json\/wp\/v2\/media?parent=4704"}],"curies":[{"name":"wp","href":"https:\/\/api.w.org\/{rel}","templated":true}]}}