{"id":113,"date":"2016-03-01T14:46:25","date_gmt":"2016-03-01T13:46:25","guid":{"rendered":"http:\/\/wordpress.nibis.de\/obslastrup\/?page_id=113"},"modified":"2017-03-31T10:06:08","modified_gmt":"2017-03-31T08:06:08","slug":"kontakt","status":"publish","type":"page","link":"https:\/\/wordpress.nibis.de\/obslastrup\/kontakt\/","title":{"rendered":"Kontakt"},"content":{"rendered":"<table style=\"width: 584px\">\n<tbody>\n<tr>\n<td style=\"width: 137px\"><strong>Anschrift:<\/strong><\/p>\n<p>&nbsp;<\/p>\n<p>&nbsp;<\/td>\n<td style=\"width: 427px\">Oberschule Lastrup<\/p>\n<p>St.-Elisabeth-Stra\u00dfe 5<\/p>\n<p>49688 Lastrup<\/td>\n<\/tr>\n<tr>\n<td style=\"width: 137px\"><strong>Parkm\u00f6glichkeit:<\/strong><\/td>\n<td style=\"width: 427px\">Wallstra\u00dfe 10, 49688 Lastrup<\/p>\n<p>(Parkplatz vor der Sporthalle &#8222;Wallstra\u00dfe&#8220;)<\/td>\n<\/tr>\n<tr>\n<td style=\"width: 137px\"><strong>Telefon:<\/strong><\/td>\n<td style=\"width: 427px\">0 44 72 \/ 68 78 8-0<\/td>\n<\/tr>\n<tr>\n<td style=\"width: 137px\"><strong>Telefax:<\/strong><\/td>\n<td style=\"width: 427px\">0 44 72 \/ 68 78 8-13<\/td>\n<\/tr>\n<tr>\n<td style=\"width: 137px\"><strong>E-Mail:<\/strong><\/td>\n<td style=\"width: 427px\">&#x6f;&#98;&#115;&#x40;&#x73;&#99;&#104;&#x75;&#x6c;&#122;&#101;&#x6e;&#x74;&#114;&#117;&#x6d;&#x2d;&#108;&#97;&#x73;&#x74;&#114;&#117;&#x70;&#x2e;&#100;&#101;<\/td>\n<\/tr>\n<\/tbody>\n<\/table>\n","protected":false},"excerpt":{"rendered":"<p>Anschrift: &nbsp; &nbsp; Oberschule Lastrup St.-Elisabeth-Stra\u00dfe 5 49688 Lastrup Parkm\u00f6glichkeit: Wallstra\u00dfe 10, 49688 Lastrup (Parkplatz vor der Sporthalle &#8222;Wallstra\u00dfe&#8220;) Telefon: 0 44 72 \/ 68 78 8-0 Telefax: 0 44 72 \/ 68 78 8-13 E-Mail: &#x6f;&#x62;&#x73;&#x40;&#x73;&#x63;&#x68;&#x75;&#x6c;&#x7a;&#x65;&#x6e;&#x74;&#x72;&#x75;&#x6d;&#x2d;&#x6c;&#x61;&#x73;&#x74;&#x72;&#x75;&#x70;&#x2e;&#x64;&#x65;<\/p>\n","protected":false},"author":980,"featured_media":0,"parent":0,"menu_order":0,"comment_status":"closed","ping_status":"closed","template":"sidebar-page.php","meta":{"footnotes":""},"class_list":["post-113","page","type-page","status-publish","hentry"],"_links":{"self":[{"href":"https:\/\/wordpress.nibis.de\/obslastrup\/wp-json\/wp\/v2\/pages\/113","targetHints":{"allow":["GET"]}}],"collection":[{"href":"https:\/\/wordpress.nibis.de\/obslastrup\/wp-json\/wp\/v2\/pages"}],"about":[{"href":"https:\/\/wordpress.nibis.de\/obslastrup\/wp-json\/wp\/v2\/types\/page"}],"author":[{"embeddable":true,"href":"https:\/\/wordpress.nibis.de\/obslastrup\/wp-json\/wp\/v2\/users\/980"}],"replies":[{"embeddable":true,"href":"https:\/\/wordpress.nibis.de\/obslastrup\/wp-json\/wp\/v2\/comments?post=113"}],"version-history":[{"count":4,"href":"https:\/\/wordpress.nibis.de\/obslastrup\/wp-json\/wp\/v2\/pages\/113\/revisions"}],"predecessor-version":[{"id":853,"href":"https:\/\/wordpress.nibis.de\/obslastrup\/wp-json\/wp\/v2\/pages\/113\/revisions\/853"}],"wp:attachment":[{"href":"https:\/\/wordpress.nibis.de\/obslastrup\/wp-json\/wp\/v2\/media?parent=113"}],"curies":[{"name":"wp","href":"https:\/\/api.w.org\/{rel}","templated":true}]}}