{"id":129,"date":"2016-03-01T15:02:30","date_gmt":"2016-03-01T14:02:30","guid":{"rendered":"http:\/\/wordpress.nibis.de\/obslastrup\/?page_id=129"},"modified":"2024-04-04T10:48:31","modified_gmt":"2024-04-04T08:48:31","slug":"sekretariathausmeister","status":"publish","type":"page","link":"https:\/\/wordpress.nibis.de\/obslastrup\/sekretariathausmeister\/","title":{"rendered":"Sekretariat \/ Hausmeister"},"content":{"rendered":"<p><img loading=\"lazy\" decoding=\"async\" class=\"size-full wp-image-130 aligncenter\" src=\"http:\/\/wordpress.nibis.de\/obslastrup\/files\/2016\/03\/Marion.jpg\" alt=\"\" width=\"448\" height=\"336\" srcset=\"https:\/\/wordpress.nibis.de\/obslastrup\/files\/2016\/03\/Marion.jpg 448w, https:\/\/wordpress.nibis.de\/obslastrup\/files\/2016\/03\/Marion-300x225.jpg 300w, https:\/\/wordpress.nibis.de\/obslastrup\/files\/2016\/03\/Marion-400x300.jpg 400w\" sizes=\"auto, (max-width: 448px) 100vw, 448px\" \/><\/p>\n<p style=\"text-align: center\">Schulsekret\u00e4rin Marion Niemann<\/p>\n<p style=\"text-align: center\"><strong>Aufgabenbereiche:<\/strong><\/p>\n<p style=\"text-align: center\">Sch\u00fclerverwaltung<\/p>\n<p style=\"text-align: center\">Sachbearbeitung in Sch\u00fclerangelegenheiten<\/p>\n<p style=\"text-align: center\">Rechnungsf\u00fchrung<\/p>\n<p style=\"text-align: center\">Sonstige Organisations- und Verwaltungsaufgaben<\/p>\n<p style=\"text-align: center\"><\/p>\n\n\n<div class=\"wp-block-image\"><figure class=\"aligncenter size-full is-resized\"><img loading=\"lazy\" decoding=\"async\" src=\"https:\/\/wordpress.nibis.de\/obslastrup\/files\/2024\/04\/Hendrik-Boeckmann-2024-HP-e1712220079934.jpg\" alt=\"\" class=\"wp-image-2821\" width=\"281\" height=\"279\" \/><\/figure><\/div>\n\n\n\n<p class=\"has-text-align-center\">Hausmeister Hendrik B\u00f6ckmann<\/p>\n\n\n\n<p class=\"has-text-align-center\"><strong>Aufgabenbereiche:<\/strong><\/p>\n\n\n\n<p class=\"has-text-align-center\">Instandhaltung Schulgeb\u00e4ude, Sporthallen und Schulhof<\/p>\n\n\n\n<p class=\"has-text-align-center\">Reinigung und Pflege Schulgeb\u00e4ude, Sporthallen und Schulhof<\/p>\n\n\n\n<p class=\"has-text-align-center\">Betreuung Handwerker und Reinigungskr\u00e4fte<\/p>\n\n\n","protected":false},"excerpt":{"rendered":"<p>Schulsekret\u00e4rin Marion Niemann Aufgabenbereiche: Sch\u00fclerverwaltung Sachbearbeitung in Sch\u00fclerangelegenheiten Rechnungsf\u00fchrung Sonstige Organisations- und Verwaltungsaufgaben Hausmeister Hendrik B\u00f6ckmann Aufgabenbereiche: Instandhaltung Schulgeb\u00e4ude, Sporthallen und Schulhof Reinigung und Pflege Schulgeb\u00e4ude, Sporthallen und Schulhof Betreuung Handwerker und Reinigungskr\u00e4fte<\/p>\n","protected":false},"author":980,"featured_media":0,"parent":0,"menu_order":0,"comment_status":"closed","ping_status":"closed","template":"sidebar-page.php","meta":{"footnotes":""},"class_list":["post-129","page","type-page","status-publish","hentry"],"_links":{"self":[{"href":"https:\/\/wordpress.nibis.de\/obslastrup\/wp-json\/wp\/v2\/pages\/129","targetHints":{"allow":["GET"]}}],"collection":[{"href":"https:\/\/wordpress.nibis.de\/obslastrup\/wp-json\/wp\/v2\/pages"}],"about":[{"href":"https:\/\/wordpress.nibis.de\/obslastrup\/wp-json\/wp\/v2\/types\/page"}],"author":[{"embeddable":true,"href":"https:\/\/wordpress.nibis.de\/obslastrup\/wp-json\/wp\/v2\/users\/980"}],"replies":[{"embeddable":true,"href":"https:\/\/wordpress.nibis.de\/obslastrup\/wp-json\/wp\/v2\/comments?post=129"}],"version-history":[{"count":8,"href":"https:\/\/wordpress.nibis.de\/obslastrup\/wp-json\/wp\/v2\/pages\/129\/revisions"}],"predecessor-version":[{"id":2824,"href":"https:\/\/wordpress.nibis.de\/obslastrup\/wp-json\/wp\/v2\/pages\/129\/revisions\/2824"}],"wp:attachment":[{"href":"https:\/\/wordpress.nibis.de\/obslastrup\/wp-json\/wp\/v2\/media?parent=129"}],"curies":[{"name":"wp","href":"https:\/\/api.w.org\/{rel}","templated":true}]}}