{"id":1766,"date":"2020-03-05T13:36:36","date_gmt":"2020-03-05T12:36:36","guid":{"rendered":"https:\/\/wordpress.nibis.de\/obslastrup\/?page_id=1766"},"modified":"2023-06-02T08:43:13","modified_gmt":"2023-06-02T06:43:13","slug":"schulsozialarbeit-2","status":"publish","type":"page","link":"https:\/\/wordpress.nibis.de\/obslastrup\/schulsozialarbeit-2\/","title":{"rendered":"Schulsozialarbeit"},"content":{"rendered":"\n<div class=\"wp-block-image\"><figure class=\"aligncenter\"><img loading=\"lazy\" decoding=\"async\" width=\"800\" height=\"472\" src=\"https:\/\/wordpress.nibis.de\/obslastrup\/files\/2020\/03\/DSC4326-e1583411113903-800x472.jpg\" alt=\"\" class=\"wp-image-1767\" srcset=\"https:\/\/wordpress.nibis.de\/obslastrup\/files\/2020\/03\/DSC4326-e1583411113903-800x472.jpg 800w, https:\/\/wordpress.nibis.de\/obslastrup\/files\/2020\/03\/DSC4326-e1583411113903-300x177.jpg 300w, https:\/\/wordpress.nibis.de\/obslastrup\/files\/2020\/03\/DSC4326-e1583411113903-500x295.jpg 500w\" sizes=\"auto, (max-width: 800px) 100vw, 800px\" \/><figcaption>Gespr\u00e4ch mit dem Schulsozialarbeiter Herrn Obuch<\/figcaption><\/figure><\/div>\n\n\n\n<p>Die Schulsozialarbeit ist ein Angebot der Jugendhilfe, bei dem sozialp\u00e4dagogische Fachkr\u00e4fte kontinuierlich am Ort Schule t\u00e4tig sind und mit Lehrkr\u00e4ften auf einer verbindlich vereinbarten und gleichberechtigten Basis zusammenarbeiten, um junge Menschen in ihrer individuellen, sozialen, schulischen und beruflichen Entwicklung zu f\u00f6rdern. Sie tr\u00e4gt dazu bei, Bildungsbenachteiligungen zu vermeiden und abzubauen, Erziehungsberechtigte und Lehrkr\u00e4fte bei der Erziehung und dem erzieherischen Kinder- und Jugendschutz zu beraten und zu unterst\u00fctzen sowie zu einer sch\u00fclerfreundlichen Umwelt beizutragen. <\/p>\n\n\n\n<div class=\"wp-block-image\"><figure class=\"aligncenter\"><img loading=\"lazy\" decoding=\"async\" width=\"800\" height=\"518\" src=\"https:\/\/wordpress.nibis.de\/obslastrup\/files\/2020\/03\/DSC3973-e1583411600119-800x518.jpg\" alt=\"\" class=\"wp-image-1769\" srcset=\"https:\/\/wordpress.nibis.de\/obslastrup\/files\/2020\/03\/DSC3973-e1583411600119-800x518.jpg 800w, https:\/\/wordpress.nibis.de\/obslastrup\/files\/2020\/03\/DSC3973-e1583411600119-300x194.jpg 300w, https:\/\/wordpress.nibis.de\/obslastrup\/files\/2020\/03\/DSC3973-e1583411600119-463x300.jpg 463w\" sizes=\"auto, (max-width: 800px) 100vw, 800px\" \/><figcaption>&#8222;Nur als Team zu schaffen&#8220;<\/figcaption><\/figure><\/div>\n\n\n\n<p>Ein weiterer Schwerpunkt der Schulsozialarbeit liegt in der Unterst\u00fctzung der Sch\u00fclerinnen und Sch\u00fcler beim Treffen einer qualifizierten Berufswahl. Eine effektive und nachhaltige sozialp\u00e4dagogische Begleitung ist die Voraussetzung f\u00fcr eine gute Vorbereitung auf die Berufswelt. Die meisten Sch\u00fclerinnen und Sch\u00fcler haben noch keine konkrete Vorstellung, wohin ihre pers\u00f6nliche Berufswahl gehen soll. Dabei ist der richtige Beruf eine wichtige Grundlage f\u00fcr finanzielle Sicherheit, Zufriedenheit und Lebensgl\u00fcck. Hier setzt die Schulsozialarbeit an und engagiert sich im Bereich der Berufsorientierung z. B. durch die Organisation von Betriebserkundungen oder durch Ma\u00dfnahmen mit au\u00dferschulischen Partnern. Daneben ist festzustellen, dass eine Reihe von Sch\u00fclerinnen und Sch\u00fclern eine erg\u00e4nzende F\u00f6rderung bei ihrer Pers\u00f6nlichkeitsentwicklung ben\u00f6tigen, um den Anforderungen auf dem Ausbildungsmarkt gerecht werden zu k\u00f6nnen. Hier sind neben den fachlichen Kenntnissen u. a. Punkte wie Kommunikationsf\u00e4higkeit, Teamf\u00e4higkeit, Zuverl\u00e4ssigkeit, Reflexionsf\u00e4higkeit und Konfliktf\u00e4higkeit zu nennen. Auch hier wird die Schulsozialarbeit t\u00e4tig.<\/p>\n\n\n\n<div class=\"wp-block-image\"><figure class=\"aligncenter\"><img loading=\"lazy\" decoding=\"async\" width=\"800\" height=\"506\" src=\"https:\/\/wordpress.nibis.de\/obslastrup\/files\/2020\/03\/DSC4060-e1583411706832-800x506.jpg\" alt=\"\" class=\"wp-image-1770\" srcset=\"https:\/\/wordpress.nibis.de\/obslastrup\/files\/2020\/03\/DSC4060-e1583411706832-800x506.jpg 800w, https:\/\/wordpress.nibis.de\/obslastrup\/files\/2020\/03\/DSC4060-e1583411706832-300x190.jpg 300w, https:\/\/wordpress.nibis.de\/obslastrup\/files\/2020\/03\/DSC4060-e1583411706832-474x300.jpg 474w\" sizes=\"auto, (max-width: 800px) 100vw, 800px\" \/><figcaption>&#8222;Gemeinsam sind wir stark!&#8220;<\/figcaption><\/figure><\/div>\n\n\n\n<p>Herr Obuch ist unter folgender Telefonnummer erreichbar:<\/p>\n<p>0 44 72 \/ 6 87 88 &#8211; 16\u00a0<\/p>\n<p>Oder \u00fcber das Sekretariat:<\/p>\n<p>0 44 72 \/ 6 87 88 &#8211; 0\u00a0<\/p>\n","protected":false},"excerpt":{"rendered":"<p>Die Schulsozialarbeit ist ein Angebot der Jugendhilfe, bei dem sozialp\u00e4dagogische Fachkr\u00e4fte kontinuierlich am Ort Schule t\u00e4tig sind und mit Lehrkr\u00e4ften auf einer verbindlich vereinbarten und gleichberechtigten Basis zusammenarbeiten, um junge Menschen in ihrer individuellen, sozialen, schulischen und beruflichen Entwicklung zu &hellip; <a href=\"https:\/\/wordpress.nibis.de\/obslastrup\/schulsozialarbeit-2\/\">Weiterlesen <span class=\"meta-nav\">&rarr;<\/span><\/a><\/p>\n","protected":false},"author":980,"featured_media":0,"parent":0,"menu_order":0,"comment_status":"closed","ping_status":"closed","template":"sidebar-page.php","meta":{"footnotes":""},"class_list":["post-1766","page","type-page","status-publish","hentry"],"_links":{"self":[{"href":"https:\/\/wordpress.nibis.de\/obslastrup\/wp-json\/wp\/v2\/pages\/1766","targetHints":{"allow":["GET"]}}],"collection":[{"href":"https:\/\/wordpress.nibis.de\/obslastrup\/wp-json\/wp\/v2\/pages"}],"about":[{"href":"https:\/\/wordpress.nibis.de\/obslastrup\/wp-json\/wp\/v2\/types\/page"}],"author":[{"embeddable":true,"href":"https:\/\/wordpress.nibis.de\/obslastrup\/wp-json\/wp\/v2\/users\/980"}],"replies":[{"embeddable":true,"href":"https:\/\/wordpress.nibis.de\/obslastrup\/wp-json\/wp\/v2\/comments?post=1766"}],"version-history":[{"count":4,"href":"https:\/\/wordpress.nibis.de\/obslastrup\/wp-json\/wp\/v2\/pages\/1766\/revisions"}],"predecessor-version":[{"id":2593,"href":"https:\/\/wordpress.nibis.de\/obslastrup\/wp-json\/wp\/v2\/pages\/1766\/revisions\/2593"}],"wp:attachment":[{"href":"https:\/\/wordpress.nibis.de\/obslastrup\/wp-json\/wp\/v2\/media?parent=1766"}],"curies":[{"name":"wp","href":"https:\/\/api.w.org\/{rel}","templated":true}]}}