{"id":1791,"date":"2020-03-06T13:44:22","date_gmt":"2020-03-06T12:44:22","guid":{"rendered":"https:\/\/wordpress.nibis.de\/obslastrup\/?page_id=1791"},"modified":"2025-05-19T09:41:13","modified_gmt":"2025-05-19T07:41:13","slug":"schulhof","status":"publish","type":"page","link":"https:\/\/wordpress.nibis.de\/obslastrup\/schulhof\/","title":{"rendered":"Schulhof"},"content":{"rendered":"\n<div class=\"wp-block-image\"><figure class=\"aligncenter size-full\"><img loading=\"lazy\" decoding=\"async\" width=\"1185\" height=\"667\" src=\"https:\/\/wordpress.nibis.de\/obslastrup\/files\/2025\/05\/Schaukel-2025-HP.jpg\" alt=\"\" class=\"wp-image-3129\" srcset=\"https:\/\/wordpress.nibis.de\/obslastrup\/files\/2025\/05\/Schaukel-2025-HP.jpg 1185w, https:\/\/wordpress.nibis.de\/obslastrup\/files\/2025\/05\/Schaukel-2025-HP-850x478.jpg 850w, https:\/\/wordpress.nibis.de\/obslastrup\/files\/2025\/05\/Schaukel-2025-HP-250x141.jpg 250w, https:\/\/wordpress.nibis.de\/obslastrup\/files\/2025\/05\/Schaukel-2025-HP-500x281.jpg 500w\" sizes=\"auto, (max-width: 1185px) 100vw, 1185px\" \/><figcaption>Eine der beiden Nestschaukeln<\/figcaption><\/figure><\/div>\n\n\n\n<p class=\"has-text-align-center\">Die Oberschule Lastrup verf\u00fcgt \u00fcber einen gro\u00dfr\u00e4umigen und erlebnisreichen Schulhof, der 2020 komplett erneuert wurde. Neben den drei Kunstrasenpl\u00e4tzen stehen den Sch\u00fclerinnen und Sch\u00fclern ein Kletterger\u00fcst, eine Kletterwand, eine Seilbahn, Turnstangen, verschiedene Schaukeln sowie Tischtennisplatten, ein Volleyball-\/V\u00f6lkerballfeld und ein Basketballkorb zum Spielen und Austoben zur Verf\u00fcgung. Dar\u00fcber hinaus gibt es auf dem Schulhof verteilt jede Menge Sitzm\u00f6glichkeiten zum Treffen, Ausruhen und Quatschen. Au\u00dferdem befindet sich direkt neben dem Schulhof eine Skateranlage, die erfahrenen Skatern bei Bedarf zur Verf\u00fcgung steht. <\/p>\n\n\n\n<div class=\"wp-block-image\"><figure class=\"aligncenter size-full\"><img loading=\"lazy\" decoding=\"async\" width=\"1185\" height=\"667\" src=\"https:\/\/wordpress.nibis.de\/obslastrup\/files\/2025\/05\/Klettergeruest-2025-HP.jpg\" alt=\"\" class=\"wp-image-3127\" srcset=\"https:\/\/wordpress.nibis.de\/obslastrup\/files\/2025\/05\/Klettergeruest-2025-HP.jpg 1185w, https:\/\/wordpress.nibis.de\/obslastrup\/files\/2025\/05\/Klettergeruest-2025-HP-850x478.jpg 850w, https:\/\/wordpress.nibis.de\/obslastrup\/files\/2025\/05\/Klettergeruest-2025-HP-250x141.jpg 250w, https:\/\/wordpress.nibis.de\/obslastrup\/files\/2025\/05\/Klettergeruest-2025-HP-500x281.jpg 500w\" sizes=\"auto, (max-width: 1185px) 100vw, 1185px\" \/><figcaption>Kletterger\u00fcst<\/figcaption><\/figure><\/div>\n\n\n\n<div class=\"wp-block-image\"><figure class=\"aligncenter size-large\"><img loading=\"lazy\" decoding=\"async\" width=\"1185\" height=\"675\" src=\"https:\/\/wordpress.nibis.de\/obslastrup\/files\/2025\/05\/Klettergeruest2-2025-HP-1185x675.jpg\" alt=\"\" class=\"wp-image-3126\" srcset=\"https:\/\/wordpress.nibis.de\/obslastrup\/files\/2025\/05\/Klettergeruest2-2025-HP-1185x675.jpg 1185w, https:\/\/wordpress.nibis.de\/obslastrup\/files\/2025\/05\/Klettergeruest2-2025-HP-250x141.jpg 250w\" sizes=\"auto, (max-width: 1185px) 100vw, 1185px\" \/><figcaption>Kletterger\u00fcst<\/figcaption><\/figure><\/div>\n\n\n\n<div class=\"wp-block-image\"><figure class=\"aligncenter size-full\"><img loading=\"lazy\" decoding=\"async\" width=\"1185\" height=\"667\" src=\"https:\/\/wordpress.nibis.de\/obslastrup\/files\/2025\/05\/Riesenschaukel-2025-HP.jpg\" alt=\"\" class=\"wp-image-3139\" srcset=\"https:\/\/wordpress.nibis.de\/obslastrup\/files\/2025\/05\/Riesenschaukel-2025-HP.jpg 1185w, https:\/\/wordpress.nibis.de\/obslastrup\/files\/2025\/05\/Riesenschaukel-2025-HP-850x478.jpg 850w, https:\/\/wordpress.nibis.de\/obslastrup\/files\/2025\/05\/Riesenschaukel-2025-HP-250x141.jpg 250w, https:\/\/wordpress.nibis.de\/obslastrup\/files\/2025\/05\/Riesenschaukel-2025-HP-500x281.jpg 500w\" sizes=\"auto, (max-width: 1185px) 100vw, 1185px\" \/><figcaption>Riesenschaukel<\/figcaption><\/figure><\/div>\n\n\n\n<div class=\"wp-block-image\"><figure class=\"aligncenter size-full\"><img loading=\"lazy\" decoding=\"async\" width=\"1185\" height=\"667\" src=\"https:\/\/wordpress.nibis.de\/obslastrup\/files\/2025\/05\/Seilbahn-2025-HP.jpg\" alt=\"\" class=\"wp-image-3140\" srcset=\"https:\/\/wordpress.nibis.de\/obslastrup\/files\/2025\/05\/Seilbahn-2025-HP.jpg 1185w, https:\/\/wordpress.nibis.de\/obslastrup\/files\/2025\/05\/Seilbahn-2025-HP-850x478.jpg 850w, https:\/\/wordpress.nibis.de\/obslastrup\/files\/2025\/05\/Seilbahn-2025-HP-250x141.jpg 250w, https:\/\/wordpress.nibis.de\/obslastrup\/files\/2025\/05\/Seilbahn-2025-HP-500x281.jpg 500w\" sizes=\"auto, (max-width: 1185px) 100vw, 1185px\" \/><figcaption>Seilbahn<\/figcaption><\/figure><\/div>\n\n\n\n<div class=\"wp-block-image\"><figure class=\"aligncenter size-full\"><img loading=\"lazy\" decoding=\"async\" width=\"1185\" height=\"667\" src=\"https:\/\/wordpress.nibis.de\/obslastrup\/files\/2025\/05\/Kletterwand-2025-HP.jpg\" alt=\"\" class=\"wp-image-3128\" srcset=\"https:\/\/wordpress.nibis.de\/obslastrup\/files\/2025\/05\/Kletterwand-2025-HP.jpg 1185w, https:\/\/wordpress.nibis.de\/obslastrup\/files\/2025\/05\/Kletterwand-2025-HP-850x478.jpg 850w, https:\/\/wordpress.nibis.de\/obslastrup\/files\/2025\/05\/Kletterwand-2025-HP-250x141.jpg 250w, https:\/\/wordpress.nibis.de\/obslastrup\/files\/2025\/05\/Kletterwand-2025-HP-500x281.jpg 500w\" sizes=\"auto, (max-width: 1185px) 100vw, 1185px\" \/><figcaption>Kletterwand<\/figcaption><\/figure><\/div>\n\n\n\n<div class=\"wp-block-image\"><figure class=\"aligncenter size-full is-resized\"><img loading=\"lazy\" decoding=\"async\" src=\"https:\/\/wordpress.nibis.de\/obslastrup\/files\/2025\/05\/Sitzliege-2025-HP.jpg\" alt=\"\" class=\"wp-image-3138\" width=\"614\" height=\"345\" srcset=\"https:\/\/wordpress.nibis.de\/obslastrup\/files\/2025\/05\/Sitzliege-2025-HP.jpg 1185w, https:\/\/wordpress.nibis.de\/obslastrup\/files\/2025\/05\/Sitzliege-2025-HP-850x478.jpg 850w, https:\/\/wordpress.nibis.de\/obslastrup\/files\/2025\/05\/Sitzliege-2025-HP-250x141.jpg 250w, https:\/\/wordpress.nibis.de\/obslastrup\/files\/2025\/05\/Sitzliege-2025-HP-500x281.jpg 500w\" sizes=\"auto, (max-width: 614px) 100vw, 614px\" \/><figcaption>Liegeb\u00e4nke<\/figcaption><\/figure><\/div>\n\n\n\n<div class=\"wp-block-image\"><figure class=\"aligncenter size-full\"><img loading=\"lazy\" decoding=\"async\" width=\"1185\" height=\"667\" src=\"https:\/\/wordpress.nibis.de\/obslastrup\/files\/2025\/05\/Luftaufnahme-2025-HP.jpg\" alt=\"\" class=\"wp-image-3130\" srcset=\"https:\/\/wordpress.nibis.de\/obslastrup\/files\/2025\/05\/Luftaufnahme-2025-HP.jpg 1185w, https:\/\/wordpress.nibis.de\/obslastrup\/files\/2025\/05\/Luftaufnahme-2025-HP-850x478.jpg 850w, https:\/\/wordpress.nibis.de\/obslastrup\/files\/2025\/05\/Luftaufnahme-2025-HP-250x141.jpg 250w, https:\/\/wordpress.nibis.de\/obslastrup\/files\/2025\/05\/Luftaufnahme-2025-HP-500x281.jpg 500w\" sizes=\"auto, (max-width: 1185px) 100vw, 1185px\" \/><figcaption>Luftaufnahme 2025<\/figcaption><\/figure><\/div>\n\n\n\n<div class=\"wp-block-image\"><figure class=\"aligncenter size-full\"><img loading=\"lazy\" decoding=\"async\" width=\"1185\" height=\"667\" src=\"https:\/\/wordpress.nibis.de\/obslastrup\/files\/2025\/05\/Fussballplatz-2025-HP.jpg\" alt=\"\" class=\"wp-image-3136\" srcset=\"https:\/\/wordpress.nibis.de\/obslastrup\/files\/2025\/05\/Fussballplatz-2025-HP.jpg 1185w, https:\/\/wordpress.nibis.de\/obslastrup\/files\/2025\/05\/Fussballplatz-2025-HP-850x478.jpg 850w, https:\/\/wordpress.nibis.de\/obslastrup\/files\/2025\/05\/Fussballplatz-2025-HP-250x141.jpg 250w, https:\/\/wordpress.nibis.de\/obslastrup\/files\/2025\/05\/Fussballplatz-2025-HP-500x281.jpg 500w\" sizes=\"auto, (max-width: 1185px) 100vw, 1185px\" \/><figcaption>Kunstrasenpl\u00e4tze<\/figcaption><\/figure><\/div>\n\n\n\n<div class=\"wp-block-image\"><figure class=\"aligncenter size-full\"><img loading=\"lazy\" decoding=\"async\" width=\"1185\" height=\"667\" src=\"https:\/\/wordpress.nibis.de\/obslastrup\/files\/2025\/05\/Basketball-2025-HP.jpg\" alt=\"\" class=\"wp-image-3137\" srcset=\"https:\/\/wordpress.nibis.de\/obslastrup\/files\/2025\/05\/Basketball-2025-HP.jpg 1185w, https:\/\/wordpress.nibis.de\/obslastrup\/files\/2025\/05\/Basketball-2025-HP-850x478.jpg 850w, https:\/\/wordpress.nibis.de\/obslastrup\/files\/2025\/05\/Basketball-2025-HP-250x141.jpg 250w, https:\/\/wordpress.nibis.de\/obslastrup\/files\/2025\/05\/Basketball-2025-HP-500x281.jpg 500w\" sizes=\"auto, (max-width: 1185px) 100vw, 1185px\" \/><figcaption>Basketballplatz<\/figcaption><\/figure><\/div>\n\n\n\n<div class=\"wp-block-image\"><figure class=\"aligncenter size-full is-resized\"><img loading=\"lazy\" decoding=\"async\" src=\"https:\/\/wordpress.nibis.de\/obslastrup\/files\/2025\/05\/Tischtenisplatten-2025-HP.jpg\" alt=\"\" class=\"wp-image-3135\" width=\"614\" height=\"345\" srcset=\"https:\/\/wordpress.nibis.de\/obslastrup\/files\/2025\/05\/Tischtenisplatten-2025-HP.jpg 1185w, https:\/\/wordpress.nibis.de\/obslastrup\/files\/2025\/05\/Tischtenisplatten-2025-HP-850x478.jpg 850w, https:\/\/wordpress.nibis.de\/obslastrup\/files\/2025\/05\/Tischtenisplatten-2025-HP-250x141.jpg 250w, https:\/\/wordpress.nibis.de\/obslastrup\/files\/2025\/05\/Tischtenisplatten-2025-HP-500x281.jpg 500w\" sizes=\"auto, (max-width: 614px) 100vw, 614px\" \/><figcaption>Tischtennisplatten<\/figcaption><\/figure><\/div>\n","protected":false},"excerpt":{"rendered":"<p>Die Oberschule Lastrup verf\u00fcgt \u00fcber einen gro\u00dfr\u00e4umigen und erlebnisreichen Schulhof, der 2020 komplett erneuert wurde. Neben den drei Kunstrasenpl\u00e4tzen stehen den Sch\u00fclerinnen und Sch\u00fclern ein Kletterger\u00fcst, eine Kletterwand, eine Seilbahn, Turnstangen, verschiedene Schaukeln sowie Tischtennisplatten, ein Volleyball-\/V\u00f6lkerballfeld und ein Basketballkorb &hellip; <a href=\"https:\/\/wordpress.nibis.de\/obslastrup\/schulhof\/\">Weiterlesen <span class=\"meta-nav\">&rarr;<\/span><\/a><\/p>\n","protected":false},"author":980,"featured_media":0,"parent":0,"menu_order":0,"comment_status":"closed","ping_status":"closed","template":"sidebar-page.php","meta":{"footnotes":""},"class_list":["post-1791","page","type-page","status-publish","hentry"],"_links":{"self":[{"href":"https:\/\/wordpress.nibis.de\/obslastrup\/wp-json\/wp\/v2\/pages\/1791","targetHints":{"allow":["GET"]}}],"collection":[{"href":"https:\/\/wordpress.nibis.de\/obslastrup\/wp-json\/wp\/v2\/pages"}],"about":[{"href":"https:\/\/wordpress.nibis.de\/obslastrup\/wp-json\/wp\/v2\/types\/page"}],"author":[{"embeddable":true,"href":"https:\/\/wordpress.nibis.de\/obslastrup\/wp-json\/wp\/v2\/users\/980"}],"replies":[{"embeddable":true,"href":"https:\/\/wordpress.nibis.de\/obslastrup\/wp-json\/wp\/v2\/comments?post=1791"}],"version-history":[{"count":11,"href":"https:\/\/wordpress.nibis.de\/obslastrup\/wp-json\/wp\/v2\/pages\/1791\/revisions"}],"predecessor-version":[{"id":3142,"href":"https:\/\/wordpress.nibis.de\/obslastrup\/wp-json\/wp\/v2\/pages\/1791\/revisions\/3142"}],"wp:attachment":[{"href":"https:\/\/wordpress.nibis.de\/obslastrup\/wp-json\/wp\/v2\/media?parent=1791"}],"curies":[{"name":"wp","href":"https:\/\/api.w.org\/{rel}","templated":true}]}}