{"id":834,"date":"2017-03-30T16:08:45","date_gmt":"2017-03-30T14:08:45","guid":{"rendered":"http:\/\/wordpress.nibis.de\/obslastrup\/?page_id=834"},"modified":"2017-03-30T16:20:04","modified_gmt":"2017-03-30T14:20:04","slug":"abschluesse","status":"publish","type":"page","link":"https:\/\/wordpress.nibis.de\/obslastrup\/abschluesse\/","title":{"rendered":"Abschl\u00fcsse"},"content":{"rendered":"<h1><span style=\"color: #000000\"><strong>Folgende Abschl\u00fcsse k\u00f6nnen an der Oberschule erreicht werden:<\/strong><\/span><\/h1>\n<p><strong><u>Nach Klasse 9:<\/u><\/strong><\/p>\n<ul>\n<li>Hauptschulabschluss<\/li>\n<\/ul>\n<p><strong><u>Nach Klasse 10:<\/u><\/strong><\/p>\n<ul>\n<li>Sekundarabschluss I \u2013 Hauptschulabschluss<\/li>\n<li>Sekundarabschluss I \u2013 Realschulabschluss<\/li>\n<li>Erweiterter Sekundarabschluss I<\/li>\n<li>Hauptschulabschluss<\/li>\n<\/ul>\n<p>&nbsp;<\/p>\n<p><span style=\"color: #000000\"><strong>Abschlussvoraussetzungen:<\/strong><\/span><\/p>\n<p><strong>F\u00fcr alle Abschl\u00fcsse gilt (\u00a71 Abs. 3):<\/strong><\/p>\n<ul>\n<li>Voraussetzungen der Abschl\u00fcsse m\u00fcssen erf\u00fcllt sein<\/li>\n<li>In nicht mehr als einem Fach der Abschlusspr\u00fcfung eine schlechtere Note als 4<\/li>\n<\/ul>\n<p>&nbsp;<\/p>\n<p><strong><u>Nach Klasse 9:<\/u><\/strong><\/p>\n<p><strong>Hauptschulabschluss (\u00a716)<\/strong><\/p>\n<p><u>Voraussetzungen:<\/u><\/p>\n<ul>\n<li>Alle F\u00e4cher mind. 4<\/li>\n<li>5 bzw. 6 in Franz\u00f6sisch bleibt unber\u00fccksichtigt<\/li>\n<\/ul>\n<p>&nbsp;<\/p>\n<p><strong><u>Nach Klasse 10:<\/u><\/strong><\/p>\n<p><strong>Hauptschulabschluss (\u00a716, Abs. 2)<\/strong><\/p>\n<p><u>Voraussetzungen:<\/u><\/p>\n<ul>\n<li>Anforderungen entsprechen dem Hauptschulabschluss nach Klasse 9<\/li>\n<\/ul>\n<p>&nbsp;<\/p>\n<p><strong>Sekundarabschluss I &#8211; Hauptschulabschluss (\u00a713)<\/strong><\/p>\n<p><u>Voraussetzungen:<\/u><\/p>\n<ul>\n<li>Alle F\u00e4cher mind. 4<\/li>\n<li>5 bzw. 6 in Franz\u00f6sisch bleibt unber\u00fccksichtigt<\/li>\n<\/ul>\n<p>&nbsp;<\/p>\n<p><strong>Sekundarabschluss I &#8211; Realschulabschluss (\u00a714)<\/strong><\/p>\n<p><u>Voraussetzungen:<\/u><\/p>\n<ul>\n<li>2 x E-Kurs mind. 4<\/li>\n<li>2 x G-Kurs mind. 3<\/li>\n<li>2 x mind. 3 in F\u00e4chern ohne Kurs<\/li>\n<li>Rest der F\u00e4cher mind. 4<\/li>\n<\/ul>\n<p>&nbsp;<\/p>\n<p><strong>Erweiterter Sekundarabschluss I (\u00a715)<\/strong><\/p>\n<p><u>Voraussetzungen:<\/u><\/p>\n<ul>\n<li>3 x E-Kurs mind. 3<\/li>\n<li>1 x E-Kurs mind. 4 oder G-Kurs mind. 2<\/li>\n<li>Rest der F\u00e4cher \u00d8 mind. 3 (In die Berechnung k\u00f6nnen bis zu 2 E-Kurse einbezogen werden, wenn diese besser als 4). Bei der Durchschnittwertbildung werden die Noten in E-Kursen durch die um eine Notenstufe bessere Note ersetzt (\u00a722).<\/li>\n<\/ul>\n<p>&nbsp;<\/p>\n","protected":false},"excerpt":{"rendered":"<p>Folgende Abschl\u00fcsse k\u00f6nnen an der Oberschule erreicht werden: Nach Klasse 9: Hauptschulabschluss Nach Klasse 10: Sekundarabschluss I \u2013 Hauptschulabschluss Sekundarabschluss I \u2013 Realschulabschluss Erweiterter Sekundarabschluss I Hauptschulabschluss &nbsp; Abschlussvoraussetzungen: F\u00fcr alle Abschl\u00fcsse gilt (\u00a71 Abs. 3): Voraussetzungen der Abschl\u00fcsse m\u00fcssen &hellip; <a href=\"https:\/\/wordpress.nibis.de\/obslastrup\/abschluesse\/\">Weiterlesen <span class=\"meta-nav\">&rarr;<\/span><\/a><\/p>\n","protected":false},"author":980,"featured_media":0,"parent":0,"menu_order":0,"comment_status":"closed","ping_status":"closed","template":"sidebar-page.php","meta":{"footnotes":""},"class_list":["post-834","page","type-page","status-publish","hentry"],"_links":{"self":[{"href":"https:\/\/wordpress.nibis.de\/obslastrup\/wp-json\/wp\/v2\/pages\/834","targetHints":{"allow":["GET"]}}],"collection":[{"href":"https:\/\/wordpress.nibis.de\/obslastrup\/wp-json\/wp\/v2\/pages"}],"about":[{"href":"https:\/\/wordpress.nibis.de\/obslastrup\/wp-json\/wp\/v2\/types\/page"}],"author":[{"embeddable":true,"href":"https:\/\/wordpress.nibis.de\/obslastrup\/wp-json\/wp\/v2\/users\/980"}],"replies":[{"embeddable":true,"href":"https:\/\/wordpress.nibis.de\/obslastrup\/wp-json\/wp\/v2\/comments?post=834"}],"version-history":[{"count":8,"href":"https:\/\/wordpress.nibis.de\/obslastrup\/wp-json\/wp\/v2\/pages\/834\/revisions"}],"predecessor-version":[{"id":844,"href":"https:\/\/wordpress.nibis.de\/obslastrup\/wp-json\/wp\/v2\/pages\/834\/revisions\/844"}],"wp:attachment":[{"href":"https:\/\/wordpress.nibis.de\/obslastrup\/wp-json\/wp\/v2\/media?parent=834"}],"curies":[{"name":"wp","href":"https:\/\/api.w.org\/{rel}","templated":true}]}}