{"id":23,"date":"2018-02-26T21:14:02","date_gmt":"2018-02-26T20:14:02","guid":{"rendered":"http:\/\/wordpress.nibis.de\/obsvienenburg\/?page_id=23"},"modified":"2025-03-31T12:38:52","modified_gmt":"2025-03-31T10:38:52","slug":"wichtiges","status":"publish","type":"page","link":"https:\/\/wordpress.nibis.de\/obsvienenburg\/wichtiges\/","title":{"rendered":"Wer wir sind"},"content":{"rendered":"<p><strong>Unser Ganztagskonzept<\/strong><\/p>\n<p><span style=\"text-decoration: underline\">Allgemeines<\/span><\/p>\n<ul>\n<li>seit 2003 teilgebundene Ganztagsschule<\/li>\n<li>f\u00fcr die Sch\u00fclerinnen und Sch\u00fcler gibt es mind. an 2 Tagen Ganztagsunterricht, bestehend aus 1 x Unterricht und 1 x AG am Nachmittag<\/li>\n<li>interessante und abwechslungsreiche Arbeitsgemeinschaften von Lehrkr\u00e4ften und Externen angeboten<\/li>\n<li>mehrere unterschiedliche AGs (sportlich, musikalisch, kreativ \u2026)<\/li>\n<\/ul>\n<p><span style=\"text-decoration: underline\">Rhythmisierung des Unterrichts<\/span><\/p>\n<ul>\n<li>Unterrichtsbeginn um 08:00 Uhr<\/li>\n<li>zumeist zweist\u00fcndiger Blockunterricht<\/li>\n<li>Mittagspause von 13:05 Uhr bis 13:35Uhr<\/li>\n<li>Unterrichtsende 15:05 Uhr<\/li>\n<li>kein Klingelzeichen am Stundenende<\/li>\n<\/ul>\n<p><strong>Weitere H\u00f6hepunkte in unserem Schulleben<\/strong><\/p>\n<ul>\n<li>Methodentage<\/li>\n<li>Sporttage im Sommer und Winter<\/li>\n<li>Sprachreisen nach Frankreich und Gro\u00dfbritannien<\/li>\n<li>Klassen- und klassen\u00fcbergreifende Projekte und die Pr\u00e4sentation dieser Projekte<\/li>\n<li>Praktikumspr\u00e4sentation der Klasse 9 und 10<\/li>\n<li>erlebnisp\u00e4dagogische Waldtage<\/li>\n<li>Besuch au\u00dferschulischer Lernorte (z.B.Phaeno, Roemer- und Pelizaeus-Museum Hildesheim)<\/li>\n<li>Tag der Naturwissenschaften<\/li>\n<li>Vicco-von-B\u00fclow Gedenktag<\/li>\n<li>Sprachentag mit dem White Horse Theatre<\/li>\n<li>Tag der offenen T\u00fcr<\/li>\n<\/ul>\n","protected":false},"excerpt":{"rendered":"<p>Unser Ganztagskonzept Allgemeines seit 2003 teilgebundene Ganztagsschule f\u00fcr die Sch\u00fclerinnen und Sch\u00fcler gibt es mind. an 2 Tagen Ganztagsunterricht, bestehend aus 1 x Unterricht und 1 x AG am Nachmittag interessante und abwechslungsreiche Arbeitsgemeinschaften von Lehrkr\u00e4ften und Externen angeboten mehrere unterschiedliche AGs (sportlich, musikalisch, kreativ \u2026) Rhythmisierung des Unterrichts Unterrichtsbeginn um 08:00 Uhr zumeist zweist\u00fcndiger [&hellip;]<\/p>\n","protected":false},"author":9192430,"featured_media":0,"parent":0,"menu_order":0,"comment_status":"closed","ping_status":"closed","template":"","meta":{"footnotes":""},"class_list":["post-23","page","type-page","status-publish","hentry"],"_links":{"self":[{"href":"https:\/\/wordpress.nibis.de\/obsvienenburg\/wp-json\/wp\/v2\/pages\/23","targetHints":{"allow":["GET"]}}],"collection":[{"href":"https:\/\/wordpress.nibis.de\/obsvienenburg\/wp-json\/wp\/v2\/pages"}],"about":[{"href":"https:\/\/wordpress.nibis.de\/obsvienenburg\/wp-json\/wp\/v2\/types\/page"}],"author":[{"embeddable":true,"href":"https:\/\/wordpress.nibis.de\/obsvienenburg\/wp-json\/wp\/v2\/users\/9192430"}],"replies":[{"embeddable":true,"href":"https:\/\/wordpress.nibis.de\/obsvienenburg\/wp-json\/wp\/v2\/comments?post=23"}],"version-history":[{"count":8,"href":"https:\/\/wordpress.nibis.de\/obsvienenburg\/wp-json\/wp\/v2\/pages\/23\/revisions"}],"predecessor-version":[{"id":3130,"href":"https:\/\/wordpress.nibis.de\/obsvienenburg\/wp-json\/wp\/v2\/pages\/23\/revisions\/3130"}],"wp:attachment":[{"href":"https:\/\/wordpress.nibis.de\/obsvienenburg\/wp-json\/wp\/v2\/media?parent=23"}],"curies":[{"name":"wp","href":"https:\/\/api.w.org\/{rel}","templated":true}]}}