{"id":11,"date":"2023-10-16T11:16:46","date_gmt":"2023-10-16T09:16:46","guid":{"rendered":"https:\/\/wordpress.nibis.de\/obswdorf\/?page_id=11"},"modified":"2023-11-08T12:12:55","modified_gmt":"2023-11-08T11:12:55","slug":"schulleitung","status":"publish","type":"page","link":"https:\/\/wordpress.nibis.de\/obswdorf\/schulleitung\/","title":{"rendered":"Schulleitung"},"content":{"rendered":"\n<div class=\"wp-block-media-text alignwide is-stacked-on-mobile\"><figure class=\"wp-block-media-text__media\"><img loading=\"lazy\" decoding=\"async\" width=\"600\" height=\"657\" src=\"http:\/\/wordpress.nibis.de\/obswdorf\/files\/2023\/10\/katjawoelfer2.jpg\" alt=\"\" class=\"wp-image-379 size-full\" srcset=\"https:\/\/wordpress.nibis.de\/obswdorf\/files\/2023\/10\/katjawoelfer2.jpg 600w, https:\/\/wordpress.nibis.de\/obswdorf\/files\/2023\/10\/katjawoelfer2-274x300.jpg 274w\" sizes=\"auto, (max-width: 600px) 100vw, 600px\" \/><\/figure><div class=\"wp-block-media-text__content\">\n<blockquote class=\"wp-block-quote is-style-tw-icon is-layout-flow wp-block-quote-is-layout-flow\" style=\"font-size:16px\"><p>Als ehemalige Sch\u00fclerin der damaligen Grund- und Hauptschule Wesendorf freue ich mich, heute die Oberschule in meinem Heimatort zu leiten. Ich arbeite seit 2014 im Schulleitungsteam und bin seit Sommer 2016 Schulleiterin der Oberschule Wesendorf. Mein Lieblingsfach ist Mathematik.  <\/p><cite>Katja W\u00f6lfer, Oberschulrektorin<\/cite><\/blockquote>\n<\/div><\/div>\n\n\n\n<hr class=\"wp-block-separator\" \/>\n\n\n\n<div class=\"wp-block-media-text alignwide has-media-on-the-right is-stacked-on-mobile\"><figure class=\"wp-block-media-text__media\"><img loading=\"lazy\" decoding=\"async\" width=\"399\" height=\"437\" src=\"http:\/\/wordpress.nibis.de\/obswdorf\/files\/2023\/10\/martin_boerner2.jpg\" alt=\"\" class=\"wp-image-380 size-full\" srcset=\"https:\/\/wordpress.nibis.de\/obswdorf\/files\/2023\/10\/martin_boerner2.jpg 399w, https:\/\/wordpress.nibis.de\/obswdorf\/files\/2023\/10\/martin_boerner2-274x300.jpg 274w\" sizes=\"auto, (max-width: 399px) 100vw, 399px\" \/><\/figure><div class=\"wp-block-media-text__content\">\n<blockquote class=\"wp-block-quote is-style-tw-icon is-layout-flow wp-block-quote-is-layout-flow\" style=\"font-size:16px\"><p>Urspr\u00fcnglich aus Bayern, \u00fcber Celle nach Wesendorf. Mit viel Freude bin ich seit 2017 an der Oberschule Wesendorf als Oberschulkonrektor t\u00e4tig. Bildung zu vermitteln, das soziale Miteinander zu f\u00f6rdern sowie die t\u00e4gliche Unterst\u00fctzung von Sch\u00fclerinnen und Sch\u00fclern zeichnen f\u00fcr mich die Oberschule Wesendorf aus. Sport-und Naturliebhaber.<\/p><cite>Martin B\u00f6rner, Oberschulkonrektor<\/cite><\/blockquote>\n<\/div><\/div>\n\n\n\n<hr class=\"wp-block-separator\" \/>\n\n\n\n<div class=\"wp-block-media-text alignwide is-stacked-on-mobile\"><figure class=\"wp-block-media-text__media\"><img loading=\"lazy\" decoding=\"async\" width=\"399\" height=\"437\" src=\"http:\/\/wordpress.nibis.de\/obswdorf\/files\/2023\/10\/mechthildbecker.jpg\" alt=\"\" class=\"wp-image-381 size-full\" srcset=\"https:\/\/wordpress.nibis.de\/obswdorf\/files\/2023\/10\/mechthildbecker.jpg 399w, https:\/\/wordpress.nibis.de\/obswdorf\/files\/2023\/10\/mechthildbecker-274x300.jpg 274w\" sizes=\"auto, (max-width: 399px) 100vw, 399px\" \/><\/figure><div class=\"wp-block-media-text__content\">\n<blockquote class=\"wp-block-quote is-style-tw-icon is-layout-flow wp-block-quote-is-layout-flow\" style=\"font-size:16px\"><p>Ich habe als Biologin mit Bienen gearbeitet und bin dann sp\u00e4ter in den Schuldienst gewechselt. Als Wissenschaftlerin und k\u00fcnstlerisch interessierter Mensch unterrichte ich sehr gerne die Naturwissenschaften und Kunst. Ich arbeite seit 2016 als Didaktische Leiterin in der erweiterten Schulleitung mit.<\/p><cite>Dr. Mechthild Becker, Didaktische Leiterin<\/cite><\/blockquote>\n<\/div><\/div>\n","protected":false},"excerpt":{"rendered":"<p>Als ehemalige Sch\u00fclerin der damaligen Grund- und Hauptschule Wesendorf freue ich mich, heute die Oberschule in meinem Heimatort zu leiten. Ich arbeite seit 2014 im Schulleitungsteam und bin seit Sommer 2016 Schulleiterin der Oberschule Wesendorf. Mein Lieblingsfach ist Mathematik. Katja W\u00f6lfer, Oberschulrektorin Urspr\u00fcnglich aus Bayern, \u00fcber Celle nach Wesendorf. Mit viel Freude bin ich seit [&hellip;]<\/p>\n","protected":false},"author":9194295,"featured_media":0,"parent":0,"menu_order":0,"comment_status":"closed","ping_status":"closed","template":"","meta":{"footnotes":""},"class_list":["post-11","page","type-page","status-publish","hentry"],"_links":{"self":[{"href":"https:\/\/wordpress.nibis.de\/obswdorf\/wp-json\/wp\/v2\/pages\/11","targetHints":{"allow":["GET"]}}],"collection":[{"href":"https:\/\/wordpress.nibis.de\/obswdorf\/wp-json\/wp\/v2\/pages"}],"about":[{"href":"https:\/\/wordpress.nibis.de\/obswdorf\/wp-json\/wp\/v2\/types\/page"}],"author":[{"embeddable":true,"href":"https:\/\/wordpress.nibis.de\/obswdorf\/wp-json\/wp\/v2\/users\/9194295"}],"replies":[{"embeddable":true,"href":"https:\/\/wordpress.nibis.de\/obswdorf\/wp-json\/wp\/v2\/comments?post=11"}],"version-history":[{"count":27,"href":"https:\/\/wordpress.nibis.de\/obswdorf\/wp-json\/wp\/v2\/pages\/11\/revisions"}],"predecessor-version":[{"id":750,"href":"https:\/\/wordpress.nibis.de\/obswdorf\/wp-json\/wp\/v2\/pages\/11\/revisions\/750"}],"wp:attachment":[{"href":"https:\/\/wordpress.nibis.de\/obswdorf\/wp-json\/wp\/v2\/media?parent=11"}],"curies":[{"name":"wp","href":"https:\/\/api.w.org\/{rel}","templated":true}]}}