{"id":34,"date":"2023-10-16T11:58:06","date_gmt":"2023-10-16T09:58:06","guid":{"rendered":"https:\/\/wordpress.nibis.de\/obswdorf\/?page_id=34"},"modified":"2023-11-23T20:15:00","modified_gmt":"2023-11-23T19:15:00","slug":"schulessen","status":"publish","type":"page","link":"https:\/\/wordpress.nibis.de\/obswdorf\/schulessen\/","title":{"rendered":"Schulverpflegung"},"content":{"rendered":"\n<h3 class=\"wp-block-heading\">Ein leerer Bauch studiert nicht gern!<\/h3>\n\n\n\n<figure class=\"wp-block-image size-full\"><img loading=\"lazy\" decoding=\"async\" width=\"500\" height=\"300\" src=\"https:\/\/wordpress.nibis.de\/obswdorf\/files\/2023\/11\/Mensa.jpg\" alt=\"\" class=\"wp-image-780\" srcset=\"https:\/\/wordpress.nibis.de\/obswdorf\/files\/2023\/11\/Mensa.jpg 500w, https:\/\/wordpress.nibis.de\/obswdorf\/files\/2023\/11\/Mensa-300x180.jpg 300w\" sizes=\"auto, (max-width: 500px) 100vw, 500px\" \/><\/figure>\n\n\n\n<p>Morgens vor dem Unterricht gibt es ein kostenloses Angebot bestehend aus M\u00fcsli und Fr\u00fcchten der Saison, das in gem\u00fctlicher Runde in der Schulk\u00fcche eingenommen werden kann. In den Vormittagspausen bietet unser Kiosk ein gro\u00dfes und wechselndes Angebot von Obst, lecker belegten Br\u00f6tchen und Backwaren und Knabbereien. Die Waren liefert uns der Schulbackladen, der Verkauf wird durch eine Arbeitsgemeinschaft organisiert.<\/p>\n\n\n\n<p>Eine Trinkwassersprudelanlage versorgt alle Menschen in der Schule mit stillem oder sprudelndem Trinkwasser. Dort kann jeder im Laufe des Schultags seine eigene Trinkflasche bef\u00fcllen. <\/p>\n\n\n\n<p>Unsere Mittagspause ist t\u00e4glich von 13:10 &#8211; 13:40 Uhr. In dieser Zeit haben die Sch\u00fcler*innen die M\u00f6glichkeit, ein warmes Mittagessen in der Mensa einzunehmen. Es steht ein leckeres B\u00fcffet mit einer gro\u00dfen Auswahl auch an vegetarischen Speisen zur Verf\u00fcgung. Das Essen wird t\u00e4glich vor Ort frisch zubereitet und kann bis morgens um 8 Uhr online oder \u00fcber eine App bestellt werden. Ein Essen kostet 4,50 \u20ac, f\u00fcr Sch\u00fcler*innen, die Anspruch auf Bildung und Teilhabe haben ist das Mittagessen kostenlos. Die Abrechnung erfolgt bargeldlos. Den Speiseplan und alle Informationen zur Anmeldung zum Mittagessen erhalten Sie hier:<\/p>\n\n\n\n<div class=\"wp-block-image\"><figure class=\"aligncenter size-full is-resized\"><a href=\"https:\/\/mpibs.de\/skitbs\/\" target=\"_blank\" rel=\"noopener\"><img loading=\"lazy\" decoding=\"async\" src=\"http:\/\/wordpress.nibis.de\/obswdorf\/files\/2023\/10\/Screenshot-13.png\" alt=\"\" class=\"wp-image-248\" width=\"193\" height=\"101\" srcset=\"https:\/\/wordpress.nibis.de\/obswdorf\/files\/2023\/10\/Screenshot-13.png 500w, https:\/\/wordpress.nibis.de\/obswdorf\/files\/2023\/10\/Screenshot-13-300x157.png 300w\" sizes=\"auto, (max-width: 193px) 100vw, 193px\" \/><\/a><\/figure><\/div>\n","protected":false},"excerpt":{"rendered":"<p>Ein leerer Bauch studiert nicht gern! Morgens vor dem Unterricht gibt es ein kostenloses Angebot bestehend aus M\u00fcsli und Fr\u00fcchten der Saison, das in gem\u00fctlicher Runde in der Schulk\u00fcche eingenommen werden kann. In den Vormittagspausen bietet unser Kiosk ein gro\u00dfes und wechselndes Angebot von Obst, lecker belegten Br\u00f6tchen und Backwaren und Knabbereien. Die Waren liefert [&hellip;]<\/p>\n","protected":false},"author":9194295,"featured_media":0,"parent":0,"menu_order":0,"comment_status":"closed","ping_status":"closed","template":"","meta":{"footnotes":""},"class_list":["post-34","page","type-page","status-publish","hentry"],"_links":{"self":[{"href":"https:\/\/wordpress.nibis.de\/obswdorf\/wp-json\/wp\/v2\/pages\/34","targetHints":{"allow":["GET"]}}],"collection":[{"href":"https:\/\/wordpress.nibis.de\/obswdorf\/wp-json\/wp\/v2\/pages"}],"about":[{"href":"https:\/\/wordpress.nibis.de\/obswdorf\/wp-json\/wp\/v2\/types\/page"}],"author":[{"embeddable":true,"href":"https:\/\/wordpress.nibis.de\/obswdorf\/wp-json\/wp\/v2\/users\/9194295"}],"replies":[{"embeddable":true,"href":"https:\/\/wordpress.nibis.de\/obswdorf\/wp-json\/wp\/v2\/comments?post=34"}],"version-history":[{"count":8,"href":"https:\/\/wordpress.nibis.de\/obswdorf\/wp-json\/wp\/v2\/pages\/34\/revisions"}],"predecessor-version":[{"id":781,"href":"https:\/\/wordpress.nibis.de\/obswdorf\/wp-json\/wp\/v2\/pages\/34\/revisions\/781"}],"wp:attachment":[{"href":"https:\/\/wordpress.nibis.de\/obswdorf\/wp-json\/wp\/v2\/media?parent=34"}],"curies":[{"name":"wp","href":"https:\/\/api.w.org\/{rel}","templated":true}]}}