{"id":504,"date":"2023-10-22T14:38:51","date_gmt":"2023-10-22T12:38:51","guid":{"rendered":"https:\/\/wordpress.nibis.de\/obswdorf\/?page_id=504"},"modified":"2023-10-26T17:11:14","modified_gmt":"2023-10-26T15:11:14","slug":"sport","status":"publish","type":"page","link":"https:\/\/wordpress.nibis.de\/obswdorf\/sport\/","title":{"rendered":"Sport"},"content":{"rendered":"\n<figure class=\"wp-block-image size-full\"><img loading=\"lazy\" decoding=\"async\" width=\"500\" height=\"300\" src=\"https:\/\/wordpress.nibis.de\/obswdorf\/files\/2023\/10\/platzhalter_sport_500x300.jpg\" alt=\"\" class=\"wp-image-611\" srcset=\"https:\/\/wordpress.nibis.de\/obswdorf\/files\/2023\/10\/platzhalter_sport_500x300.jpg 500w, https:\/\/wordpress.nibis.de\/obswdorf\/files\/2023\/10\/platzhalter_sport_500x300-300x180.jpg 300w\" sizes=\"auto, (max-width: 500px) 100vw, 500px\" \/><\/figure>\n\n\n\n<p>Leitsatz<\/p>\n\n\n\n<p>Fachleitung: Frau Perschmann und Herr Witte-Scheidweiler<\/p>\n\n\n\n<p><strong>Zus\u00e4tzliche Inhalte zum Sportunterricht Klasse 5 \u2013 10<\/strong><\/p>\n\n\n\n<ul class=\"wp-block-list\"><li>Spieleturniere<\/li><li>Deutsches Sportabzeichen<\/li><li>Schwimmbef\u00e4higung<\/li><li>Bundesjugendspiele<\/li><li>Ausdauertraining (regelm\u00e4\u00dfig in jedem Jahrgang)<\/li><\/ul>\n\n\n\n<p><strong>Au\u00dferschulische\/kooperative Ziele f\u00fcr die Zukunft<\/strong><\/p>\n\n\n\n<ul class=\"wp-block-list\"><li>Workshop Herz-Kreislauf-Training in Zusammenarbeit mit der Deutschen Herzstiftung<\/li><li>Workshop mit dem \u201eTanzhaus\u201c aus Gifhorn<\/li><li>Gr\u00fcndung einer Laufgruppe (in Form einer AG) eventuell in Zusammenarbeit mit dem VfR Wilsche\/Neubokel<\/li><li>Teilnahme an \u201eJugend trainiert f\u00fcr Olympia\u201c in unterschiedlichen Disziplinen<\/li><\/ul>\n\n\n\n<p><strong>Vor dem Unterricht<\/strong><\/p>\n\n\n\n<ul class=\"wp-block-list\"><li>Die Sch\u00fcler*innen warten vor der jeweiligen Sporthalle und betreten die Halle gemeinsam mit der Lehrkraft.  <\/li><li>Auf dem Weg zum Sportplatz m\u00fcssen die von der Lehrkraft besprochene Strecke und die Stra\u00dfenverkehrsordnung eingehalten werden.<\/li><\/ul>\n\n\n\n<p><strong>Befreiung\/Entschuldigung\/Attest<\/strong><\/p>\n\n\n\n<ul class=\"wp-block-list\"><li>Die Teilnahme am Sportunterricht ist Pflicht. <\/li><li>Es gilt immer Anwesenheitspflicht, eine (\u00e4rztliche) Entschuldigung befreit nur von der aktiven Teilnahme am Sportunterricht.  <\/li><li>Eine l\u00e4ngerfristige Befreiung vom Sportunterricht muss von den Eltern bei der Schulleitung schriftlich beantragt werden und durch eine \u00e4rztliche Bescheinigung belegt werden. <\/li><li>Die Sportlehrkraft muss \u00fcber Krankheiten (z. B. Allergien, Asthma, Diabetes, Herzfehler, \u2026.) schriftlich informiert werden. \u00c4rztliche Atteste m\u00fcssen vorgelegt werden.<\/li><li>Elternentschuldigungen werden akzeptiert, wenn sie Datum, Dauer der G\u00fcltigkeit und Unterschrift eines Erziehungsberechtigten enthalten und zu Beginn der Stunde vorgelegt werden, nur in Ausnahmef\u00e4llen ist das Nachreichen von Entschuldigungen gestattet<\/li><\/ul>\n\n\n\n<div class=\"wp-block-buttons is-layout-flex wp-block-buttons-is-layout-flex\">\n<div class=\"wp-block-button aligncenter has-custom-width wp-block-button__width-25 is-style-fill\"><a class=\"wp-block-button__link has-luminous-vivid-amber-to-luminous-vivid-orange-gradient-background has-background\" href=\"https:\/\/wordpress.nibis.de\/obswdorf\/fachbereiche\/\" style=\"border-radius:37px\">zur\u00fcck zu den Fachbereichen<\/a><\/div>\n<\/div>\n","protected":false},"excerpt":{"rendered":"<p>Leitsatz Fachleitung: Frau Perschmann und Herr Witte-Scheidweiler Zus\u00e4tzliche Inhalte zum Sportunterricht Klasse 5 \u2013 10 Spieleturniere Deutsches Sportabzeichen Schwimmbef\u00e4higung Bundesjugendspiele Ausdauertraining (regelm\u00e4\u00dfig in jedem Jahrgang) Au\u00dferschulische\/kooperative Ziele f\u00fcr die Zukunft Workshop Herz-Kreislauf-Training in Zusammenarbeit mit der Deutschen Herzstiftung Workshop mit dem \u201eTanzhaus\u201c aus Gifhorn Gr\u00fcndung einer Laufgruppe (in Form einer AG) eventuell in Zusammenarbeit mit [&hellip;]<\/p>\n","protected":false},"author":9194295,"featured_media":0,"parent":0,"menu_order":0,"comment_status":"closed","ping_status":"closed","template":"","meta":{"footnotes":""},"class_list":["post-504","page","type-page","status-publish","hentry"],"_links":{"self":[{"href":"https:\/\/wordpress.nibis.de\/obswdorf\/wp-json\/wp\/v2\/pages\/504","targetHints":{"allow":["GET"]}}],"collection":[{"href":"https:\/\/wordpress.nibis.de\/obswdorf\/wp-json\/wp\/v2\/pages"}],"about":[{"href":"https:\/\/wordpress.nibis.de\/obswdorf\/wp-json\/wp\/v2\/types\/page"}],"author":[{"embeddable":true,"href":"https:\/\/wordpress.nibis.de\/obswdorf\/wp-json\/wp\/v2\/users\/9194295"}],"replies":[{"embeddable":true,"href":"https:\/\/wordpress.nibis.de\/obswdorf\/wp-json\/wp\/v2\/comments?post=504"}],"version-history":[{"count":5,"href":"https:\/\/wordpress.nibis.de\/obswdorf\/wp-json\/wp\/v2\/pages\/504\/revisions"}],"predecessor-version":[{"id":683,"href":"https:\/\/wordpress.nibis.de\/obswdorf\/wp-json\/wp\/v2\/pages\/504\/revisions\/683"}],"wp:attachment":[{"href":"https:\/\/wordpress.nibis.de\/obswdorf\/wp-json\/wp\/v2\/media?parent=504"}],"curies":[{"name":"wp","href":"https:\/\/api.w.org\/{rel}","templated":true}]}}