{"id":526,"date":"2023-10-22T14:46:10","date_gmt":"2023-10-22T12:46:10","guid":{"rendered":"https:\/\/wordpress.nibis.de\/obswdorf\/?page_id=526"},"modified":"2023-10-26T17:04:04","modified_gmt":"2023-10-26T15:04:04","slug":"kunst","status":"publish","type":"page","link":"https:\/\/wordpress.nibis.de\/obswdorf\/kunst\/","title":{"rendered":"Kunst"},"content":{"rendered":"\n<figure class=\"wp-block-image size-full\"><img loading=\"lazy\" decoding=\"async\" width=\"500\" height=\"300\" src=\"https:\/\/wordpress.nibis.de\/obswdorf\/files\/2023\/10\/Bild-Fachbereich-Kunst-500-x.jpg\" alt=\"\" class=\"wp-image-583\" srcset=\"https:\/\/wordpress.nibis.de\/obswdorf\/files\/2023\/10\/Bild-Fachbereich-Kunst-500-x.jpg 500w, https:\/\/wordpress.nibis.de\/obswdorf\/files\/2023\/10\/Bild-Fachbereich-Kunst-500-x-300x180.jpg 300w\" sizes=\"auto, (max-width: 500px) 100vw, 500px\" \/><\/figure>\n\n\n\n<p>Die Sch\u00fcler*innen sollen bef\u00e4higt werden, \u00fcber den Wert, die Sch\u00f6nheit und Aussagekraft von Kunst zu reflektieren und eigene Werke mit so viel Sorgfalt und Hingabe zu gestalten, dass sie selbst mit Stolz und Freude erf\u00fcllt werden.<\/p>\n\n\n\n<p>Fachleitung: Frau Mommert<\/p>\n\n\n\n<div style=\"height:40px\" aria-hidden=\"true\" class=\"wp-block-spacer\"><\/div>\n\n\n\n<blockquote class=\"wp-block-quote is-style-default is-layout-flow wp-block-quote-is-layout-flow\"><p>Jedes Kind ist ein K\u00fcnstler. Das Problem ist, K\u00fcnstler zu bleiben, wenn man erwachsen wird<\/p><cite>Pablo Picasso<\/cite><\/blockquote>\n\n\n\n<div style=\"height:40px\" aria-hidden=\"true\" class=\"wp-block-spacer\"><\/div>\n\n\n\n<p>Das Ziel des Fach Kunst ist es, die kreativen Kompetenzen, das Wahrnehmungs- und Ausdrucksverm\u00f6gen der Sch\u00fcler*innen anzuregen, zu entwickeln und zu erweitern. Dies geschieht im Unterricht durch eine Mischung aus Kunsttheorie, Kunstgeschichte und \u00fcberwiegend praktischer Arbeit. Vor allem aktuelle Themen und Aufgabenstellungen flie\u00dfen neben klassischen Motiven und Themen immer wieder in den Unterricht mit ein.<\/p>\n\n\n\n<p><\/p>\n\n\n\n<div class=\"wp-block-buttons is-layout-flex wp-block-buttons-is-layout-flex\">\n<div class=\"wp-block-button aligncenter has-custom-width wp-block-button__width-25 is-style-fill\"><a class=\"wp-block-button__link has-luminous-vivid-amber-to-luminous-vivid-orange-gradient-background has-background\" href=\"https:\/\/wordpress.nibis.de\/obswdorf\/fachbereiche\/\" style=\"border-radius:37px\">zur\u00fcck zu den Fachbereichen<\/a><\/div>\n<\/div>\n","protected":false},"excerpt":{"rendered":"<p>Die Sch\u00fcler*innen sollen bef\u00e4higt werden, \u00fcber den Wert, die Sch\u00f6nheit und Aussagekraft von Kunst zu reflektieren und eigene Werke mit so viel Sorgfalt und Hingabe zu gestalten, dass sie selbst mit Stolz und Freude erf\u00fcllt werden. Fachleitung: Frau Mommert Jedes Kind ist ein K\u00fcnstler. Das Problem ist, K\u00fcnstler zu bleiben, wenn man erwachsen wird Pablo [&hellip;]<\/p>\n","protected":false},"author":9194295,"featured_media":0,"parent":0,"menu_order":0,"comment_status":"closed","ping_status":"closed","template":"","meta":{"footnotes":""},"class_list":["post-526","page","type-page","status-publish","hentry"],"_links":{"self":[{"href":"https:\/\/wordpress.nibis.de\/obswdorf\/wp-json\/wp\/v2\/pages\/526","targetHints":{"allow":["GET"]}}],"collection":[{"href":"https:\/\/wordpress.nibis.de\/obswdorf\/wp-json\/wp\/v2\/pages"}],"about":[{"href":"https:\/\/wordpress.nibis.de\/obswdorf\/wp-json\/wp\/v2\/types\/page"}],"author":[{"embeddable":true,"href":"https:\/\/wordpress.nibis.de\/obswdorf\/wp-json\/wp\/v2\/users\/9194295"}],"replies":[{"embeddable":true,"href":"https:\/\/wordpress.nibis.de\/obswdorf\/wp-json\/wp\/v2\/comments?post=526"}],"version-history":[{"count":10,"href":"https:\/\/wordpress.nibis.de\/obswdorf\/wp-json\/wp\/v2\/pages\/526\/revisions"}],"predecessor-version":[{"id":677,"href":"https:\/\/wordpress.nibis.de\/obswdorf\/wp-json\/wp\/v2\/pages\/526\/revisions\/677"}],"wp:attachment":[{"href":"https:\/\/wordpress.nibis.de\/obswdorf\/wp-json\/wp\/v2\/media?parent=526"}],"curies":[{"name":"wp","href":"https:\/\/api.w.org\/{rel}","templated":true}]}}