{"id":82,"date":"2023-10-16T12:51:24","date_gmt":"2023-10-16T10:51:24","guid":{"rendered":"https:\/\/wordpress.nibis.de\/obswdorf\/?page_id=82"},"modified":"2023-10-22T21:03:52","modified_gmt":"2023-10-22T19:03:52","slug":"dein-schultag","status":"publish","type":"page","link":"https:\/\/wordpress.nibis.de\/obswdorf\/dein-schultag\/","title":{"rendered":"Unterrichtszeiten"},"content":{"rendered":"\n<figure class=\"wp-block-image size-large\"><img loading=\"lazy\" decoding=\"async\" width=\"1024\" height=\"320\" src=\"http:\/\/wordpress.nibis.de\/obswdorf\/files\/2023\/10\/header_kollegium-1024x320.jpg\" alt=\"\" class=\"wp-image-358\" srcset=\"https:\/\/wordpress.nibis.de\/obswdorf\/files\/2023\/10\/header_kollegium-1024x320.jpg 1024w, https:\/\/wordpress.nibis.de\/obswdorf\/files\/2023\/10\/header_kollegium-300x94.jpg 300w, https:\/\/wordpress.nibis.de\/obswdorf\/files\/2023\/10\/header_kollegium-768x240.jpg 768w, https:\/\/wordpress.nibis.de\/obswdorf\/files\/2023\/10\/header_kollegium-1536x480.jpg 1536w, https:\/\/wordpress.nibis.de\/obswdorf\/files\/2023\/10\/header_kollegium.jpg 1600w\" sizes=\"auto, (max-width: 1024px) 100vw, 1024px\" \/><\/figure>\n\n\n\n<p>Die Schule \u00f6ffnet morgens um 7:45 Uhr, der Unterricht beginnt um 8:05 Uhr und endet nach dem Vormittagsunterricht um 13:10 Uhr oder bei Ganztagsunterricht um 15:00 Uhr.<\/p>\n\n\n\n<p>Die OBS Wesendorf ist eine teilgebundene Ganztagsschule, das bedeutet, dass die Sch\u00fcler*innen an zwei Nachmittagen verpflichtenden Ganztagsunterricht haben und an den anderen Tagen halbtags unterrichtet werden.<\/p>\n\n\n\n<p>Der Schultag ist gegliedert in vier Unterrichtsbl\u00f6cke von jeweils 80 Minuten und einer Lernzeit von 30 Minuten. Zwischen den Unterrichtsbl\u00f6cken liegen zwei Vormittagspausen zum Entspannen und Toben, bzw. eine Mittagspause von 30 Minuten zwischen den Bl\u00f6cken 4 und 5. <\/p>\n\n\n\n<p>Nach Schulschluss sind die Sch\u00fcler*innen verpflichtet, das Schulgel\u00e4nde zu verlassen.<\/p>\n\n\n\n<h2 class=\"wp-block-heading\">Unterrichtszeiten<\/h2>\n\n\n\n<figure class=\"wp-block-table\"><table><tbody><tr><td>8:05 &#8211; 9:25 Uhr<\/td><td>Block 1<\/td><\/tr><tr><td>9:30 &#8211; 10:00 Uhr<\/td><td>Block 2 &#8211; Lernzeit<\/td><\/tr><tr><td>10:00 &#8211; 10:15 Uhr<\/td><td>Pause<\/td><\/tr><tr><td>10:15 &#8211; 11:35 Uhr<\/td><td>Block 3<\/td><\/tr><tr><td>11:35 &#8211; 11:50 Uhr<\/td><td>Pause<\/td><\/tr><tr><td>11:50 &#8211; 13:10 Uhr <\/td><td>Block 4<\/td><\/tr><tr><td>13:10 &#8211; 13:40 Uhr <\/td><td>Mittagspause<\/td><\/tr><tr><td>13:40 &#8211; 15:00 Uhr<\/td><td>Block 5<\/td><\/tr><\/tbody><\/table><\/figure>\n","protected":false},"excerpt":{"rendered":"<p>Die Schule \u00f6ffnet morgens um 7:45 Uhr, der Unterricht beginnt um 8:05 Uhr und endet nach dem Vormittagsunterricht um 13:10 Uhr oder bei Ganztagsunterricht um 15:00 Uhr. Die OBS Wesendorf ist eine teilgebundene Ganztagsschule, das bedeutet, dass die Sch\u00fcler*innen an zwei Nachmittagen verpflichtenden Ganztagsunterricht haben und an den anderen Tagen halbtags unterrichtet werden. Der Schultag [&hellip;]<\/p>\n","protected":false},"author":9194295,"featured_media":0,"parent":0,"menu_order":0,"comment_status":"closed","ping_status":"closed","template":"","meta":{"footnotes":""},"class_list":["post-82","page","type-page","status-publish","hentry"],"_links":{"self":[{"href":"https:\/\/wordpress.nibis.de\/obswdorf\/wp-json\/wp\/v2\/pages\/82","targetHints":{"allow":["GET"]}}],"collection":[{"href":"https:\/\/wordpress.nibis.de\/obswdorf\/wp-json\/wp\/v2\/pages"}],"about":[{"href":"https:\/\/wordpress.nibis.de\/obswdorf\/wp-json\/wp\/v2\/types\/page"}],"author":[{"embeddable":true,"href":"https:\/\/wordpress.nibis.de\/obswdorf\/wp-json\/wp\/v2\/users\/9194295"}],"replies":[{"embeddable":true,"href":"https:\/\/wordpress.nibis.de\/obswdorf\/wp-json\/wp\/v2\/comments?post=82"}],"version-history":[{"count":8,"href":"https:\/\/wordpress.nibis.de\/obswdorf\/wp-json\/wp\/v2\/pages\/82\/revisions"}],"predecessor-version":[{"id":635,"href":"https:\/\/wordpress.nibis.de\/obswdorf\/wp-json\/wp\/v2\/pages\/82\/revisions\/635"}],"wp:attachment":[{"href":"https:\/\/wordpress.nibis.de\/obswdorf\/wp-json\/wp\/v2\/media?parent=82"}],"curies":[{"name":"wp","href":"https:\/\/api.w.org\/{rel}","templated":true}]}}