{"id":14,"date":"2018-03-25T15:35:03","date_gmt":"2018-03-25T13:35:03","guid":{"rendered":"http:\/\/wordpress.nibis.de\/opgs\/?page_id=14"},"modified":"2018-04-05T18:53:42","modified_gmt":"2018-04-05T16:53:42","slug":"schule","status":"publish","type":"page","link":"https:\/\/wordpress.nibis.de\/opgs\/schule\/","title":{"rendered":"Schule"},"content":{"rendered":"<p>[:de]<\/p>\n<div id=\"txt_314\">\n<p class=\"Wp-Standard-P\" style=\"text-align: justify\"><strong><span class=\"Standard-C\">Vertrauen<\/span><\/strong><\/p>\n<p class=\"Standard-P\" style=\"text-align: justify\"><span class=\"Standard-C-C0\">Wir unterst\u00fctzen unsere Sch\u00fcler* darin, dass sie Vertrauen in ihre St\u00e4rken und Leistungsf\u00e4higkeit entwickeln.<\/span><\/p>\n<p class=\"Standard-P\" style=\"text-align: justify\"><span class=\"Standard-C-C0\">F\u00fcr uns ist ein vertrauensvolles Miteinander von Lehrern*, Kindern und Eltern die Basis f\u00fcr ein positives Lern- und Wohlf\u00fchlklima an unserer Schule. Dies ist die Voraussetzung daf\u00fcr, dass Kinder Vertrauen in ihre Leistungsbereitschaft zeigen und entwickeln k\u00f6nnen.<\/span><\/p>\n<p class=\"Standard-P\" style=\"text-align: justify\"><span class=\"Standard-C-C0\">Unser Miteinander ist gepr\u00e4gt von Toleranz, Hilfsbereitschaft und gegenseitigem Vertrauen \u2013 wir lernen miteinander, voneinander und f\u00fcreinander.<\/span><\/p>\n<p class=\"Wp-Standard-P\" style=\"text-align: justify\"><strong><span class=\"Standard-C\">Wertsch\u00e4tzung<\/span><\/strong><\/p>\n<p class=\"Standard-P\" style=\"text-align: justify\"><span class=\"Standard-C-C0\">In unserer Schule geh\u00f6ren alle Sch\u00fcler unabh\u00e4ngig ihrer Vorlieben und F\u00e4higkeiten zur Schulgemeinschaft. Wir leben eine Willkommenskultur, in der sich alle am Schulleben Beteiligten wohlf\u00fchlen k\u00f6nnen und die Vielfalt aller geachtet wird.<\/span><\/p>\n<p class=\"Standard-P\" style=\"text-align: justify\"><span class=\"Standard-C-C0\">Die Wertsch\u00e4tzung jedes Einzelnen zeigt sich darin, dass wir uns mit gegenseitigem Respekt begegnen, uns unterst\u00fctzen und f\u00fcreinander Verantwortung \u00fcbernehmen, konstruktive Kritik \u00fcben und Konflikte fair l\u00f6sen. Damit schaffen wir die Basis f\u00fcr ein verl\u00e4ssliches und vertrauensvolles Miteinander und f\u00f6rdern die Entwicklung einer selbstbewussten und verantwortungsvollen Gesamtpers\u00f6nlichkeit. <\/span><\/p>\n<p class=\"Wp-Standard-P\" style=\"text-align: justify\"><strong><span class=\"Standard-C\">Gesundheit<\/span><\/strong><\/p>\n<p class=\"Standard-P\" style=\"text-align: justify\"><span class=\"Standard-C-C0\">Wir f\u00f6rdern bei allen Mitgliedern der Schulgemeinschaft Kompetenzen und Haltungen, die die Bereitschaft zu lebenslangem Lernen st\u00e4rkt. Wir m\u00f6chten sie auch bef\u00e4higen, in einer sich st\u00e4ndig ver\u00e4ndernden Gesellschaft ein erfolgreiches und gesundes Leben zu f\u00fchren.<\/span><\/p>\n<p class=\"Standard-P\" style=\"text-align: justify\"><span class=\"Standard-C-C0\">Wir verstehen die k\u00f6rperliche und mentale Gesundheit aller Mitglieder dieser Schule als Voraussetzung f\u00fcr Innovations- und Leistungsf\u00e4higkeit und als Grundlage f\u00fcr die pers\u00f6nliche Entfaltungsm\u00f6glichkeit. <\/span><\/p>\n<p class=\"Wp-Standard-P\" style=\"text-align: justify\"><strong><span class=\"Standard-C\">Demokratie und Mitbestimmung<\/span><\/strong><\/p>\n<p class=\"Standard-P\" style=\"text-align: justify\"><span class=\"Standard-C-C0\">Wir verfolgen demokratisch gemeinsame Ziele mit allen am Schulleben Beteiligten.<\/span><\/p>\n<p class=\"Standard-P\" style=\"text-align: justify\"><span class=\"Standard-C-C0\">Jeder hat die M\u00f6glichkeit, seine Meinung, Ideen, W\u00fcnsche und Sorgen einzubringen und eigene Standpunkte zu finden und zu vertreten.<\/span><\/p>\n<p class=\"Standard-P\" style=\"text-align: justify\"><span class=\"Standard-C-C0\"> So entwickeln unsere Sch\u00fcler zunehmend Verantwortungsbewusstsein f\u00fcr die Gemeinschaft, f\u00fcr den eigenen Lernprozess, f\u00fcr den nachhaltigen Umgang mit der Umwelt und der Gesellschaft<\/span><span class=\"Standard-C-C1\">.<\/span><\/p>\n<p class=\"Standard-P\" style=\"text-align: justify\"><span class=\"Standard-C-C1\">*aus Gr\u00fcnden der besseren Lesbarkeit benutzen wir die m\u00e4nnliche Form; sprechen aber Sch\u00fclerinnen und Sch\u00fcler sowie Lehreinnen und Lehrer an. <\/span><\/p>\n<p>&nbsp;<\/p>\n<\/div>\n<p class=\"Standard-P\">\n<p>[:en]<\/p>\n<div id=\"txt_305\">\n<p class=\"Wp-Standard-P\"><span class=\"Standard-C-C2\"><strong>Wurzeln geben, Vielfalt leben.<\/strong><\/span><\/p>\n<p class=\"Wp-Standard-P\"><span class=\"Standard-C-C2\">Die Grundschule Otfried Preu\u00dfler hat sich unter dem Leitgedanken \u201eWurzeln geben- Vielfalt leben\u201c insbesondere die F\u00f6rderung und Forderung<\/span><\/p>\n<p class=\"List-Paragraph-P\"><strong><span class=\"List-Paragraph-C\"> * des Vertrauens<\/span><\/strong><\/p>\n<p class=\"List-Paragraph-P\"><strong><span class=\"List-Paragraph-C\"> * der Gesundheit<\/span><\/strong><\/p>\n<p class=\"List-Paragraph-P\"><strong><span class=\"List-Paragraph-C\"> * der Wertsch\u00e4tzung<\/span><\/strong><\/p>\n<p class=\"List-Paragraph-P\"><strong><span class=\"List-Paragraph-C\"> * der Mitbestimmung und Demokratie<\/span><\/strong><\/p>\n<p class=\"Wp-Normal-P\"><span class=\"Normal-C-C0\">in Form von sozialem Lernen, Pers\u00f6nlichkeitsentwicklung und Selbstst\u00e4ndigkeit der Sch\u00fclerinnen und Sch\u00fcler zur Aufgabe gesetzt.<\/span><\/p>\n<p>&nbsp;<\/p>\n<\/div>\n<div id=\"txt_314\">\n<p class=\"Wp-Standard-P\"><strong><span class=\"Standard-C\">Vertrauen<\/span><\/strong><\/p>\n<p class=\"Standard-P\"><span class=\"Standard-C-C0\">Wir unterst\u00fctzen unsere Sch\u00fcler* darin, dass sie Vertrauen in ihre St\u00e4rken und Leistungsf\u00e4higkeit entwickeln.<\/span><\/p>\n<p class=\"Standard-P\"><span class=\"Standard-C-C0\">F\u00fcr uns ist ein vertrauensvolles Miteinander von Lehrern*, Kindern und Eltern die Basis f\u00fcr ein positives Lern- und Wohlf\u00fchlklima an unserer Schule. Dies ist die Voraussetzung daf\u00fcr, dass Kinder Vertrauen in ihre Leistungsbereitschaft zeigen und entwickeln k\u00f6nnen.<\/span><\/p>\n<p class=\"Standard-P\"><span class=\"Standard-C-C0\">Unser Miteinander ist gepr\u00e4gt von Toleranz, Hilfsbereitschaft und gegenseitigem Vertrauen \u2013 wir lernen miteinander, voneinander und f\u00fcreinander.<\/span><\/p>\n<p>&nbsp;<\/p>\n<p class=\"Wp-Standard-P\"><strong><span class=\"Standard-C\">Wertsch\u00e4tzung<\/span><\/strong><\/p>\n<p class=\"Standard-P\"><span class=\"Standard-C-C0\">In unserer Schule geh\u00f6ren alle Sch\u00fcler unabh\u00e4ngig ihrer Vorlieben und F\u00e4higkeiten zur Schulgemeinschaft. Wir leben eine Willkommenskultur, in der sich alle am Schulleben Beteiligten wohlf\u00fchlen k\u00f6nnen und die Vielfalt aller geachtet wird.<\/span><\/p>\n<p class=\"Standard-P\"><span class=\"Standard-C-C0\">Die Wertsch\u00e4tzung jedes Einzelnen zeigt sich darin, dass wir uns mit gegenseitigem Respekt begegnen, uns unterst\u00fctzen und f\u00fcreinander Verantwortung \u00fcbernehmen, konstruktive Kritik \u00fcben und Konflikte fair l\u00f6sen. Damit schaffen wir die Basis f\u00fcr ein verl\u00e4ssliches und vertrauensvolles Miteinander und f\u00f6rdern die Entwicklung einer selbstbewussten und verantwortungsvollen Gesamtpers\u00f6nlichkeit. <\/span><\/p>\n<p>&nbsp;<\/p>\n<p class=\"Wp-Standard-P\"><strong><span class=\"Standard-C\">Gesundheit<\/span><\/strong><\/p>\n<p class=\"Standard-P\"><span class=\"Standard-C-C0\">Wir f\u00f6rdern bei allen Mitgliedern der Schulgemeinschaft Kompetenzen und Haltungen, die die Bereitschaft zu lebenslangem Lernen st\u00e4rkt. Wir m\u00f6chten sie auch bef\u00e4higen, in einer sich st\u00e4ndig ver\u00e4ndernden Gesellschaft ein erfolgreiches und gesundes Leben zu f\u00fchren.<\/span><\/p>\n<p class=\"Standard-P\"><span class=\"Standard-C-C0\">Wir verstehen die k\u00f6rperliche und mentale Gesundheit aller Mitglieder dieser Schule als Voraussetzung f\u00fcr Innovations- und Leistungsf\u00e4higkeit und als Grundlage f\u00fcr die pers\u00f6nliche Entfaltungsm\u00f6glichkeit. <\/span><\/p>\n<p>&nbsp;<\/p>\n<p class=\"Wp-Standard-P\"><strong><span class=\"Standard-C\">Demokratie und Mitbestimmung<\/span><\/strong><\/p>\n<p class=\"Standard-P\"><span class=\"Standard-C-C0\">Wir verfolgen demokratisch gemeinsame Ziele mit allen am Schulleben Beteiligten.<\/span><\/p>\n<p class=\"Standard-P\"><span class=\"Standard-C-C0\">Jeder hat die M\u00f6glichkeit, seine Meinung, Ideen, W\u00fcnsche und Sorgen einzubringen und eigene Standpunkte zu finden und zu vertreten.<\/span><\/p>\n<p class=\"Standard-P\"><span class=\"Standard-C-C0\"> So entwickeln unsere Sch\u00fcler zunehmend Verantwortungsbewusstsein f\u00fcr die Gemeinschaft, f\u00fcr den eigenen Lernprozess, f\u00fcr den nachhaltigen Umgang mit der Umwelt und der Gesellschaft<\/span><span class=\"Standard-C-C1\">.<\/span><\/p>\n<p class=\"Standard-P\"><span class=\"Standard-C-C1\">*aus Gr\u00fcnden der besseren Lesbarkeit benutzen wir die m\u00e4nnliche Form; sprechen aber Sch\u00fclerinnen und Sch\u00fcler sowie Lehreinnen und Lehrer an. <\/span><\/p>\n<p>&nbsp;<\/p>\n<\/div>\n<p class=\"Standard-P\">\n<p>[:]<\/p>\n","protected":false},"excerpt":{"rendered":"<p>[:de] Vertrauen Wir unterst\u00fctzen unsere Sch\u00fcler* darin, dass sie Vertrauen in ihre St\u00e4rken und Leistungsf\u00e4higkeit entwickeln. F\u00fcr uns ist ein vertrauensvolles Miteinander von Lehrern*, Kindern und Eltern die Basis f\u00fcr ein positives Lern- und Wohlf\u00fchlklima an unserer Schule. Dies ist die Voraussetzung daf\u00fcr, dass Kinder Vertrauen in ihre Leistungsbereitschaft zeigen und entwickeln k\u00f6nnen. Unser Miteinander [&hellip;]<\/p>\n","protected":false},"author":9192565,"featured_media":0,"parent":0,"menu_order":0,"comment_status":"closed","ping_status":"closed","template":"page-templates\/child-menu.php","meta":{"footnotes":""},"class_list":["post-14","page","type-page","status-publish","hentry"],"_links":{"self":[{"href":"https:\/\/wordpress.nibis.de\/opgs\/wp-json\/wp\/v2\/pages\/14","targetHints":{"allow":["GET"]}}],"collection":[{"href":"https:\/\/wordpress.nibis.de\/opgs\/wp-json\/wp\/v2\/pages"}],"about":[{"href":"https:\/\/wordpress.nibis.de\/opgs\/wp-json\/wp\/v2\/types\/page"}],"author":[{"embeddable":true,"href":"https:\/\/wordpress.nibis.de\/opgs\/wp-json\/wp\/v2\/users\/9192565"}],"replies":[{"embeddable":true,"href":"https:\/\/wordpress.nibis.de\/opgs\/wp-json\/wp\/v2\/comments?post=14"}],"version-history":[{"count":11,"href":"https:\/\/wordpress.nibis.de\/opgs\/wp-json\/wp\/v2\/pages\/14\/revisions"}],"predecessor-version":[{"id":389,"href":"https:\/\/wordpress.nibis.de\/opgs\/wp-json\/wp\/v2\/pages\/14\/revisions\/389"}],"wp:attachment":[{"href":"https:\/\/wordpress.nibis.de\/opgs\/wp-json\/wp\/v2\/media?parent=14"}],"curies":[{"name":"wp","href":"https:\/\/api.w.org\/{rel}","templated":true}]}}