{"id":48,"date":"2018-03-25T15:47:08","date_gmt":"2018-03-25T13:47:08","guid":{"rendered":"http:\/\/wordpress.nibis.de\/opgs\/?page_id=48"},"modified":"2018-04-05T19:05:37","modified_gmt":"2018-04-05T17:05:37","slug":"individualisierung","status":"publish","type":"page","link":"https:\/\/wordpress.nibis.de\/opgs\/unterricht\/individualisierung\/","title":{"rendered":"Individualisierung"},"content":{"rendered":"<p>[:de]<\/p>\n<p class=\"Standard-P\" style=\"text-align: justify\"><span class=\"Standard-C\" style=\"font-family: verdana,geneva,sans-serif\">Die Lehr- und Lerntradition deutscher Schulen lie\u00df sich h\u00e4ufig wie folgt beschreiben: \u201eDie gleichen Sch\u00fcler l\u00f6sen beim gleichen Lehrer im gleichen Raum zur gleichen Zeit im gleichen Tempo die gleichen Aufgaben mit dem gleichen Ergebnis.\u201c<\/span><\/p>\n<p class=\"Standard-P\" style=\"text-align: justify\"><span class=\"Standard-C\" style=\"font-family: verdana,geneva,sans-serif\">Auch wenn dieses Bild inzwischen f\u00fcr die meisten Schulen eine Karikatur darstellt, entspricht es auch einer Praxis, die nach den Erfahrungen von betroffenen Sch\u00fclerinnen und Sch\u00fclern, deren Eltern und auch nach den Ergebnissen mancher Schulinspektionsberichte im Alltag vieler Schulen noch nicht durchg\u00e4ngig \u00fcberwunden ist.<\/span><\/p>\n<p class=\"Standard-P\" style=\"text-align: justify\"><span class=\"Standard-C-C0\" style=\"font-family: verdana,geneva,sans-serif\">Wird der Unterschiedlichkeit, die in jeder Lerngruppe vorhanden ist, nicht Rechnung getragen, entsteht fast zwangsl\u00e4ufig ein \u201eTeufelskreis des Misslingens\u201c: die fehlende individuelle Passung f\u00fchrt zu \u00dcberforderung oder Unterforderung, was jeweils die Lernmotivation verringert, das Lernverhalten beeintr\u00e4chtigt und den Lernerfolg mindert oder verhindert. Lernangebote, die an einem fiktiven Durchschnitt ausgerichtet sind, k\u00f6nnen der gesellschaftlich und pers\u00f6nlich bedingten Vielfalt in sozialer, kultureller, ethnischer und intellektueller Hinsicht, der Unterschiedlichkeit in Bezug auf Lernvoraussetzungen und F\u00e4higkeiten, Begabungen, Interessen, Arbeitsverhalten, Temperament und Entwicklung nicht gerecht werden.<\/span><\/p>\n<p class=\"Standard-P\" style=\"text-align: justify\"><span class=\"Standard-C-C0\" style=\"font-family: verdana,geneva,sans-serif\">Wir ber\u00fccksichtigen in unserer Schule das unterschiedliche Lernverhalten und Leistungsverm\u00f6gen aller Kinder. Unsere Sch\u00fclerinnen und Sch\u00fcler sollen Spa\u00df am Lernen haben und aktiv ihre pers\u00f6nlichen Ziele angehen. Sie sollen in einer ansprechenden Atmosph\u00e4re in ihrem eigenen Lerntempo lernen und arbeiten. Es muss ihnen erm\u00f6glicht werden, ihren F\u00e4higkeiten und Neigungen entsprechend individuelle Lernwege einzuschlagen. Sie sollen Lernfortschritte wahrnehmen und als Erfolg verbuchen. Uns ist wichtig, dass unsere Sch\u00fclerinnen und Sch\u00fcler lernen ihre Lernprozesse zu planen, zu organisieren und zu reflektieren.<\/span><\/p>\n<p class=\"Standard-P\" style=\"text-align: justify\"><span class=\"Standard-C-C0\" style=\"font-family: verdana,geneva,sans-serif\">Daher haben wir an unserer Schule die individualisierte Lernzeit eingef\u00fchrt. In dieser Zeit des Tages, meistens im zweiten Lernblock zwischen der ersten und der zweiten Pause, w\u00e4hlen die Kinder selbst an welcher Aufgabe sie arbeiten &#8211; immer im Hinblick auf ihre aktuellen Lernziele. Die Lehrkraft ist Lernbegleiter und steht den Kindern beratend zur Seite. Diese lernen sich gegenseitig zu unterst\u00fctzen und zu helfen. Zudem lernen sie Verantwortung f\u00fcr ihren Lernprozess zu \u00fcbernehmen und selbstst\u00e4ndig Probleme zu l\u00f6sen.<\/span><\/p>\n<p class=\"Standard-P\" style=\"text-align: justify\"><span style=\"font-family: verdana,geneva,sans-serif\"><span class=\"Standard-C-C0\">In der individualisierten Lernzeit ist uns Freiheit genauso wichtig wie Struktur. Der Ablauf erfolgt in <\/span><span class=\"Standard-C-C0\">festem Rahmen und mit klaren Verbindlichkeiten. So ist den Kindern klar vorgegeben welche Ziele sie im Verlauf des Schuljahres erarbeiten m\u00fcssen. Gemeinsam wird im Klassenverband zu Beginn des Schuljahres eine Jahresplanung vorgenommen und \u201cDeadlines\u201d gesetzt.<\/span><\/span><\/p>\n<p class=\"Standard-P\"><span class=\"Standard-C-C0\" style=\"font-family: verdana,geneva,sans-serif\">In jeder Lernzeit gibt es einen gemeinsamen Beginn, w\u00e4hrend dem die Kinder ihre Aufgaben und Ziele formulieren und einen gemeinsamen Abschluss in Form einer Reflexion, in der die Lernqualit\u00e4t diskutiert wird, Probleme oder Erfolge kommuniziert werden und Ergebnisse vorgestellt werden d\u00fcrfen.<\/span><\/p>\n<p class=\"Standard-P\"><span class=\"Standard-C-C0\"><span style=\"font-family: verdana,geneva,sans-serif\">Festgehalten werden die individuellen Lernwege in unserem<\/span> <\/span><\/p>\n<p class=\"Standard-P\"><span class=\"Standard-C-C0\"><a class=\"hlink_2\" href=\"http:\/\/wordpress.nibis.de\/opgs\/unterricht\/lernbuch\/\">&gt;&gt; Lernbuch<\/a><\/span><\/p>\n<p>[:en]<\/p>\n<p class=\"Standard-P\" style=\"text-align: justify\"><span class=\"Standard-C\" style=\"font-family: verdana,geneva,sans-serif\">Die Lehr- und Lerntradition deutscher Schulen lie\u00df sich h\u00e4ufig wie folgt beschreiben: \u201eDie gleichen Sch\u00fcler l\u00f6sen beim gleichen Lehrer im gleichen Raum zur gleichen Zeit im gleichen Tempo die gleichen Aufgaben mit dem gleichen Ergebnis.\u201c<\/span><\/p>\n<p class=\"Standard-P\" style=\"text-align: justify\"><span class=\"Standard-C\" style=\"font-family: verdana,geneva,sans-serif\">Auch wenn dieses Bild inzwischen f\u00fcr die meisten Schulen eine Karikatur darstellt, entspricht es auch einer Praxis, die nach den Erfahrungen von betroffenen Sch\u00fclerinnen und Sch\u00fclern, deren Eltern und auch nach den Ergebnissen mancher Schulinspektionsberichte im Alltag vieler Schulen noch nicht durchg\u00e4ngig \u00fcberwunden ist.<\/span><\/p>\n<p class=\"Standard-P\" style=\"text-align: justify\"><span class=\"Standard-C-C0\" style=\"font-family: verdana,geneva,sans-serif\">Wird der Unterschiedlichkeit, die in jeder Lerngruppe vorhanden ist, nicht Rechnung getragen, entsteht fast zwangsl\u00e4ufig ein \u201eTeufelskreis des Misslingens\u201c: die fehlende individuelle Passung f\u00fchrt zu \u00dcberforderung oder Unterforderung, was jeweils die Lernmotivation verringert, das Lernverhalten beeintr\u00e4chtigt und den Lernerfolg mindert oder verhindert. Lernangebote, die an einem fiktiven Durchschnitt ausgerichtet sind, k\u00f6nnen der gesellschaftlich und pers\u00f6nlich bedingten Vielfalt in sozialer, kultureller, ethnischer und intellektueller Hinsicht, der Unterschiedlichkeit in Bezug auf Lernvoraussetzungen und F\u00e4higkeiten, Begabungen, Interessen, Arbeitsverhalten, Temperament und Entwicklung nicht gerecht werden.<\/span><\/p>\n<p class=\"Standard-P\" style=\"text-align: justify\"><span class=\"Standard-C-C0\" style=\"font-family: verdana,geneva,sans-serif\">Wir ber\u00fccksichtigen in unserer Schule das unterschiedliche Lernverhalten und Leistungsverm\u00f6gen aller Kinder. Unsere Sch\u00fclerinnen und Sch\u00fcler sollen Spa\u00df am Lernen haben und aktiv ihre pers\u00f6nlichen Ziele angehen. Sie sollen in einer ansprechenden Atmosph\u00e4re in ihrem eigenen Lerntempo lernen und arbeiten. Es muss ihnen erm\u00f6glicht werden, ihren F\u00e4higkeiten und Neigungen entsprechend individuelle Lernwege einzuschlagen. Sie sollen Lernfortschritte wahrnehmen und als Erfolg verbuchen. Uns ist wichtig, dass unsere Sch\u00fclerinnen und Sch\u00fcler lernen ihre Lernprozesse zu planen, zu organisieren und zu reflektieren.<\/span><\/p>\n<p class=\"Standard-P\" style=\"text-align: justify\"><span class=\"Standard-C-C0\" style=\"font-family: verdana,geneva,sans-serif\">Daher haben wir an unserer Schule die individualisierte Lernzeit eingef\u00fchrt. In dieser Zeit des Tages, meistens im zweiten Lernblock zwischen der ersten und der zweiten Pause, w\u00e4hlen die Kinder selbst an welcher Aufgabe sie arbeiten &#8211; immer im Hinblick auf ihre aktuellen Lernziele. Die Lehrkraft ist Lernbegleiter und steht den Kindern beratend zur Seite. Diese lernen sich gegenseitig zu unterst\u00fctzen und zu helfen. Zudem lernen sie Verantwortung f\u00fcr ihren Lernprozess zu \u00fcbernehmen und selbstst\u00e4ndig Probleme zu l\u00f6sen.<\/span><\/p>\n<p class=\"Standard-P\" style=\"text-align: justify\"><span style=\"font-family: verdana,geneva,sans-serif\"><span class=\"Standard-C-C0\">In der individualisierten Lernzeit ist uns Freiheit genauso wichtig wie Struktur. Der Ablauf erfolgt in <\/span><span class=\"Standard-C-C0\">festem Rahmen und mit klaren Verbindlichkeiten. So ist den Kindern klar vorgegeben welche Ziele sie im Verlauf des Schuljahres erarbeiten m\u00fcssen. Gemeinsam wird im Klassenverband zu Beginn des Schuljahres eine Jahresplanung vorgenommen und \u201cDeadlines\u201d gesetzt.<\/span><\/span><\/p>\n<p class=\"Standard-P\"><span class=\"Standard-C-C0\" style=\"font-family: verdana,geneva,sans-serif\">In jeder Lernzeit gibt es einen gemeinsamen Beginn, w\u00e4hrend dem die Kinder ihre Aufgaben und Ziele formulieren und einen gemeinsamen Abschluss in Form einer Reflexion, in der die Lernqualit\u00e4t diskutiert wird, Probleme oder Erfolge kommuniziert werden und Ergebnisse vorgestellt werden d\u00fcrfen.<\/span><\/p>\n<p class=\"Standard-P\"><span class=\"Standard-C-C0\"><span style=\"font-family: verdana,geneva,sans-serif\">Festgehalten werden die individuellen Lernwege in unserem<\/span> <\/span><\/p>\n<p class=\"Standard-P\"><span class=\"Standard-C-C0\"><a class=\"hlink_2\" href=\"http:\/\/nibis.de\/%7Egsmeters\/lernbuch.html\">&gt;&gt; Lernbuch<\/a><\/span><\/p>\n<p>[:]<\/p>\n","protected":false},"excerpt":{"rendered":"<p>[:de] Die Lehr- und Lerntradition deutscher Schulen lie\u00df sich h\u00e4ufig wie folgt beschreiben: \u201eDie gleichen Sch\u00fcler l\u00f6sen beim gleichen Lehrer im gleichen Raum zur gleichen Zeit im gleichen Tempo die gleichen Aufgaben mit dem gleichen Ergebnis.\u201c Auch wenn dieses Bild inzwischen f\u00fcr die meisten Schulen eine Karikatur darstellt, entspricht es auch einer Praxis, die nach [&hellip;]<\/p>\n","protected":false},"author":9192565,"featured_media":0,"parent":15,"menu_order":2,"comment_status":"closed","ping_status":"closed","template":"page-templates\/child-menu.php","meta":{"footnotes":""},"class_list":["post-48","page","type-page","status-publish","hentry"],"_links":{"self":[{"href":"https:\/\/wordpress.nibis.de\/opgs\/wp-json\/wp\/v2\/pages\/48","targetHints":{"allow":["GET"]}}],"collection":[{"href":"https:\/\/wordpress.nibis.de\/opgs\/wp-json\/wp\/v2\/pages"}],"about":[{"href":"https:\/\/wordpress.nibis.de\/opgs\/wp-json\/wp\/v2\/types\/page"}],"author":[{"embeddable":true,"href":"https:\/\/wordpress.nibis.de\/opgs\/wp-json\/wp\/v2\/users\/9192565"}],"replies":[{"embeddable":true,"href":"https:\/\/wordpress.nibis.de\/opgs\/wp-json\/wp\/v2\/comments?post=48"}],"version-history":[{"count":4,"href":"https:\/\/wordpress.nibis.de\/opgs\/wp-json\/wp\/v2\/pages\/48\/revisions"}],"predecessor-version":[{"id":289,"href":"https:\/\/wordpress.nibis.de\/opgs\/wp-json\/wp\/v2\/pages\/48\/revisions\/289"}],"up":[{"embeddable":true,"href":"https:\/\/wordpress.nibis.de\/opgs\/wp-json\/wp\/v2\/pages\/15"}],"wp:attachment":[{"href":"https:\/\/wordpress.nibis.de\/opgs\/wp-json\/wp\/v2\/media?parent=48"}],"curies":[{"name":"wp","href":"https:\/\/api.w.org\/{rel}","templated":true}]}}

<p>[:de]</p>
<p class="Standard-P" style="text-align: justify"><span class="Standard-C" style="font-family: verdana,geneva,sans-serif">Die Lehr- und Lerntradition deutscher Schulen ließ sich häufig wie folgt beschreiben: „Die gleichen Schüler lösen beim gleichen Lehrer im gleichen Raum zur gleichen Zeit im gleichen Tempo die gleichen Aufgaben mit dem gleichen Ergebnis.“</span></p>
<p class="Standard-P" style="text-align: justify"><span class="Standard-C" style="font-family: verdana,geneva,sans-serif">Auch wenn dieses Bild inzwischen für die meisten Schulen eine Karikatur darstellt, entspricht es auch einer Praxis, die nach den Erfahrungen von betroffenen Schülerinnen und Schülern, deren Eltern und auch nach den Ergebnissen mancher Schulinspektionsberichte im Alltag vieler Schulen noch nicht durchgängig überwunden ist.</span></p>
<p class="Standard-P" style="text-align: justify"><span class="Standard-C-C0" style="font-family: verdana,geneva,sans-serif">Wird der Unterschiedlichkeit, die in jeder Lerngruppe vorhanden ist, nicht Rechnung getragen, entsteht fast zwangsläufig ein „Teufelskreis des Misslingens“: die fehlende individuelle Passung führt zu Überforderung oder Unterforderung, was jeweils die Lernmotivation verringert, das Lernverhalten beeinträchtigt und den Lernerfolg mindert oder verhindert. Lernangebote, die an einem fiktiven Durchschnitt ausgerichtet sind, können der gesellschaftlich und persönlich bedingten Vielfalt in sozialer, kultureller, ethnischer und intellektueller Hinsicht, der Unterschiedlichkeit in Bezug auf Lernvoraussetzungen und Fähigkeiten, Begabungen, Interessen, Arbeitsverhalten, Temperament und Entwicklung nicht gerecht werden.</span></p>
<p class="Standard-P" style="text-align: justify"><span class="Standard-C-C0" style="font-family: verdana,geneva,sans-serif">Wir berücksichtigen in unserer Schule das unterschiedliche Lernverhalten und Leistungsvermögen aller Kinder. Unsere Schülerinnen und Schüler sollen Spaß am Lernen haben und aktiv ihre persönlichen Ziele angehen. Sie sollen in einer ansprechenden Atmosphäre in ihrem eigenen Lerntempo lernen und arbeiten. Es muss ihnen ermöglicht werden, ihren Fähigkeiten und Neigungen entsprechend individuelle Lernwege einzuschlagen. Sie sollen Lernfortschritte wahrnehmen und als Erfolg verbuchen. Uns ist wichtig, dass unsere Schülerinnen und Schüler lernen ihre Lernprozesse zu planen, zu organisieren und zu reflektieren.</span></p>
<p class="Standard-P" style="text-align: justify"><span class="Standard-C-C0" style="font-family: verdana,geneva,sans-serif">Daher haben wir an unserer Schule die individualisierte Lernzeit eingeführt. In dieser Zeit des Tages, meistens im zweiten Lernblock zwischen der ersten und der zweiten Pause, wählen die Kinder selbst an welcher Aufgabe sie arbeiten &#8211; immer im Hinblick auf ihre aktuellen Lernziele. Die Lehrkraft ist Lernbegleiter und steht den Kindern beratend zur Seite. Diese lernen sich gegenseitig zu unterstützen und zu helfen. Zudem lernen sie Verantwortung für ihren Lernprozess zu übernehmen und selbstständig Probleme zu lösen.</span></p>
<p class="Standard-P" style="text-align: justify"><span style="font-family: verdana,geneva,sans-serif"><span class="Standard-C-C0">In der individualisierten Lernzeit ist uns Freiheit genauso wichtig wie Struktur. Der Ablauf erfolgt in </span><span class="Standard-C-C0">festem Rahmen und mit klaren Verbindlichkeiten. So ist den Kindern klar vorgegeben welche Ziele sie im Verlauf des Schuljahres erarbeiten müssen. Gemeinsam wird im Klassenverband zu Beginn des Schuljahres eine Jahresplanung vorgenommen und “Deadlines” gesetzt.</span></span></p>
<p class="Standard-P"><span class="Standard-C-C0" style="font-family: verdana,geneva,sans-serif">In jeder Lernzeit gibt es einen gemeinsamen Beginn, während dem die Kinder ihre Aufgaben und Ziele formulieren und einen gemeinsamen Abschluss in Form einer Reflexion, in der die Lernqualität diskutiert wird, Probleme oder Erfolge kommuniziert werden und Ergebnisse vorgestellt werden dürfen.</span></p>
<p class="Standard-P"><span class="Standard-C-C0"><span style="font-family: verdana,geneva,sans-serif">Festgehalten werden die individuellen Lernwege in unserem</span> </span></p>
<p class="Standard-P"><span class="Standard-C-C0"><a class="hlink_2" href="http://wordpress.nibis.de/opgs/unterricht/lernbuch/">&gt;&gt; Lernbuch</a></span></p>
<p>[:en]</p>
<p class="Standard-P" style="text-align: justify"><span class="Standard-C" style="font-family: verdana,geneva,sans-serif">Die Lehr- und Lerntradition deutscher Schulen ließ sich häufig wie folgt beschreiben: „Die gleichen Schüler lösen beim gleichen Lehrer im gleichen Raum zur gleichen Zeit im gleichen Tempo die gleichen Aufgaben mit dem gleichen Ergebnis.“</span></p>
<p class="Standard-P" style="text-align: justify"><span class="Standard-C" style="font-family: verdana,geneva,sans-serif">Auch wenn dieses Bild inzwischen für die meisten Schulen eine Karikatur darstellt, entspricht es auch einer Praxis, die nach den Erfahrungen von betroffenen Schülerinnen und Schülern, deren Eltern und auch nach den Ergebnissen mancher Schulinspektionsberichte im Alltag vieler Schulen noch nicht durchgängig überwunden ist.</span></p>
<p class="Standard-P" style="text-align: justify"><span class="Standard-C-C0" style="font-family: verdana,geneva,sans-serif">Wird der Unterschiedlichkeit, die in jeder Lerngruppe vorhanden ist, nicht Rechnung getragen, entsteht fast zwangsläufig ein „Teufelskreis des Misslingens“: die fehlende individuelle Passung führt zu Überforderung oder Unterforderung, was jeweils die Lernmotivation verringert, das Lernverhalten beeinträchtigt und den Lernerfolg mindert oder verhindert. Lernangebote, die an einem fiktiven Durchschnitt ausgerichtet sind, können der gesellschaftlich und persönlich bedingten Vielfalt in sozialer, kultureller, ethnischer und intellektueller Hinsicht, der Unterschiedlichkeit in Bezug auf Lernvoraussetzungen und Fähigkeiten, Begabungen, Interessen, Arbeitsverhalten, Temperament und Entwicklung nicht gerecht werden.</span></p>
<p class="Standard-P" style="text-align: justify"><span class="Standard-C-C0" style="font-family: verdana,geneva,sans-serif">Wir berücksichtigen in unserer Schule das unterschiedliche Lernverhalten und Leistungsvermögen aller Kinder. Unsere Schülerinnen und Schüler sollen Spaß am Lernen haben und aktiv ihre persönlichen Ziele angehen. Sie sollen in einer ansprechenden Atmosphäre in ihrem eigenen Lerntempo lernen und arbeiten. Es muss ihnen ermöglicht werden, ihren Fähigkeiten und Neigungen entsprechend individuelle Lernwege einzuschlagen. Sie sollen Lernfortschritte wahrnehmen und als Erfolg verbuchen. Uns ist wichtig, dass unsere Schülerinnen und Schüler lernen ihre Lernprozesse zu planen, zu organisieren und zu reflektieren.</span></p>
<p class="Standard-P" style="text-align: justify"><span class="Standard-C-C0" style="font-family: verdana,geneva,sans-serif">Daher haben wir an unserer Schule die individualisierte Lernzeit eingeführt. In dieser Zeit des Tages, meistens im zweiten Lernblock zwischen der ersten und der zweiten Pause, wählen die Kinder selbst an welcher Aufgabe sie arbeiten &#8211; immer im Hinblick auf ihre aktuellen Lernziele. Die Lehrkraft ist Lernbegleiter und steht den Kindern beratend zur Seite. Diese lernen sich gegenseitig zu unterstützen und zu helfen. Zudem lernen sie Verantwortung für ihren Lernprozess zu übernehmen und selbstständig Probleme zu lösen.</span></p>
<p class="Standard-P" style="text-align: justify"><span style="font-family: verdana,geneva,sans-serif"><span class="Standard-C-C0">In der individualisierten Lernzeit ist uns Freiheit genauso wichtig wie Struktur. Der Ablauf erfolgt in </span><span class="Standard-C-C0">festem Rahmen und mit klaren Verbindlichkeiten. So ist den Kindern klar vorgegeben welche Ziele sie im Verlauf des Schuljahres erarbeiten müssen. Gemeinsam wird im Klassenverband zu Beginn des Schuljahres eine Jahresplanung vorgenommen und “Deadlines” gesetzt.</span></span></p>
<p class="Standard-P"><span class="Standard-C-C0" style="font-family: verdana,geneva,sans-serif">In jeder Lernzeit gibt es einen gemeinsamen Beginn, während dem die Kinder ihre Aufgaben und Ziele formulieren und einen gemeinsamen Abschluss in Form einer Reflexion, in der die Lernqualität diskutiert wird, Probleme oder Erfolge kommuniziert werden und Ergebnisse vorgestellt werden dürfen.</span></p>
<p class="Standard-P"><span class="Standard-C-C0"><span style="font-family: verdana,geneva,sans-serif">Festgehalten werden die individuellen Lernwege in unserem</span> </span></p>
<p class="Standard-P"><span class="Standard-C-C0"><a class="hlink_2" href="http://nibis.de/%7Egsmeters/lernbuch.html">&gt;&gt; Lernbuch</a></span></p>
<p>[:]</p>

<p>[:de] Die Lehr- und Lerntradition deutscher Schulen ließ sich häufig wie folgt beschreiben: „Die gleichen Schüler lösen beim gleichen Lehrer im gleichen Raum zur gleichen Zeit im gleichen Tempo die gleichen Aufgaben mit dem gleichen Ergebnis.“ Auch wenn dieses Bild inzwischen für die meisten Schulen eine Karikatur darstellt, entspricht es auch einer Praxis, die nach [&hellip;]</p>
