{"id":51,"date":"2018-03-25T15:47:08","date_gmt":"2018-03-25T13:47:08","guid":{"rendered":"http:\/\/wordpress.nibis.de\/opgs\/?page_id=51"},"modified":"2018-04-05T19:09:54","modified_gmt":"2018-04-05T17:09:54","slug":"lernentwicklungsgespraeche","status":"publish","type":"page","link":"https:\/\/wordpress.nibis.de\/opgs\/unterricht\/lernentwicklungsgespraeche\/","title":{"rendered":"Lernentwicklungsgespr\u00e4che"},"content":{"rendered":"<p>[:de]<\/p>\n<p class=\"Standard-P\" style=\"text-align: justify\"><span class=\"Standard-C\">Die Lernentwicklungsgespr\u00e4che (LEG) ersetzen in Niedersachsen die ehemaligen Elternsprechtage. Sie finden an der Otfried-Preu\u00dfler-Schule zweimal j\u00e4hrlich statt. Der vorgegebene Zeitraum ist in unserem Kalender gekennzeichnet. Im Fokus der Gespr\u00e4che steht die individuelle (Lern-) Situation des Kindes mit seinen St\u00e4rken, Schw\u00e4chen und Entwicklungs-potenzialen. <\/span><\/p>\n<p>&nbsp;<\/p>\n<p class=\"Standard-P\" style=\"text-align: justify\"><span class=\"Standard-C\"><strong>Zielsetzungen:<\/strong> <\/span><\/p>\n<p class=\"Standard-P\" style=\"text-align: justify\"><span class=\"Standard-C-C0\">In den Lernentwicklungsgespr\u00e4chen tauschen sich Sch\u00fcler und Eltern mit den Klassenleitungen unter Einbezug des Lernbuches \u00fcber die individuellen Lernfortschritte und die erreichten Lernst\u00e4nde aus. Au\u00dferdem werden die n\u00e4chsten pers\u00f6nlichen Lernschritte gemeinsam geplant und schriftlich fixiert. Dabei werden alle Beteiligten in die Verantwortung genommen ihren Teil dazu beizutragen.<\/span><\/p>\n<p>&nbsp;<\/p>\n<p class=\"Standard-P\" style=\"text-align: justify\"><strong><span class=\"Standard-C\">Ablauf:<\/span><\/strong><\/p>\n<p class=\"Standard-P\" style=\"text-align: justify\"><span class=\"Standard-C-C0\">Zu Beginn des Gespr\u00e4chs stellt der Sch\u00fcler oder die Sch\u00fclerin seine Einsch\u00e4tzung \u00fcber die Lernentwicklung der letzten Zeit vor. Die Pr\u00e4sentation dieser individuellen Lernleistungen bildet den Ausgangspunkt des Lernentwicklungsgespr\u00e4chs und soll dazu beitragen, bei den St\u00e4rken des Sch\u00fclers\/der Sch\u00fclerin anzukn\u00fcpfen. Dabei spielen neben den fachlichen Leistungen auch soziale, personale und methodische Kompetenzen eine wichtige Rolle.<\/span><\/p>\n<p class=\"Standard-P\" style=\"text-align: justify\"><span class=\"Standard-C-C0\">Im weiteren Verlauf des Gespr\u00e4chs wird diese Selbsteinsch\u00e4tzung durch eine \u201eFremdeinsch\u00e4tzung\u201c von Seiten der Eltern und Lehrer\/innen erg\u00e4nzt: Die Klassenleitungen informieren zu Lernkontrollen und sonstiger Mitarbeit (auch von Kollegen, die andere F\u00e4cher vertreten,) \u00fcber den Leistungsstand sowie das Arbeits- und Sozialverhalten des Kindes.<\/span><\/p>\n<p class=\"Standard-P\" style=\"text-align: justify\"><span class=\"Standard-C-C0\">Schlie\u00dflich werden die n\u00e4chsten Lernschritte, im Sinne der St\u00e4rkung der Eigenverantwortung der Lernenden, von dem Kind gemeinsam mit den Lehrern und Eltern m\u00f6glichst konkret formuliert und in Form von Zielvereinbarungen festgehalten. <\/span><\/p>\n<p>&nbsp;<\/p>\n<p class=\"Standard-P\" style=\"text-align: justify\"><strong><span class=\"Standard-C\">Organisation:<\/span><\/strong><\/p>\n<p class=\"Wp-Standard-P\" style=\"text-align: justify\"><span class=\"Standard-C-C0\">&#8211; Termine werden mit der Klassenleitung ausgemacht &#8211; die Teilnahme ist obligatorisch.<\/span><\/p>\n<p class=\"Wp-Standard-P\" style=\"text-align: justify\"><span class=\"Standard-C-C0\">&#8211; Die Gespr\u00e4che f\u00fchrt die Klassenleitung mit dem Kind &#8211; die Eltern unterst\u00fctzen. <\/span><\/p>\n<p class=\"Wp-Standard-P\" style=\"text-align: justify\"><span class=\"Standard-C-C0\">&#8211; Dabei informiert die Lehrkraft auch \u00fcber die Leistungen der F\u00e4cher, die von anderen Kollegen unterrichtet werden.<\/span><\/p>\n<p class=\"Wp-Standard-P\" style=\"text-align: justify\"><span class=\"Standard-C-C0\">&#8211; Die Dauer eines Lernentwicklungsgespr\u00e4chs betr\u00e4gt 20-30 Minuten.<\/span><\/p>\n<p class=\"Wp-Standard-P\" style=\"text-align: justify\"><span class=\"Standard-C-C0\">&#8211; Das Lernbuch ist zum Gespr\u00e4ch mitzubringen.<\/span><\/p>\n<p class=\"Wp-Standard-P\" style=\"text-align: justify\"><span class=\"Standard-C-C0\">&#8211; Die Lehrkraft f\u00fchrt ein Protokoll, welches alle Anwesenden zum Ende des Gespr\u00e4chs unterzeichnen. <\/span><\/p>\n<p>[:en]<\/p>\n<p class=\"Standard-P\" style=\"text-align: justify\"><span class=\"Standard-C\">Die Lernentwicklungsgespr\u00e4che (LEG) ersetzen in Niedersachsen die ehemaligen Elternsprechtage. Sie finden an der Otfried-Preu\u00dfler-Schule zweimal j\u00e4hrlich statt. Der vorgegebene Zeitraum ist in unserem Kalender gekennzeichnet. Im Fokus der Gespr\u00e4che steht die individuelle (Lern-) Situation des Kindes mit seinen St\u00e4rken, Schw\u00e4chen und Entwicklungs-potenzialen. <\/span><\/p>\n<p>&nbsp;<\/p>\n<p class=\"Standard-P\" style=\"text-align: justify\"><span class=\"Standard-C\"><strong>Zielsetzungen:<\/strong> <\/span><\/p>\n<p class=\"Standard-P\" style=\"text-align: justify\"><span class=\"Standard-C-C0\">In den Lernentwicklungsgespr\u00e4chen tauschen sich Sch\u00fcler und Eltern mit den Klassenleitungen unter Einbezug des Lernbuches \u00fcber die individuellen Lernfortschritte und die erreichten Lernst\u00e4nde aus. Au\u00dferdem werden die n\u00e4chsten pers\u00f6nlichen Lernschritte gemeinsam geplant und schriftlich fixiert. Dabei werden alle Beteiligten in die Verantwortung genommen ihren Teil dazu beizutragen.<\/span><\/p>\n<p>&nbsp;<\/p>\n<p class=\"Standard-P\" style=\"text-align: justify\"><strong><span class=\"Standard-C\">Ablauf:<\/span><\/strong><\/p>\n<p class=\"Standard-P\" style=\"text-align: justify\"><span class=\"Standard-C-C0\">Zu Beginn des Gespr\u00e4chs stellt der Sch\u00fcler oder die Sch\u00fclerin seine Einsch\u00e4tzung \u00fcber die Lernentwicklung der letzten Zeit vor. Die Pr\u00e4sentation dieser individuellen Lernleistungen bildet den Ausgangspunkt des Lernentwicklungsgespr\u00e4chs und soll dazu beitragen, bei den St\u00e4rken des Sch\u00fclers\/der Sch\u00fclerin anzukn\u00fcpfen. Dabei spielen neben den fachlichen Leistungen auch soziale, personale und methodische Kompetenzen eine wichtige Rolle.<\/span><\/p>\n<p class=\"Standard-P\" style=\"text-align: justify\"><span class=\"Standard-C-C0\">Im weiteren Verlauf des Gespr\u00e4chs wird diese Selbsteinsch\u00e4tzung durch eine \u201eFremdeinsch\u00e4tzung\u201c von Seiten der Eltern und Lehrer\/innen erg\u00e4nzt: Die Klassenleitungen informieren zu Lernkontrollen und sonstiger Mitarbeit (auch von Kollegen, die andere F\u00e4cher vertreten,) \u00fcber den Leistungsstand sowie das Arbeits- und Sozialverhalten des Kindes.<\/span><\/p>\n<p class=\"Standard-P\" style=\"text-align: justify\"><span class=\"Standard-C-C0\">Schlie\u00dflich werden die n\u00e4chsten Lernschritte, im Sinne der St\u00e4rkung der Eigenverantwortung der Lernenden, von dem Kind gemeinsam mit den Lehrern und Eltern m\u00f6glichst konkret formuliert und in Form von Zielvereinbarungen festgehalten. <\/span><\/p>\n<p>&nbsp;<\/p>\n<p class=\"Standard-P\" style=\"text-align: justify\"><strong><span class=\"Standard-C\">Organisation:<\/span><\/strong><\/p>\n<p class=\"Wp-Standard-P\" style=\"text-align: justify\"><span class=\"Standard-C-C0\">&#8211; Termine werden mit der Klassenleitung ausgemacht &#8211; die Teilnahme ist obligatorisch.<\/span><\/p>\n<p class=\"Wp-Standard-P\" style=\"text-align: justify\"><span class=\"Standard-C-C0\">&#8211; Die Gespr\u00e4che f\u00fchrt die Klassenleitung mit dem Kind &#8211; die Eltern unterst\u00fctzen. <\/span><\/p>\n<p class=\"Wp-Standard-P\" style=\"text-align: justify\"><span class=\"Standard-C-C0\">&#8211; Dabei informiert die Lehrkraft auch \u00fcber die Leistungen der F\u00e4cher, die von anderen Kollegen unterrichtet werden.<\/span><\/p>\n<p class=\"Wp-Standard-P\" style=\"text-align: justify\"><span class=\"Standard-C-C0\">&#8211; Die Dauer eines Lernentwicklungsgespr\u00e4chs betr\u00e4gt 20-30 Minuten.<\/span><\/p>\n<p class=\"Wp-Standard-P\" style=\"text-align: justify\"><span class=\"Standard-C-C0\">&#8211; Das Lernbuch ist zum Gespr\u00e4ch mitzubringen.<\/span><\/p>\n<p class=\"Wp-Standard-P\" style=\"text-align: justify\"><span class=\"Standard-C-C0\">&#8211; Die Lehrkraft f\u00fchrt ein Protokoll, welches alle Anwesenden zum Ende des Gespr\u00e4chs unterzeichnen. <\/span><\/p>\n<p>[:]<\/p>\n","protected":false},"excerpt":{"rendered":"<p>[:de] Die Lernentwicklungsgespr\u00e4che (LEG) ersetzen in Niedersachsen die ehemaligen Elternsprechtage. Sie finden an der Otfried-Preu\u00dfler-Schule zweimal j\u00e4hrlich statt. Der vorgegebene Zeitraum ist in unserem Kalender gekennzeichnet. Im Fokus der Gespr\u00e4che steht die individuelle (Lern-) Situation des Kindes mit seinen St\u00e4rken, Schw\u00e4chen und Entwicklungs-potenzialen. &nbsp; Zielsetzungen: In den Lernentwicklungsgespr\u00e4chen tauschen sich Sch\u00fcler und Eltern mit den [&hellip;]<\/p>\n","protected":false},"author":9192565,"featured_media":0,"parent":15,"menu_order":5,"comment_status":"closed","ping_status":"closed","template":"page-templates\/child-menu.php","meta":{"footnotes":""},"class_list":["post-51","page","type-page","status-publish","hentry"],"_links":{"self":[{"href":"https:\/\/wordpress.nibis.de\/opgs\/wp-json\/wp\/v2\/pages\/51","targetHints":{"allow":["GET"]}}],"collection":[{"href":"https:\/\/wordpress.nibis.de\/opgs\/wp-json\/wp\/v2\/pages"}],"about":[{"href":"https:\/\/wordpress.nibis.de\/opgs\/wp-json\/wp\/v2\/types\/page"}],"author":[{"embeddable":true,"href":"https:\/\/wordpress.nibis.de\/opgs\/wp-json\/wp\/v2\/users\/9192565"}],"replies":[{"embeddable":true,"href":"https:\/\/wordpress.nibis.de\/opgs\/wp-json\/wp\/v2\/comments?post=51"}],"version-history":[{"count":3,"href":"https:\/\/wordpress.nibis.de\/opgs\/wp-json\/wp\/v2\/pages\/51\/revisions"}],"predecessor-version":[{"id":292,"href":"https:\/\/wordpress.nibis.de\/opgs\/wp-json\/wp\/v2\/pages\/51\/revisions\/292"}],"up":[{"embeddable":true,"href":"https:\/\/wordpress.nibis.de\/opgs\/wp-json\/wp\/v2\/pages\/15"}],"wp:attachment":[{"href":"https:\/\/wordpress.nibis.de\/opgs\/wp-json\/wp\/v2\/media?parent=51"}],"curies":[{"name":"wp","href":"https:\/\/api.w.org\/{rel}","templated":true}]}}