{"id":161,"date":"2016-11-21T21:41:11","date_gmt":"2016-11-21T19:41:11","guid":{"rendered":"http:\/\/wordpress.nibis.de\/orth\/?page_id=161"},"modified":"2016-11-21T21:51:11","modified_gmt":"2016-11-21T19:51:11","slug":"schulmedientag-in-stade","status":"publish","type":"page","link":"https:\/\/wordpress.nibis.de\/orth\/schulmedientag-in-stade\/","title":{"rendered":"Schulmedientag in Stade"},"content":{"rendered":"<h2 align=\"justify\">Digitale Bildungsoffensive im Landkreis Stade<\/h2>\n<h3 align=\"justify\">Mehr als 230 Teilnehmerinnen und Teilnehmer aus ganz Niedersachsen informierten sich am Schulmedientag in den Berufsbildenden Schulen \u00fcber Innovationen f\u00fcr die digitale Bildung<\/h3>\n<p align=\"justify\">\u201aLeben und lernen mit digitalen Medien\u2018 lautete das Motto des Schulmedientages, der am 26.10.2016 in den Berufsbildenden Schulen in Stade stattfand. Die regionalen Schulmedientage sind ein wichtiger Bestandteil des von der Landesregierung beschlossenen Konzeptes \u201aMedienkompetenz in Niedersachsen &#8211; Ziellinie 2020\u2018 und werden im Auftrag des Nieders\u00e4chsischen Kultusministeriums vom Nieders\u00e4chsischen Landesinstitut f\u00fcr schulische Qualit\u00e4tsentwicklung (NLQ) in Kooperation mit der Nieders\u00e4chsischen Landesmedienanstalt (NLM), dem Verein n-21, den Medienp\u00e4dagogischen Beraterinnen und Beratern in Niedersachsen und regionalen Kooperationspartnern durchgef\u00fchrt.<a name=\"_GoBack\"><\/a><\/p>\n<div id=\"attachment_170\" style=\"width: 650px\" class=\"wp-caption alignnone\"><a href=\"http:\/\/wordpress.nibis.de\/orth\/files\/161026-schulmedientag09.jpg\"><img loading=\"lazy\" decoding=\"async\" aria-describedby=\"caption-attachment-170\" class=\"wp-image-170 size-large\" src=\"http:\/\/wordpress.nibis.de\/orth\/files\/161026-schulmedientag09-1024x667.jpg\" alt=\"161026-schulmedientag09\" width=\"640\" height=\"417\" srcset=\"https:\/\/wordpress.nibis.de\/orth\/files\/161026-schulmedientag09.jpg 1024w, https:\/\/wordpress.nibis.de\/orth\/files\/161026-schulmedientag09-300x195.jpg 300w, https:\/\/wordpress.nibis.de\/orth\/files\/161026-schulmedientag09-768x500.jpg 768w\" sizes=\"auto, (max-width: 640px) 100vw, 640px\" \/><\/a><p id=\"caption-attachment-170\" class=\"wp-caption-text\">Information und Erfahrungsaustausch auf dem Markt der M\u00f6glichkeiten, Foto: Pressestelle LK Stade, Schmidt<\/p><\/div>\n<p>Der landesweit beworbene Schulmedientag in Stade hatte als einziger den Schwerpunkt \u201eBerufliche Bildung\u201c. Dementsprechend breit gef\u00e4chert war das Angebot an Workshops, in denen Best-Practice-Beispiele aus dem Unterricht bzw. Projekte aus Schulen, Kindertageseinrichtungen und Unterst\u00fctzungseinrichtungen des regionalen Umfeldes pr\u00e4sentiert und in begleiteten Workshops bzw. Gespr\u00e4chskreisen ausf\u00fchrlicher vorgestellt und diskutiert wurden (z. B. Web-Projekte, Audio\/Radio-Arbeit, Video-Arbeit, regionale Film-Wettbewerbe, Praxisbeispiele aus Notebook-Schulen\/Tablet-Klassen, Lernkultur mit Medien an Medienprofilschulen, besondere Medienprojekte, regionale Bildungsserver, regionale Mediennetzwerke, Medienkultur-Darbietungen, etc.). Besondere Schwerpunkte waren dieses Jahr das Thema Industrie und Landwirtschaft 4.0 sowie das Projekt \u201aDigital Deutsch Lernen\u2018. Innerhalb der Workshop-Phasen wurde auch ein Block zur \u201eKommunalen Medienentwicklungsplanung zum Aufbau und Betrieb lernf\u00f6rderlicher IT-Infrastrukturen\u201c angeboten, der sich an die Schultr\u00e4ger der Region als Zielgruppe richtete.<\/p>\n<p align=\"justify\">Neben den Workshops zeigten auf dem Markt der M\u00f6glichkeiten \u00fcber 30 Firmen, Produzenten und regionalen Partner neue, innovative Produkte und Dienstleistungen f\u00fcr einen modernen, zukunftsorientierten Unterricht.<\/p>\n<div id=\"attachment_169\" style=\"width: 710px\" class=\"wp-caption alignnone\"><a href=\"http:\/\/wordpress.nibis.de\/orth\/files\/161026-schulmedientag04-1.jpg\"><img loading=\"lazy\" decoding=\"async\" aria-describedby=\"caption-attachment-169\" class=\"wp-image-169\" src=\"http:\/\/wordpress.nibis.de\/orth\/files\/161026-schulmedientag04-1-1024x305.jpg\" alt=\"161026-schulmedientag04\" width=\"700\" height=\"209\" srcset=\"https:\/\/wordpress.nibis.de\/orth\/files\/161026-schulmedientag04-1.jpg 1024w, https:\/\/wordpress.nibis.de\/orth\/files\/161026-schulmedientag04-1-300x89.jpg 300w, https:\/\/wordpress.nibis.de\/orth\/files\/161026-schulmedientag04-1-768x229.jpg 768w\" sizes=\"auto, (max-width: 700px) 100vw, 700px\" \/><\/a><p id=\"caption-attachment-169\" class=\"wp-caption-text\">Applaus f\u00fcr die Sch\u00fclergenossenschaft und die beteiligten Sch\u00fclerfirmen, Foto: Pressestelle LK Stade, Schmidt<\/p><\/div>\n<p align=\"justify\"><em>Foto: Pressestelle LK Stade &#8211; Schmidt<\/em><\/p>\n<div id=\"attachment_171\" style=\"width: 310px\" class=\"wp-caption alignleft\"><a href=\"http:\/\/wordpress.nibis.de\/orth\/files\/smt3grundmann.jpg\"><img loading=\"lazy\" decoding=\"async\" aria-describedby=\"caption-attachment-171\" class=\"wp-image-171 size-medium\" src=\"http:\/\/wordpress.nibis.de\/orth\/files\/smt3grundmann-300x250.jpg\" alt=\"smt3grundmann\" width=\"300\" height=\"250\" srcset=\"https:\/\/wordpress.nibis.de\/orth\/files\/smt3grundmann-300x250.jpg 300w, https:\/\/wordpress.nibis.de\/orth\/files\/smt3grundmann-768x639.jpg 768w, https:\/\/wordpress.nibis.de\/orth\/files\/smt3grundmann.jpg 1024w\" sizes=\"auto, (max-width: 300px) 100vw, 300px\" \/><\/a><p id=\"caption-attachment-171\" class=\"wp-caption-text\">Oliver Grundmann, MdB<\/p><\/div>\n<p align=\"justify\">Sichtlich zufrieden war das Organisationsteam vor Ort, die medienp\u00e4dagogischen Berater des NLQ, Einar Huschitt, Dr. Annette Orth und J\u00f6rg Steinemann mit der Resonanz der Veranstaltung. \u201eWir sind sicher, dass durch den Schulmedientag wichtige Impulse f\u00fcr die digitale Bildung und damit auch f\u00fcr die Umsetzung des Konzeptes \u201aMedienkompetenz in Niedersachsen &#8211; Ziellinie 2020\u2018 gegeben wurden. Digitale Medien sind heute eine selbstverst\u00e4ndliche Voraussetzung f\u00fcr die gesellschaftliche Teilhabe und den beruflichen Aufstieg. Ein leistungsf\u00e4higes Bildungssystem muss sich diesen Herausforderungen stellen. Insbesondere auch f\u00fcr Menschen anderer Nationalit\u00e4t, die erst seit kurzer Zeit hier leben, bieten digitale Medien gro\u00dfe Chancen, sich mit unserer Sprache, Kultur und beruflichen M\u00f6glichkeiten vertraut zu machen.<\/p>\n<p align=\"justify\">Ein wichtiger Schwerpunkt ist deshalb auch das NLQ-Projekt \u201aDigital Deutsch Lernen\u2018, dem sich drei Workshops widmeten.\u201c Auch die Redner in der Einf\u00fchrungsveranstaltung unterst\u00fctzten die Bedeutung der digitalen Bildung. \u201eIn weniger als zehn Jahren werden viele Dinge, die wir uns heute noch nicht ausmalen k\u00f6nnen, normal sein. Darauf m\u00fcssen wir junge Menschen gr\u00fcndlich vorbereiten. Schlie\u00dflich setzt man auch niemanden ans Steuer, der noch nie etwas von Verkehrsregeln geh\u00f6rt hat. Deshalb wollen wir gemeinsam mit den L\u00e4ndern im Rahmen einer Bildungsoffensive die digitale Ausstattung der Schulen f\u00f6rdern\u201c, so der Bundestagsa\u00adbgeordnete Oliver Grundmann.<\/p>\n<div id=\"attachment_172\" style=\"width: 310px\" class=\"wp-caption alignleft\"><a href=\"http:\/\/wordpress.nibis.de\/orth\/files\/smt4Lantz.jpg\"><img loading=\"lazy\" decoding=\"async\" aria-describedby=\"caption-attachment-172\" class=\"wp-image-172 size-medium\" src=\"http:\/\/wordpress.nibis.de\/orth\/files\/smt4Lantz-300x236.jpg\" alt=\"smt4lantz\" width=\"300\" height=\"236\" srcset=\"https:\/\/wordpress.nibis.de\/orth\/files\/smt4Lantz-300x236.jpg 300w, https:\/\/wordpress.nibis.de\/orth\/files\/smt4Lantz-768x603.jpg 768w, https:\/\/wordpress.nibis.de\/orth\/files\/smt4Lantz.jpg 1024w\" sizes=\"auto, (max-width: 300px) 100vw, 300px\" \/><\/a><p id=\"caption-attachment-172\" class=\"wp-caption-text\">Dr. Eckart Lantz, Erster Kreisrat<\/p><\/div>\n<p align=\"justify\">Der Erste Kreisrat, Dr. Eckart Lantz, betonte, dass die digitale Bildung ein bedeutender Standortfaktor f\u00fcr die regionale Entwicklung sei. Die digitalen Medien bieten hier enorme Potentiale f\u00fcr die allgemeinbildenden und berufs\u00adbildenden Schulen. \u201eDer Einsatz von Medien in der Schule bedeutete fr\u00fcher, dass der Lehrer mit einer Filmrolle, die er aus der Kreisbildstelle geholt hatte, den Klassenraum betrat.\u201c Heute hingegen seien die M\u00f6glichkeiten, die der Computer bietet, so umfangreich und umfassend, dass vielf\u00e4ltige Formen der Kommunikation, Kooperation und Vernetzung entstehen, die neue, effektive Wege der Vermittlung von Lehr- und Lerninhalten er\u00adm\u00f6glichen und damit auch zu ver\u00e4nderten Aufgaben der Kreismedienzentren f\u00fchrten.<\/p>\n<p align=\"justify\">Detlef Edward, Leitung des Arbeitsbereichs Medienbildung im NLQ, verwies auf die Herausforderungen des Konzeptes \u201eMedienkompetenz in Niedersachsen \u2013 Ziellinie 2020\u201c sowie die zahlreichen M\u00f6glichkeiten, die das NLQ und das Netzwerk Medienberatung f\u00fcr den Bildungsbereich bereitstellen. Der Schulmedientag sei hier eine ideale Plattform, diese bekannt zu machen und den Austausch unter den Verantwortlichen zu f\u00f6rdern. Auch Michael Sternberg, Gesch\u00e4ftsf\u00fchrer des Vereins n-21, betonte, dass der Verein n-21, der bereits im Jahr 2000 gegr\u00fcndet wurde, um den Einsatz von Multimedia und Internet an Schulen zu f\u00f6rdern, hier zahlreiche Unterst\u00fctzungsm\u00f6glichkeiten und Projekte anbieten w\u00fcrde. Dem Verein geh\u00f6ren als Mitglieder neben dem Land auch die kommunalen Spitzenverb\u00e4nde, zahlreiche Wirtschafts\u00adunternehmen und gesellschaftliche Gruppen an.<\/p>\n<p align=\"justify\">Besonders erfreut waren die Veranstalter deshalb dar\u00fcber, dass auch einige Fl\u00fcchtlinge im Rahmen der Sch\u00fcler\u00adgenossenschaft der BBS III an der Mitorganisation der Veranstaltung beteiligt waren. Einige begr\u00fc\u00dften bei der Einf\u00fchrungsveranstaltung die Teilnehmerinnen und Teilnehmer in ihrer Heimatsprache und stellten in deutscher Sprache ihre Arbeit in der Sch\u00fclergenossenschaft kurz vor. Unterst\u00fctzung erhielt die Sch\u00fclergenossenschaft durch die Sch\u00fclerfirma KEAG der BBS II, die sich auf die Organisation von Events spezialisiert hat sowie die Sch\u00fclerfirma YTC, die f\u00fcr die Ausschilderung sorgte. Eine besondere Atmosph\u00e4re schafften Sch\u00fclerinnen und Sch\u00fcler der BBS III durch die kreativen Blumenarrangements. Das Engagement der Sch\u00fclerinnen und Sch\u00fcler erhielt einen besonderen Applaus in der Einf\u00fchrungsveranstaltung. Sie zeigten auch, dass neben den medienp\u00e4dagogischen Kompetenzen, die klassischen beruflichen Kompetenzen nicht vernachl\u00e4ssigt werden.<\/p>\n<p align=\"justify\">F\u00fcr weitere Ausk\u00fcnfte stehen das Organisationsteam des Schulmedientages, die Medienp\u00e4dagogischen Berater: Einar Huschitt (<a href=\"&#x6d;&#x61;&#x69;&#x6c;&#x74;&#x6f;&#x3a;&#x68;&#x75;&#x73;&#x63;&#x68;&#x69;&#x74;&#x74;&#x40;&#x6e;&#x69;&#x62;&#x69;&#x73;&#x2e;&#100;&#101;\">huschitt&#64;nibis&#46;de<\/a>), Dr. Annette Orth (<a href=\"&#x6d;&#x61;&#x69;&#x6c;&#x74;&#x6f;&#x3a;&#x6f;&#x72;&#x74;&#x68;&#x40;&#x6e;&#x69;&#98;&#105;&#115;&#46;&#100;&#101;\">&#x6f;&#x72;&#x74;&#x68;&#x40;&#x6e;&#x69;&#x62;&#105;&#115;&#46;&#100;&#101;<\/a>) und J\u00f6rg Steinemann (<a href=\"&#109;&#x61;&#105;&#x6c;&#116;&#x6f;&#58;&#x73;&#116;&#x65;&#105;&#x6e;&#101;&#x6d;&#97;&#x6e;&#110;&#x40;&#110;&#x69;&#98;&#x69;&#115;&#x2e;&#100;&#x65;\">steinema&#110;&#110;&#64;&#110;&#105;&#98;&#105;&#115;&#46;&#100;&#x65;<\/a>) gerne zur Verf\u00fcgung.<\/p>\n","protected":false},"excerpt":{"rendered":"<p>Digitale Bildungsoffensive im Landkreis Stade Mehr als 230 Teilnehmerinnen und Teilnehmer aus ganz Niedersachsen informierten sich am Schulmedientag in den Berufsbildenden Schulen \u00fcber Innovationen f\u00fcr die digitale Bildung \u201aLeben und lernen mit digitalen Medien\u2018 lautete das Motto des Schulmedientages, der<\/p>\n<div class=\"more-link\"><a href=\"https:\/\/wordpress.nibis.de\/orth\/schulmedientag-in-stade\/\">weiterlesen &#8230;<\/a><\/div>\n<p><br class=\"clearBoth_noheight\" \/><\/p>\n","protected":false},"author":376,"featured_media":0,"parent":0,"menu_order":0,"comment_status":"closed","ping_status":"closed","template":"","meta":{"footnotes":""},"class_list":["post-161","page","type-page","status-publish","hentry"],"_links":{"self":[{"href":"https:\/\/wordpress.nibis.de\/orth\/wp-json\/wp\/v2\/pages\/161","targetHints":{"allow":["GET"]}}],"collection":[{"href":"https:\/\/wordpress.nibis.de\/orth\/wp-json\/wp\/v2\/pages"}],"about":[{"href":"https:\/\/wordpress.nibis.de\/orth\/wp-json\/wp\/v2\/types\/page"}],"author":[{"embeddable":true,"href":"https:\/\/wordpress.nibis.de\/orth\/wp-json\/wp\/v2\/users\/376"}],"replies":[{"embeddable":true,"href":"https:\/\/wordpress.nibis.de\/orth\/wp-json\/wp\/v2\/comments?post=161"}],"version-history":[{"count":7,"href":"https:\/\/wordpress.nibis.de\/orth\/wp-json\/wp\/v2\/pages\/161\/revisions"}],"predecessor-version":[{"id":174,"href":"https:\/\/wordpress.nibis.de\/orth\/wp-json\/wp\/v2\/pages\/161\/revisions\/174"}],"wp:attachment":[{"href":"https:\/\/wordpress.nibis.de\/orth\/wp-json\/wp\/v2\/media?parent=161"}],"curies":[{"name":"wp","href":"https:\/\/api.w.org\/{rel}","templated":true}]}}

<h2 align="justify">Digitale Bildungsoffensive im Landkreis Stade</h2>
<h3 align="justify">Mehr als 230 Teilnehmerinnen und Teilnehmer aus ganz Niedersachsen informierten sich am Schulmedientag in den Berufsbildenden Schulen über Innovationen für die digitale Bildung</h3>
<p align="justify">‚Leben und lernen mit digitalen Medien‘ lautete das Motto des Schulmedientages, der am 26.10.2016 in den Berufsbildenden Schulen in Stade stattfand. Die regionalen Schulmedientage sind ein wichtiger Bestandteil des von der Landesregierung beschlossenen Konzeptes ‚Medienkompetenz in Niedersachsen &#8211; Ziellinie 2020‘ und werden im Auftrag des Niedersächsischen Kultusministeriums vom Niedersächsischen Landesinstitut für schulische Qualitätsentwicklung (NLQ) in Kooperation mit der Niedersächsischen Landesmedienanstalt (NLM), dem Verein n-21, den Medienpädagogischen Beraterinnen und Beratern in Niedersachsen und regionalen Kooperationspartnern durchgeführt.<a name="_GoBack"></a></p>
<div id="attachment_170" style="width: 650px" class="wp-caption alignnone"><a href="http://wordpress.nibis.de/orth/files/161026-schulmedientag09.jpg"><img loading="lazy" decoding="async" aria-describedby="caption-attachment-170" class="wp-image-170 size-large" src="http://wordpress.nibis.de/orth/files/161026-schulmedientag09-1024x667.jpg" alt="161026-schulmedientag09" width="640" height="417" srcset="https://wordpress.nibis.de/orth/files/161026-schulmedientag09.jpg 1024w, https://wordpress.nibis.de/orth/files/161026-schulmedientag09-300x195.jpg 300w, https://wordpress.nibis.de/orth/files/161026-schulmedientag09-768x500.jpg 768w" sizes="auto, (max-width: 640px) 100vw, 640px" /></a><p id="caption-attachment-170" class="wp-caption-text">Information und Erfahrungsaustausch auf dem Markt der Möglichkeiten, Foto: Pressestelle LK Stade, Schmidt</p></div>
<p>Der landesweit beworbene Schulmedientag in Stade hatte als einziger den Schwerpunkt „Berufliche Bildung“. Dementsprechend breit gefächert war das Angebot an Workshops, in denen Best-Practice-Beispiele aus dem Unterricht bzw. Projekte aus Schulen, Kindertageseinrichtungen und Unterstützungseinrichtungen des regionalen Umfeldes präsentiert und in begleiteten Workshops bzw. Gesprächskreisen ausführlicher vorgestellt und diskutiert wurden (z. B. Web-Projekte, Audio/Radio-Arbeit, Video-Arbeit, regionale Film-Wettbewerbe, Praxisbeispiele aus Notebook-Schulen/Tablet-Klassen, Lernkultur mit Medien an Medienprofilschulen, besondere Medienprojekte, regionale Bildungsserver, regionale Mediennetzwerke, Medienkultur-Darbietungen, etc.). Besondere Schwerpunkte waren dieses Jahr das Thema Industrie und Landwirtschaft 4.0 sowie das Projekt ‚Digital Deutsch Lernen‘. Innerhalb der Workshop-Phasen wurde auch ein Block zur „Kommunalen Medienentwicklungsplanung zum Aufbau und Betrieb lernförderlicher IT-Infrastrukturen“ angeboten, der sich an die Schulträger der Region als Zielgruppe richtete.</p>
<p align="justify">Neben den Workshops zeigten auf dem Markt der Möglichkeiten über 30 Firmen, Produzenten und regionalen Partner neue, innovative Produkte und Dienstleistungen für einen modernen, zukunftsorientierten Unterricht.</p>
<div id="attachment_169" style="width: 710px" class="wp-caption alignnone"><a href="http://wordpress.nibis.de/orth/files/161026-schulmedientag04-1.jpg"><img loading="lazy" decoding="async" aria-describedby="caption-attachment-169" class="wp-image-169" src="http://wordpress.nibis.de/orth/files/161026-schulmedientag04-1-1024x305.jpg" alt="161026-schulmedientag04" width="700" height="209" srcset="https://wordpress.nibis.de/orth/files/161026-schulmedientag04-1.jpg 1024w, https://wordpress.nibis.de/orth/files/161026-schulmedientag04-1-300x89.jpg 300w, https://wordpress.nibis.de/orth/files/161026-schulmedientag04-1-768x229.jpg 768w" sizes="auto, (max-width: 700px) 100vw, 700px" /></a><p id="caption-attachment-169" class="wp-caption-text">Applaus für die Schülergenossenschaft und die beteiligten Schülerfirmen, Foto: Pressestelle LK Stade, Schmidt</p></div>
<p align="justify"><em>Foto: Pressestelle LK Stade &#8211; Schmidt</em></p>
<div id="attachment_171" style="width: 310px" class="wp-caption alignleft"><a href="http://wordpress.nibis.de/orth/files/smt3grundmann.jpg"><img loading="lazy" decoding="async" aria-describedby="caption-attachment-171" class="wp-image-171 size-medium" src="http://wordpress.nibis.de/orth/files/smt3grundmann-300x250.jpg" alt="smt3grundmann" width="300" height="250" srcset="https://wordpress.nibis.de/orth/files/smt3grundmann-300x250.jpg 300w, https://wordpress.nibis.de/orth/files/smt3grundmann-768x639.jpg 768w, https://wordpress.nibis.de/orth/files/smt3grundmann.jpg 1024w" sizes="auto, (max-width: 300px) 100vw, 300px" /></a><p id="caption-attachment-171" class="wp-caption-text">Oliver Grundmann, MdB</p></div>
<p align="justify">Sichtlich zufrieden war das Organisationsteam vor Ort, die medienpädagogischen Berater des NLQ, Einar Huschitt, Dr. Annette Orth und Jörg Steinemann mit der Resonanz der Veranstaltung. „Wir sind sicher, dass durch den Schulmedientag wichtige Impulse für die digitale Bildung und damit auch für die Umsetzung des Konzeptes ‚Medienkompetenz in Niedersachsen &#8211; Ziellinie 2020‘ gegeben wurden. Digitale Medien sind heute eine selbstverständliche Voraussetzung für die gesellschaftliche Teilhabe und den beruflichen Aufstieg. Ein leistungsfähiges Bildungssystem muss sich diesen Herausforderungen stellen. Insbesondere auch für Menschen anderer Nationalität, die erst seit kurzer Zeit hier leben, bieten digitale Medien große Chancen, sich mit unserer Sprache, Kultur und beruflichen Möglichkeiten vertraut zu machen.</p>
<p align="justify">Ein wichtiger Schwerpunkt ist deshalb auch das NLQ-Projekt ‚Digital Deutsch Lernen‘, dem sich drei Workshops widmeten.“ Auch die Redner in der Einführungsveranstaltung unterstützten die Bedeutung der digitalen Bildung. „In weniger als zehn Jahren werden viele Dinge, die wir uns heute noch nicht ausmalen können, normal sein. Darauf müssen wir junge Menschen gründlich vorbereiten. Schließlich setzt man auch niemanden ans Steuer, der noch nie etwas von Verkehrsregeln gehört hat. Deshalb wollen wir gemeinsam mit den Ländern im Rahmen einer Bildungsoffensive die digitale Ausstattung der Schulen fördern“, so der Bundestagsa­bgeordnete Oliver Grundmann.</p>
<div id="attachment_172" style="width: 310px" class="wp-caption alignleft"><a href="http://wordpress.nibis.de/orth/files/smt4Lantz.jpg"><img loading="lazy" decoding="async" aria-describedby="caption-attachment-172" class="wp-image-172 size-medium" src="http://wordpress.nibis.de/orth/files/smt4Lantz-300x236.jpg" alt="smt4lantz" width="300" height="236" srcset="https://wordpress.nibis.de/orth/files/smt4Lantz-300x236.jpg 300w, https://wordpress.nibis.de/orth/files/smt4Lantz-768x603.jpg 768w, https://wordpress.nibis.de/orth/files/smt4Lantz.jpg 1024w" sizes="auto, (max-width: 300px) 100vw, 300px" /></a><p id="caption-attachment-172" class="wp-caption-text">Dr. Eckart Lantz, Erster Kreisrat</p></div>
<p align="justify">Der Erste Kreisrat, Dr. Eckart Lantz, betonte, dass die digitale Bildung ein bedeutender Standortfaktor für die regionale Entwicklung sei. Die digitalen Medien bieten hier enorme Potentiale für die allgemeinbildenden und berufs­bildenden Schulen. „Der Einsatz von Medien in der Schule bedeutete früher, dass der Lehrer mit einer Filmrolle, die er aus der Kreisbildstelle geholt hatte, den Klassenraum betrat.“ Heute hingegen seien die Möglichkeiten, die der Computer bietet, so umfangreich und umfassend, dass vielfältige Formen der Kommunikation, Kooperation und Vernetzung entstehen, die neue, effektive Wege der Vermittlung von Lehr- und Lerninhalten er­möglichen und damit auch zu veränderten Aufgaben der Kreismedienzentren führten.</p>
<p align="justify">Detlef Edward, Leitung des Arbeitsbereichs Medienbildung im NLQ, verwies auf die Herausforderungen des Konzeptes „Medienkompetenz in Niedersachsen – Ziellinie 2020“ sowie die zahlreichen Möglichkeiten, die das NLQ und das Netzwerk Medienberatung für den Bildungsbereich bereitstellen. Der Schulmedientag sei hier eine ideale Plattform, diese bekannt zu machen und den Austausch unter den Verantwortlichen zu fördern. Auch Michael Sternberg, Geschäftsführer des Vereins n-21, betonte, dass der Verein n-21, der bereits im Jahr 2000 gegründet wurde, um den Einsatz von Multimedia und Internet an Schulen zu fördern, hier zahlreiche Unterstützungsmöglichkeiten und Projekte anbieten würde. Dem Verein gehören als Mitglieder neben dem Land auch die kommunalen Spitzenverbände, zahlreiche Wirtschafts­unternehmen und gesellschaftliche Gruppen an.</p>
<p align="justify">Besonders erfreut waren die Veranstalter deshalb darüber, dass auch einige Flüchtlinge im Rahmen der Schüler­genossenschaft der BBS III an der Mitorganisation der Veranstaltung beteiligt waren. Einige begrüßten bei der Einführungsveranstaltung die Teilnehmerinnen und Teilnehmer in ihrer Heimatsprache und stellten in deutscher Sprache ihre Arbeit in der Schülergenossenschaft kurz vor. Unterstützung erhielt die Schülergenossenschaft durch die Schülerfirma KEAG der BBS II, die sich auf die Organisation von Events spezialisiert hat sowie die Schülerfirma YTC, die für die Ausschilderung sorgte. Eine besondere Atmosphäre schafften Schülerinnen und Schüler der BBS III durch die kreativen Blumenarrangements. Das Engagement der Schülerinnen und Schüler erhielt einen besonderen Applaus in der Einführungsveranstaltung. Sie zeigten auch, dass neben den medienpädagogischen Kompetenzen, die klassischen beruflichen Kompetenzen nicht vernachlässigt werden.</p>
<p align="justify">Für weitere Auskünfte stehen das Organisationsteam des Schulmedientages, die Medienpädagogischen Berater: Einar Huschitt (<a href="&#x6d;&#x61;&#x69;&#x6c;&#x74;&#x6f;&#x3a;&#x68;&#x75;&#x73;&#x63;&#x68;&#x69;&#x74;&#x74;&#x40;&#x6e;&#x69;&#x62;&#x69;&#x73;&#x2e;&#100;&#101;">huschitt&#64;nibis&#46;de</a>), Dr. Annette Orth (<a href="&#x6d;&#x61;&#x69;&#x6c;&#x74;&#x6f;&#x3a;&#x6f;&#x72;&#x74;&#x68;&#x40;&#x6e;&#x69;&#98;&#105;&#115;&#46;&#100;&#101;">&#x6f;&#x72;&#x74;&#x68;&#x40;&#x6e;&#x69;&#x62;&#105;&#115;&#46;&#100;&#101;</a>) und Jörg Steinemann (<a href="&#109;&#x61;&#105;&#x6c;&#116;&#x6f;&#58;&#x73;&#116;&#x65;&#105;&#x6e;&#101;&#x6d;&#97;&#x6e;&#110;&#x40;&#110;&#x69;&#98;&#x69;&#115;&#x2e;&#100;&#x65;">steinema&#110;&#110;&#64;&#110;&#105;&#98;&#105;&#115;&#46;&#100;&#x65;</a>) gerne zur Verfügung.</p>

<p>Digitale Bildungsoffensive im Landkreis Stade Mehr als 230 Teilnehmerinnen und Teilnehmer aus ganz Niedersachsen informierten sich am Schulmedientag in den Berufsbildenden Schulen über Innovationen für die digitale Bildung ‚Leben und lernen mit digitalen Medien‘ lautete das Motto des Schulmedientages, der</p>
<div class="more-link"><a href="https://wordpress.nibis.de/orth/schulmedientag-in-stade/">weiterlesen &#8230;</a></div>
<p><br class="clearBoth_noheight" /></p>
