{"id":564,"date":"2022-04-22T07:25:36","date_gmt":"2022-04-22T05:25:36","guid":{"rendered":"https:\/\/wordpress.nibis.de\/orth\/?page_id=564"},"modified":"2022-04-22T07:38:49","modified_gmt":"2022-04-22T05:38:49","slug":"nbc","status":"publish","type":"page","link":"https:\/\/wordpress.nibis.de\/orth\/nbc\/","title":{"rendered":"NBC (Bildungscloud)"},"content":{"rendered":"\n<p><strong>Die Landesinitiative n-21: Schulen in Niedersachsen online e. V. ist vom Nieders\u00e4chsischen Kultusministerium mit der Entwicklung der nieders\u00e4chsischen Bildungscloud (NBC) beauftragt worden. <\/strong><br \/><br \/>Die Bildungscloud erm\u00f6glicht Schulen die schul\u00fcbergreifende Zusammenarbeit unabh\u00e4ngig von ihrer eigenen Lern- und Arbeitsumgebung \u2013 und erg\u00e4nzt bereits an der Schule eingef\u00fchrte Systeme durch Features in den Bereichen der F\u00f6rderung der 21st Century Skills.<\/p>\n<h3><a href=\"https:\/\/www.n-21.de\/portal\/seiten\/download-broschuere-erste-schritte-in-der-nbc-900000069-10056.html?rubrik=900000007\">Download Brosch\u00fcre &#8222;Erste Schritte in der NBC&#8220;<\/a><\/h3>\n\n\n\n<p><iframe loading=\"lazy\" title=\"Vorstellung der Nieders\u00e4chsischen Bildungscloud in der Praxis\" width=\"640\" height=\"360\" src=\"https:\/\/www.youtube.com\/embed\/_1rWzH_xo4o?feature=oembed\" frameborder=\"0\" allow=\"accelerometer; autoplay; clipboard-write; encrypted-media; gyroscope; picture-in-picture; web-share\" referrerpolicy=\"strict-origin-when-cross-origin\" allowfullscreen><\/iframe><\/p>\n\n\n\n<figure class=\"wp-block-embed is-type-video is-provider-youtube wp-block-embed-youtube wp-embed-aspect-16-9 wp-has-aspect-ratio\"><div class=\"wp-block-embed__wrapper\">\n<iframe loading=\"lazy\"  id=\"_ytid_26028\"  width=\"640\" height=\"360\"  data-origwidth=\"640\" data-origheight=\"360\" src=\"https:\/\/www.youtube.com\/embed\/5wMZ87ASYPU?enablejsapi=1&#038;autoplay=0&#038;cc_load_policy=0&#038;cc_lang_pref=&#038;iv_load_policy=1&#038;loop=0&#038;rel=1&#038;fs=1&#038;playsinline=0&#038;autohide=2&#038;theme=dark&#038;color=red&#038;controls=1&#038;disablekb=0&#038;\" class=\"__youtube_prefs__  epyt-is-override  no-lazyload\" title=\"YouTube player\"  allow=\"fullscreen; accelerometer; autoplay; clipboard-write; encrypted-media; gyroscope; picture-in-picture; web-share\" referrerpolicy=\"strict-origin-when-cross-origin\" allowfullscreen data-no-lazy=\"1\" data-skipgform_ajax_framebjll=\"\"><\/iframe>\n<\/div><\/figure>\n","protected":false},"excerpt":{"rendered":"<p>Die Landesinitiative n-21: Schulen in Niedersachsen online e. V. ist vom Nieders\u00e4chsischen Kultusministerium mit der Entwicklung der nieders\u00e4chsischen Bildungscloud (NBC) beauftragt worden. Die Bildungscloud erm\u00f6glicht Schulen die schul\u00fcbergreifende Zusammenarbeit unabh\u00e4ngig von ihrer eigenen Lern- und Arbeitsumgebung \u2013 und erg\u00e4nzt bereits<\/p>\n<div class=\"more-link\"><a href=\"https:\/\/wordpress.nibis.de\/orth\/nbc\/\">weiterlesen &#8230;<\/a><\/div>\n<p><br class=\"clearBoth_noheight\" \/><\/p>\n","protected":false},"author":376,"featured_media":0,"parent":0,"menu_order":0,"comment_status":"closed","ping_status":"closed","template":"","meta":{"footnotes":""},"class_list":["post-564","page","type-page","status-publish","hentry"],"_links":{"self":[{"href":"https:\/\/wordpress.nibis.de\/orth\/wp-json\/wp\/v2\/pages\/564","targetHints":{"allow":["GET"]}}],"collection":[{"href":"https:\/\/wordpress.nibis.de\/orth\/wp-json\/wp\/v2\/pages"}],"about":[{"href":"https:\/\/wordpress.nibis.de\/orth\/wp-json\/wp\/v2\/types\/page"}],"author":[{"embeddable":true,"href":"https:\/\/wordpress.nibis.de\/orth\/wp-json\/wp\/v2\/users\/376"}],"replies":[{"embeddable":true,"href":"https:\/\/wordpress.nibis.de\/orth\/wp-json\/wp\/v2\/comments?post=564"}],"version-history":[{"count":8,"href":"https:\/\/wordpress.nibis.de\/orth\/wp-json\/wp\/v2\/pages\/564\/revisions"}],"predecessor-version":[{"id":579,"href":"https:\/\/wordpress.nibis.de\/orth\/wp-json\/wp\/v2\/pages\/564\/revisions\/579"}],"wp:attachment":[{"href":"https:\/\/wordpress.nibis.de\/orth\/wp-json\/wp\/v2\/media?parent=564"}],"curies":[{"name":"wp","href":"https:\/\/api.w.org\/{rel}","templated":true}]}}

<p><strong>Die Landesinitiative n-21: Schulen in Niedersachsen online e. V. ist vom Niedersächsischen Kultusministerium mit der Entwicklung der niedersächsischen Bildungscloud (NBC) beauftragt worden. </strong><br /><br />Die Bildungscloud ermöglicht Schulen die schulübergreifende Zusammenarbeit unabhängig von ihrer eigenen Lern- und Arbeitsumgebung – und ergänzt bereits an der Schule eingeführte Systeme durch Features in den Bereichen der Förderung der 21st Century Skills.</p>
<h3><a href="https://www.n-21.de/portal/seiten/download-broschuere-erste-schritte-in-der-nbc-900000069-10056.html?rubrik=900000007">Download Broschüre &#8222;Erste Schritte in der NBC&#8220;</a></h3>



<p><iframe loading="lazy" title="Vorstellung der Niedersächsischen Bildungscloud in der Praxis" width="640" height="360" src="https://www.youtube.com/embed/_1rWzH_xo4o?feature=oembed" frameborder="0" allow="accelerometer; autoplay; clipboard-write; encrypted-media; gyroscope; picture-in-picture; web-share" referrerpolicy="strict-origin-when-cross-origin" allowfullscreen></iframe></p>



<figure class="wp-block-embed is-type-video is-provider-youtube wp-block-embed-youtube wp-embed-aspect-16-9 wp-has-aspect-ratio"><div class="wp-block-embed__wrapper">
<iframe loading="lazy"  id="_ytid_26028"  width="640" height="360"  data-origwidth="640" data-origheight="360" src="https://www.youtube.com/embed/5wMZ87ASYPU?enablejsapi=1&#038;autoplay=0&#038;cc_load_policy=0&#038;cc_lang_pref=&#038;iv_load_policy=1&#038;loop=0&#038;rel=1&#038;fs=1&#038;playsinline=0&#038;autohide=2&#038;theme=dark&#038;color=red&#038;controls=1&#038;disablekb=0&#038;" class="__youtube_prefs__  epyt-is-override  no-lazyload" title="YouTube player"  allow="fullscreen; accelerometer; autoplay; clipboard-write; encrypted-media; gyroscope; picture-in-picture; web-share" referrerpolicy="strict-origin-when-cross-origin" allowfullscreen data-no-lazy="1" data-skipgform_ajax_framebjll=""></iframe>
</div></figure>

<p>Die Landesinitiative n-21: Schulen in Niedersachsen online e. V. ist vom Niedersächsischen Kultusministerium mit der Entwicklung der niedersächsischen Bildungscloud (NBC) beauftragt worden. Die Bildungscloud ermöglicht Schulen die schulübergreifende Zusammenarbeit unabhängig von ihrer eigenen Lern- und Arbeitsumgebung – und ergänzt bereits</p>
<div class="more-link"><a href="https://wordpress.nibis.de/orth/nbc/">weiterlesen &#8230;</a></div>
<p><br class="clearBoth_noheight" /></p>
