{"id":63,"date":"2014-02-19T14:20:20","date_gmt":"2014-02-19T13:20:20","guid":{"rendered":"http:\/\/wordpress.nibis.de\/rccos\/?page_id=62"},"modified":"2022-04-02T18:58:32","modified_gmt":"2022-04-02T16:58:32","slug":"beratung-in-der-region","status":"publish","type":"page","link":"https:\/\/wordpress.nibis.de\/orth\/beratung-in-der-region\/","title":{"rendered":"Beratung in der Region"},"content":{"rendered":"\n<p>Aufgaben der Lehrkr\u00e4fte als medienp\u00e4dagogische Beraterinnen und Berater in den kommunalen Medienzentren (Kreis- und Stadtbildstellen) und der Beraterinnen und Berater f\u00fcr Lernen mit digitalen Medien im Unterricht in Niedersachsen sind:<\/p>\n\n\n\n<div id=\"content-core\">\n<div id=\"parent-fieldname-text-51c1c5a029913b8bc83999451eebdc08\">\n<ul>\n<li><a href=\"https:\/\/wordpress.nibis.de\/orth\/files\/bild_a_orth.jpe\"><img loading=\"lazy\" decoding=\"async\" class=\"size-full wp-image-540 alignleft\" src=\"https:\/\/wordpress.nibis.de\/orth\/files\/bild_a_orth.jpe\" alt=\"\" width=\"155\" height=\"155\" srcset=\"https:\/\/wordpress.nibis.de\/orth\/files\/bild_a_orth.jpe 155w, https:\/\/wordpress.nibis.de\/orth\/files\/bild_a_orth-150x150.jpe 150w\" sizes=\"auto, (max-width: 155px) 100vw, 155px\" \/><\/a>P\u00e4dagogische Beratung der Schultr\u00e4ger, Schulen und Kindertageseinrichtungen<\/li>\n<li>Beratung bei der konzeptionellen Weiterentwicklung der Medienausstattung im p\u00e4dagogischen Zusammenhang u.a. auch mit Formen der Online-Distribution und deren p\u00e4dagogischem Nutzen<\/li>\n<li>Beratende Begleitung bei der Entwicklung und Umsetzung von Medienkonzepten und von Medienentwicklungspl\u00e4nen<\/li>\n<li>Beratung bez\u00fcglich der medienp\u00e4dagogischen Betreuung von Computernetzwerken, sowie dem Umgang mit Neuen Medien (z.B. Notebook-Klassen, mobilen Netzwerken, interaktiven Whiteboards, etc.)<\/li>\n<li>Unterst\u00fctzung der Schulen und Kindertageseinrichtungen bei der Entwicklung und Umsetzung von Qualit\u00e4tsstandards f\u00fcr die Vermittlung von Medienkompetenz und dem methodisch-didaktischen Einsatz digitaler Medien, insbesondere bei der Medienkonzeptentwicklung<\/li>\n<li>Ermittlung und Koordinierung des Medienbedarfs im Zusammenhang mit der Qualit\u00e4tsentwicklung von Unterricht bez\u00fcglich der Methodenkompetenzen im Umgang mit Unterrichtsmedien<\/li>\n<li>Gew\u00e4hrleistung und Unterst\u00fctzung der medienp\u00e4dagogischen Fortbildung \u00fcber die kommunalen Medienzentren und die regionalisierte Lehrerfortbildung durch Lehrg\u00e4nge, schulinterne Fortbildungen, Fachtagungen und regionale Fachforen und dem Aufbau des nieders\u00e4chsischen Bildungsnetzes einschlie\u00dflich der Unterst\u00fctzung beim Einsatz von E-Learning<\/li>\n<li>F\u00f6rderung aktiver Medienarbeit, Medienkulturarbeit und Medienproduktion in Schulen und Kindertageseinrichtungen auch im Zusammenhang mit den Vorgaben der Kerncurricula<\/li>\n<li>Kooperation mit regionalen und \u00fcberregionalen Medieninstitutionen wie z.B. der NLM und n-21<\/li>\n<li>Entwicklung und Umsetzung einer Kreis \u00fcbergreifenden Zusammenarbeit mit den anderen kommunalen Medienzentren in Absprache mit den kommunalen Tr\u00e4gern<\/li>\n<li>Unterst\u00fctzung des Mobilen Lernens einschlie\u00dflich der Beratung von Referenzschulen des Projekts Mobiles lernen-21 und Einbindung in die regionalen Netzwerkstrukturen der Medienberatung<\/li>\n<\/ul>\n<\/div>\n<\/div>\n","protected":false},"excerpt":{"rendered":"<p>Aufgaben der Lehrkr\u00e4fte als medienp\u00e4dagogische Beraterinnen und Berater in den kommunalen Medienzentren (Kreis- und Stadtbildstellen) und der Beraterinnen und Berater f\u00fcr Lernen mit digitalen Medien im Unterricht in Niedersachsen sind: P\u00e4dagogische Beratung der Schultr\u00e4ger, Schulen und Kindertageseinrichtungen Beratung bei der<\/p>\n<div class=\"more-link\"><a href=\"https:\/\/wordpress.nibis.de\/orth\/beratung-in-der-region\/\">weiterlesen &#8230;<\/a><\/div>\n<p><br class=\"clearBoth_noheight\" \/><\/p>\n","protected":false},"author":376,"featured_media":0,"parent":0,"menu_order":0,"comment_status":"closed","ping_status":"closed","template":"","meta":{"footnotes":""},"class_list":["post-63","page","type-page","status-publish","hentry"],"_links":{"self":[{"href":"https:\/\/wordpress.nibis.de\/orth\/wp-json\/wp\/v2\/pages\/63","targetHints":{"allow":["GET"]}}],"collection":[{"href":"https:\/\/wordpress.nibis.de\/orth\/wp-json\/wp\/v2\/pages"}],"about":[{"href":"https:\/\/wordpress.nibis.de\/orth\/wp-json\/wp\/v2\/types\/page"}],"author":[{"embeddable":true,"href":"https:\/\/wordpress.nibis.de\/orth\/wp-json\/wp\/v2\/users\/376"}],"replies":[{"embeddable":true,"href":"https:\/\/wordpress.nibis.de\/orth\/wp-json\/wp\/v2\/comments?post=63"}],"version-history":[{"count":12,"href":"https:\/\/wordpress.nibis.de\/orth\/wp-json\/wp\/v2\/pages\/63\/revisions"}],"predecessor-version":[{"id":556,"href":"https:\/\/wordpress.nibis.de\/orth\/wp-json\/wp\/v2\/pages\/63\/revisions\/556"}],"wp:attachment":[{"href":"https:\/\/wordpress.nibis.de\/orth\/wp-json\/wp\/v2\/media?parent=63"}],"curies":[{"name":"wp","href":"https:\/\/api.w.org\/{rel}","templated":true}]}}