{"id":80,"date":"2014-02-19T14:49:28","date_gmt":"2014-02-19T13:49:28","guid":{"rendered":"http:\/\/wordpress.nibis.de\/rccos\/?page_id=80"},"modified":"2022-04-27T11:30:49","modified_gmt":"2022-04-27T09:30:49","slug":"auftrag","status":"publish","type":"page","link":"https:\/\/wordpress.nibis.de\/orth\/","title":{"rendered":""},"content":{"rendered":"\n<h2 class=\"wp-block-heading\"><strong>Dr. Annette Orth<br><\/strong><\/h2>\n\n\n\n<h2 class=\"wp-block-heading\"><strong>Beraterin f\u00fcr Lernen mit digitalen Medien<\/strong><\/h2>\n\n\n\n<h2 class=\"wp-block-heading\">Herzlich willkommen auf meiner Website!<\/h2>\n\n\n\n\n\n<figure class=\"wp-block-gallery has-nested-images columns-3 is-cropped wp-block-gallery-1 is-layout-flex wp-block-gallery-is-layout-flex\">\n<figure class=\"wp-block-image size-large\"><a href=\"https:\/\/wordpress.nibis.de\/orth\/auftrag\/bild_a_orth\/\"><img loading=\"lazy\" decoding=\"async\" width=\"155\" height=\"155\" data-id=\"540\" src=\"https:\/\/wordpress.nibis.de\/orth\/files\/bild_a_orth.jpe\" alt=\"\" class=\"wp-image-540\" srcset=\"https:\/\/wordpress.nibis.de\/orth\/files\/bild_a_orth.jpe 155w, https:\/\/wordpress.nibis.de\/orth\/files\/bild_a_orth-150x150.jpe 150w\" sizes=\"auto, (max-width: 155px) 100vw, 155px\" \/><\/a><\/figure>\n\n\n\n<figure class=\"wp-block-image size-large\"><a href=\"https:\/\/wordpress.nibis.de\/orth\/?attachment_id=184\"><img loading=\"lazy\" decoding=\"async\" width=\"1024\" height=\"581\" data-id=\"184\" src=\"https:\/\/wordpress.nibis.de\/orth\/files\/digital_deutsch_lernen-2-1024x581.jpg\" alt=\"\" class=\"wp-image-184\" srcset=\"https:\/\/wordpress.nibis.de\/orth\/files\/digital_deutsch_lernen-2-1024x581.jpg 1024w, https:\/\/wordpress.nibis.de\/orth\/files\/digital_deutsch_lernen-2-300x170.jpg 300w, https:\/\/wordpress.nibis.de\/orth\/files\/digital_deutsch_lernen-2-768x436.jpg 768w, https:\/\/wordpress.nibis.de\/orth\/files\/digital_deutsch_lernen-2.jpg 1600w\" sizes=\"auto, (max-width: 1024px) 100vw, 1024px\" \/><\/a><\/figure>\n\n\n\n<figure class=\"wp-block-image size-large\"><a href=\"https:\/\/wordpress.nibis.de\/orth\/?attachment_id=152\"><img loading=\"lazy\" decoding=\"async\" width=\"233\" height=\"167\" data-id=\"152\" src=\"https:\/\/wordpress.nibis.de\/orth\/files\/medientag-1.png\" alt=\"\" class=\"wp-image-152\" \/><\/a><\/figure>\n\n\n\n<figure class=\"wp-block-image size-large\"><a href=\"https:\/\/wordpress.nibis.de\/orth\/merlin2\/\"><img loading=\"lazy\" decoding=\"async\" width=\"195\" height=\"195\" data-id=\"146\" src=\"https:\/\/wordpress.nibis.de\/orth\/files\/merlin2.jpg\" alt=\"\" class=\"wp-image-146\" srcset=\"https:\/\/wordpress.nibis.de\/orth\/files\/merlin2.jpg 195w, https:\/\/wordpress.nibis.de\/orth\/files\/merlin2-150x150.jpg 150w\" sizes=\"auto, (max-width: 195px) 100vw, 195px\" \/><\/a><\/figure>\n\n\n\n<figure class=\"wp-block-image size-large\"><a href=\"https:\/\/wordpress.nibis.de\/orth\/schuleigenes-medienkonzept-entwickeln\/learn-2001838_1920\/\"><img loading=\"lazy\" decoding=\"async\" width=\"1920\" height=\"1122\" data-id=\"274\" src=\"https:\/\/wordpress.nibis.de\/orth\/files\/learn-2001838_1920.jpg\" alt=\"\" class=\"wp-image-274\" srcset=\"https:\/\/wordpress.nibis.de\/orth\/files\/learn-2001838_1920.jpg 1920w, https:\/\/wordpress.nibis.de\/orth\/files\/learn-2001838_1920-300x175.jpg 300w, https:\/\/wordpress.nibis.de\/orth\/files\/learn-2001838_1920-768x449.jpg 768w, https:\/\/wordpress.nibis.de\/orth\/files\/learn-2001838_1920-1024x598.jpg 1024w\" sizes=\"auto, (max-width: 1920px) 100vw, 1920px\" \/><\/a><\/figure>\n<\/figure>\n\n\n\n<p><\/p>\n\n\n\n<p>Die Grundlagen f\u00fcr meine Arbeit bilden zwei Erlasse des Kultusministeriums Niedersachsens. Diese beschreiben die Aufgaben der medienp\u00e4dagogischen Beraterinnen und Berater (diese sind an ein Medienzentrum angebunden) und der medienp\u00e4dagogischen Beraterinnen und Berater f\u00fcr das Lernen mit digitalen Medien (diese sind jeweils f\u00fcr eine gesamte Fortbildungsregion zust\u00e4ndig). Die Aufgaben kann man hier nachlesen:<\/p>\n\n\n\n<p><a href=\"http:\/\/www.landesschulbehoerde-niedersachsen.de\/bu\/schulen\/unterricht-faecher\/schulformuebergreifende-beratung\/neue-medien\" target=\"_blank\" rel=\"noopener\">medienp\u00e4dagogischen Beraterinnen und Berater an kommunalen Medienzentren<\/a><\/p>\n\n\n\n<p><a href=\"http:\/\/www.schure.de\/22410\/24,4,82213.htm\">Erlass \u00fcber Beraterinnen und Berater f\u00fcr das Lernen mit digitalen Medien<\/a><\/p>\n\n\n\n<p class=\"has-text-align-left\"><a href=\"https:\/\/www.nibis.de\/uploads\/nlq-riedl\/medienportal\/konzepte\/digitalpakt\/Flyer_Digitalpakt_NLQ.final.pdf\">Digitalpakt Schule &#8211; Beratung und Begleitung bei der Umsetzung<\/a><\/p>\n\n\n","protected":false},"excerpt":{"rendered":"<p>Dr. Annette Orth Beraterin f\u00fcr Lernen mit digitalen Medien Herzlich willkommen auf meiner Website! Die Grundlagen f\u00fcr meine Arbeit bilden zwei Erlasse des Kultusministeriums Niedersachsens. Diese beschreiben die Aufgaben der medienp\u00e4dagogischen Beraterinnen und Berater (diese sind an ein Medienzentrum angebunden)<\/p>\n<div class=\"more-link\"><a href=\"https:\/\/wordpress.nibis.de\/orth\/\">weiterlesen &#8230;<\/a><\/div>\n<p><br class=\"clearBoth_noheight\" \/><\/p>\n","protected":false},"author":376,"featured_media":0,"parent":0,"menu_order":0,"comment_status":"closed","ping_status":"closed","template":"","meta":{"footnotes":""},"class_list":["post-80","page","type-page","status-publish","hentry"],"_links":{"self":[{"href":"https:\/\/wordpress.nibis.de\/orth\/wp-json\/wp\/v2\/pages\/80","targetHints":{"allow":["GET"]}}],"collection":[{"href":"https:\/\/wordpress.nibis.de\/orth\/wp-json\/wp\/v2\/pages"}],"about":[{"href":"https:\/\/wordpress.nibis.de\/orth\/wp-json\/wp\/v2\/types\/page"}],"author":[{"embeddable":true,"href":"https:\/\/wordpress.nibis.de\/orth\/wp-json\/wp\/v2\/users\/376"}],"replies":[{"embeddable":true,"href":"https:\/\/wordpress.nibis.de\/orth\/wp-json\/wp\/v2\/comments?post=80"}],"version-history":[{"count":21,"href":"https:\/\/wordpress.nibis.de\/orth\/wp-json\/wp\/v2\/pages\/80\/revisions"}],"predecessor-version":[{"id":643,"href":"https:\/\/wordpress.nibis.de\/orth\/wp-json\/wp\/v2\/pages\/80\/revisions\/643"}],"wp:attachment":[{"href":"https:\/\/wordpress.nibis.de\/orth\/wp-json\/wp\/v2\/media?parent=80"}],"curies":[{"name":"wp","href":"https:\/\/api.w.org\/{rel}","templated":true}]}}

<h2 class="wp-block-heading"><strong>Dr. Annette Orth<br></strong></h2>



<h2 class="wp-block-heading"><strong>Beraterin für Lernen mit digitalen Medien</strong></h2>



<h2 class="wp-block-heading">Herzlich willkommen auf meiner Website!</h2>





<figure class="wp-block-gallery has-nested-images columns-3 is-cropped wp-block-gallery-1 is-layout-flex wp-block-gallery-is-layout-flex">
<figure class="wp-block-image size-large"><a href="https://wordpress.nibis.de/orth/auftrag/bild_a_orth/"><img loading="lazy" decoding="async" width="155" height="155" data-id="540" src="https://wordpress.nibis.de/orth/files/bild_a_orth.jpe" alt="" class="wp-image-540" srcset="https://wordpress.nibis.de/orth/files/bild_a_orth.jpe 155w, https://wordpress.nibis.de/orth/files/bild_a_orth-150x150.jpe 150w" sizes="auto, (max-width: 155px) 100vw, 155px" /></a></figure>



<figure class="wp-block-image size-large"><a href="https://wordpress.nibis.de/orth/?attachment_id=184"><img loading="lazy" decoding="async" width="1024" height="581" data-id="184" src="https://wordpress.nibis.de/orth/files/digital_deutsch_lernen-2-1024x581.jpg" alt="" class="wp-image-184" srcset="https://wordpress.nibis.de/orth/files/digital_deutsch_lernen-2-1024x581.jpg 1024w, https://wordpress.nibis.de/orth/files/digital_deutsch_lernen-2-300x170.jpg 300w, https://wordpress.nibis.de/orth/files/digital_deutsch_lernen-2-768x436.jpg 768w, https://wordpress.nibis.de/orth/files/digital_deutsch_lernen-2.jpg 1600w" sizes="auto, (max-width: 1024px) 100vw, 1024px" /></a></figure>



<figure class="wp-block-image size-large"><a href="https://wordpress.nibis.de/orth/?attachment_id=152"><img loading="lazy" decoding="async" width="233" height="167" data-id="152" src="https://wordpress.nibis.de/orth/files/medientag-1.png" alt="" class="wp-image-152" /></a></figure>



<figure class="wp-block-image size-large"><a href="https://wordpress.nibis.de/orth/merlin2/"><img loading="lazy" decoding="async" width="195" height="195" data-id="146" src="https://wordpress.nibis.de/orth/files/merlin2.jpg" alt="" class="wp-image-146" srcset="https://wordpress.nibis.de/orth/files/merlin2.jpg 195w, https://wordpress.nibis.de/orth/files/merlin2-150x150.jpg 150w" sizes="auto, (max-width: 195px) 100vw, 195px" /></a></figure>



<figure class="wp-block-image size-large"><a href="https://wordpress.nibis.de/orth/schuleigenes-medienkonzept-entwickeln/learn-2001838_1920/"><img loading="lazy" decoding="async" width="1920" height="1122" data-id="274" src="https://wordpress.nibis.de/orth/files/learn-2001838_1920.jpg" alt="" class="wp-image-274" srcset="https://wordpress.nibis.de/orth/files/learn-2001838_1920.jpg 1920w, https://wordpress.nibis.de/orth/files/learn-2001838_1920-300x175.jpg 300w, https://wordpress.nibis.de/orth/files/learn-2001838_1920-768x449.jpg 768w, https://wordpress.nibis.de/orth/files/learn-2001838_1920-1024x598.jpg 1024w" sizes="auto, (max-width: 1920px) 100vw, 1920px" /></a></figure>
</figure>



<p></p>



<p>Die Grundlagen für meine Arbeit bilden zwei Erlasse des Kultusministeriums Niedersachsens. Diese beschreiben die Aufgaben der medienpädagogischen Beraterinnen und Berater (diese sind an ein Medienzentrum angebunden) und der medienpädagogischen Beraterinnen und Berater für das Lernen mit digitalen Medien (diese sind jeweils für eine gesamte Fortbildungsregion zuständig). Die Aufgaben kann man hier nachlesen:</p>



<p><a href="http://www.landesschulbehoerde-niedersachsen.de/bu/schulen/unterricht-faecher/schulformuebergreifende-beratung/neue-medien" target="_blank" rel="noopener">medienpädagogischen Beraterinnen und Berater an kommunalen Medienzentren</a></p>



<p><a href="http://www.schure.de/22410/24,4,82213.htm">Erlass über Beraterinnen und Berater für das Lernen mit digitalen Medien</a></p>



<p class="has-text-align-left"><a href="https://www.nibis.de/uploads/nlq-riedl/medienportal/konzepte/digitalpakt/Flyer_Digitalpakt_NLQ.final.pdf">Digitalpakt Schule &#8211; Beratung und Begleitung bei der Umsetzung</a></p>

<p>Dr. Annette Orth Beraterin für Lernen mit digitalen Medien Herzlich willkommen auf meiner Website! Die Grundlagen für meine Arbeit bilden zwei Erlasse des Kultusministeriums Niedersachsens. Diese beschreiben die Aufgaben der medienpädagogischen Beraterinnen und Berater (diese sind an ein Medienzentrum angebunden)</p>
<div class="more-link"><a href="https://wordpress.nibis.de/orth/">weiterlesen &#8230;</a></div>
<p><br class="clearBoth_noheight" /></p>
