{"id":1953,"date":"2023-06-20T11:37:09","date_gmt":"2023-06-20T09:37:09","guid":{"rendered":"https:\/\/wordpress.nibis.de\/ovakara\/?page_id=1953"},"modified":"2023-06-20T11:37:09","modified_gmt":"2023-06-20T09:37:09","slug":"sportliche-schule","status":"publish","type":"page","link":"https:\/\/wordpress.nibis.de\/ovakara\/sportliche-schule\/","title":{"rendered":"Sportliche Schule"},"content":{"rendered":"\n<p>Bewegung ist insbesondere f\u00fcr Kinder im Grundschulalter mit ihrem nat\u00fcrlichen Bewegungsdrang besonders wichtig. Daher ist und war es an unserer Schule immer wichtig, vielf\u00e4ltige Sportangebote zu bieten.<\/p>\n<p>Die OVAKARA-Grundschule bietet mit dem weitl\u00e4ufigen Schulgel\u00e4nde, dem hauseigenen Lehrschwimmbecken, der angegliederten Sporthalle und dem 30 Meter entfernten Sportplatz optimale Bedingungen, um den Sch\u00fcler\/-innen eine bewegungsfreundliche Unterrichtszeit zu bieten.<\/p>\n<p>Jedes Jahr f\u00fchren wir die Bundesjugendspiele durch. Alle Lehrer und viele Eltern betreuen Stationen und schreiben Urkunden, die im Anschluss verliehen werden. Die erfolgreichsten Teilnehmer der Bundesjugendspiele treten daraufhin im Leichtathletik-Schulvergleichswettbewerb an. Neben den Disziplinen Weitsprung, Weitwurf und 50m-Sprint laufen sie noch 800 Meter und absolvieren einen Staffellauf.<\/p>\n<p>Im Bereich Laufen sind die Sch\u00fcler und Sch\u00fclerinnen unserer Schule besonders aktiv. Jedes Jahr wird aufs Neue wieder flei\u00dfig die Laufausdauer trainiert. Und das sowohl f\u00fcr das Laufabzeichen als auch f\u00fcr die Sportabzeichen &#8211; ein weiterer Wettbewerb, an dem unsere Schule regelm\u00e4\u00dfig in jedem Schuljahr wieder teilnimmt.<\/p>\n<p>Auch der Besuch von regionalen Handball &#8211; und Fu\u00dfballturnieren geh\u00f6ren zu unseren regelm\u00e4\u00dfigen Aktivit\u00e4ten.<\/p>\n<p>&nbsp;<\/p>\n\n\n\n<p>Das besondere Bed\u00fcrfnis der Sch\u00fcler\/-innen nach Bewegung wurde auch in unserer 2022 durchgef\u00fchrten Klimakonferenz mit den Sch\u00fcler\/-innen deutlich, in welcher sie sich noch mehr Bewegung gew\u00fcnscht haben.\u00a0<\/p>\n<p>Neu haben wir daher an unserer Schule t\u00e4gliche Bewegungszeiten im Unterricht, vielf\u00e4ltige Pausenkisten (mit Materialien zum Werfen, Fangen, Springen, Balancieren und Kooperieren sowie zum schnellen und ausdauernden Laufen) f\u00fcr jede Klasse und wiederkehrende sportliche Projekte im Jahresrythmus eingef\u00fchrt.<\/p>\n","protected":false},"excerpt":{"rendered":"<p>Bewegung ist insbesondere f\u00fcr Kinder im Grundschulalter mit ihrem nat\u00fcrlichen Bewegungsdrang besonders wichtig. Daher ist und war es an unserer Schule immer wichtig, vielf\u00e4ltige Sportangebote zu bieten. Die OVAKARA-Grundschule bietet mit dem weitl\u00e4ufigen Schulgel\u00e4nde, dem hauseigenen Lehrschwimmbecken, der angegliederten Sporthalle und dem 30 Meter entfernten Sportplatz optimale Bedingungen, um den Sch\u00fcler\/-innen eine bewegungsfreundliche Unterrichtszeit zu [&hellip;]<\/p>\n","protected":false},"author":9193774,"featured_media":0,"parent":0,"menu_order":0,"comment_status":"closed","ping_status":"closed","template":"","meta":{"footnotes":""},"class_list":["post-1953","page","type-page","status-publish","hentry"],"_links":{"self":[{"href":"https:\/\/wordpress.nibis.de\/ovakara\/wp-json\/wp\/v2\/pages\/1953","targetHints":{"allow":["GET"]}}],"collection":[{"href":"https:\/\/wordpress.nibis.de\/ovakara\/wp-json\/wp\/v2\/pages"}],"about":[{"href":"https:\/\/wordpress.nibis.de\/ovakara\/wp-json\/wp\/v2\/types\/page"}],"author":[{"embeddable":true,"href":"https:\/\/wordpress.nibis.de\/ovakara\/wp-json\/wp\/v2\/users\/9193774"}],"replies":[{"embeddable":true,"href":"https:\/\/wordpress.nibis.de\/ovakara\/wp-json\/wp\/v2\/comments?post=1953"}],"version-history":[{"count":3,"href":"https:\/\/wordpress.nibis.de\/ovakara\/wp-json\/wp\/v2\/pages\/1953\/revisions"}],"predecessor-version":[{"id":2282,"href":"https:\/\/wordpress.nibis.de\/ovakara\/wp-json\/wp\/v2\/pages\/1953\/revisions\/2282"}],"wp:attachment":[{"href":"https:\/\/wordpress.nibis.de\/ovakara\/wp-json\/wp\/v2\/media?parent=1953"}],"curies":[{"name":"wp","href":"https:\/\/api.w.org\/{rel}","templated":true}]}}