{"id":367,"date":"2021-04-12T14:54:15","date_gmt":"2021-04-12T12:54:15","guid":{"rendered":"https:\/\/wordpress.nibis.de\/ovakara\/?page_id=367"},"modified":"2021-06-27T13:27:12","modified_gmt":"2021-06-27T11:27:12","slug":"foerderverein","status":"publish","type":"page","link":"https:\/\/wordpress.nibis.de\/ovakara\/foerderverein\/","title":{"rendered":"F\u00f6rderverein"},"content":{"rendered":"\n<p><strong><em>\u201eWir \u00fcber uns\u201c<\/em><\/strong><\/p>\n<p>Der F\u00f6rderverein der Ovakara Grundschule Hillerse wurde 1996 mit dem Ziel gegr\u00fcndet, der Schule zus\u00e4tzliche finanzielle M\u00f6glichkeiten f\u00fcr Anschaffungen und Aktionen zu bieten sowie durch aktive Mithilfe bei vielen Schulprojekten diese zu unterst\u00fctzen.<\/p>\n<p>Die \u00f6ffentlichen Gelder, die den Schulen zugewiesen werden, reichen oftmals nicht aus, um den Sch\u00fclern und Sch\u00fclerinnen \u00fcber den eigentlichen Schulalltag hinausgehende Angebote zu erm\u00f6g\u00adlichen. Der F\u00f6rderverein leistet somit einen gro\u00dfen Beitrag f\u00fcr ein gelingendes Schulleben der Kinder, dass \u00fcber den eigentlichen Unterricht hinausgeht.<\/p>\n<p>Die daf\u00fcr notwendigen Geldmittel werden gr\u00f6\u00dftenteils aus <strong>Mitglieds\u00adbeitr\u00e4gen<\/strong> und <strong>Spenden, aber auch aus \u00dcbersch\u00fcssen, die durch den Verkauf auf Schulveranstaltungen<\/strong> eingenommen werden, gewonnen.<\/p>\n<p>Der Vorstand des Vereins arbeitet ehrenamtlich und besteht aus sechs Mitgliedern. Diese werden jeweils f\u00fcr zwei Jahre gew\u00e4hlt. Das Vereinsjahr geht vom 01.03. bis 28.02. (29.02.) des Folgejahres.<\/p>\n<p>Jeweils zu Beginn eines neuen Gesch\u00e4ftsjahres findet eine Mitglieder\u00adversammlung statt, auf der der Vereinsvorstand Rechenschaft \u00fcber die im zur\u00fcckliegenden Jahr geleistete Arbeit, insbesondere der Verwendung der Gelder, ablegt. Auf dieser Versammlung werden aber auch der Vorstand und die Kassenpr\u00fcfer gew\u00e4hlt, \u00fcber Satzungs\u00e4nderungen abgestimmt und zuk\u00fcnftige Aufgaben besprochen.<\/p>\n<p>Die Vorstandsmitglieder treffen sich w\u00e4hrend des Jahres zu regelm\u00e4\u00dfigen Sitzungen, um die anstehenden Aufgaben und Aktionen des Vereins zu diskutieren, zu planen und letztendlich zu realisieren.<\/p>\n<p>Die Mitgliedschaft im Verein betr\u00e4gt mindestens 16,-\u20ac im Jahr. Bereits die Summe der Mitgliedsbeitr\u00e4ge macht eine Vielzahl sinnvoller Anschaffungen und Unterst\u00fctzungen m\u00f6glich. Kommen dar\u00fcber hinaus noch Spenden hinzu, k\u00f6nnen in vielen Bereichen der Schule zus\u00e4tzliche Anschaffungen und Unterst\u00fctzungen verwirklicht werden.<\/p>\n<p>Die aktive Mitarbeit im Verein ist freiwillig. F\u00fcr die regelm\u00e4\u00dfigen Angebote, die durch den Verein organisiert werden, sind helfende Eltern allerdings eine ganz gro\u00dfe St\u00fctze. Viele Schulveran\u00adstaltungen, wie die Bundes\u00adjugendspiele, der Verkehrssicherheitstag, die Einschulungs\u00adfeier und andere Schulfeste, werden vom Verein aktiv unterst\u00fctzt. Auch stellt der Verein sicher, dass die Schulbibliothek regelm\u00e4\u00dfig mit neuen B\u00fcchern ausgestattet wird und zweimal in der Woche f\u00fcr die Sch\u00fcler und Sch\u00fclerinnen ge\u00f6ffnet ist.<\/p>\n<p>Der Verein ist als gemeinn\u00fctzig anerkannt, so dass Mitgliedsbeitr\u00e4ge und Spenden steuerlich absetzbar sind. Eine Spendenbescheinigung kann ausgestellt werden.<\/p>\n<p><strong><em>\u201eEs gibt nichts Gutes, au\u00dfer man tut es\u201c <\/em><\/strong>(Erich K\u00e4stner)<\/p>\n","protected":false},"excerpt":{"rendered":"<p>\u201eWir \u00fcber uns\u201c Der F\u00f6rderverein der Ovakara Grundschule Hillerse wurde 1996 mit dem Ziel gegr\u00fcndet, der Schule zus\u00e4tzliche finanzielle M\u00f6glichkeiten f\u00fcr Anschaffungen und Aktionen zu bieten sowie durch aktive Mithilfe bei vielen Schulprojekten diese zu unterst\u00fctzen. Die \u00f6ffentlichen Gelder, die den Schulen zugewiesen werden, reichen oftmals nicht aus, um den Sch\u00fclern und Sch\u00fclerinnen \u00fcber den [&hellip;]<\/p>\n","protected":false},"author":9193785,"featured_media":0,"parent":0,"menu_order":0,"comment_status":"closed","ping_status":"closed","template":"","meta":{"footnotes":""},"class_list":["post-367","page","type-page","status-publish","hentry"],"_links":{"self":[{"href":"https:\/\/wordpress.nibis.de\/ovakara\/wp-json\/wp\/v2\/pages\/367","targetHints":{"allow":["GET"]}}],"collection":[{"href":"https:\/\/wordpress.nibis.de\/ovakara\/wp-json\/wp\/v2\/pages"}],"about":[{"href":"https:\/\/wordpress.nibis.de\/ovakara\/wp-json\/wp\/v2\/types\/page"}],"author":[{"embeddable":true,"href":"https:\/\/wordpress.nibis.de\/ovakara\/wp-json\/wp\/v2\/users\/9193785"}],"replies":[{"embeddable":true,"href":"https:\/\/wordpress.nibis.de\/ovakara\/wp-json\/wp\/v2\/comments?post=367"}],"version-history":[{"count":2,"href":"https:\/\/wordpress.nibis.de\/ovakara\/wp-json\/wp\/v2\/pages\/367\/revisions"}],"predecessor-version":[{"id":861,"href":"https:\/\/wordpress.nibis.de\/ovakara\/wp-json\/wp\/v2\/pages\/367\/revisions\/861"}],"wp:attachment":[{"href":"https:\/\/wordpress.nibis.de\/ovakara\/wp-json\/wp\/v2\/media?parent=367"}],"curies":[{"name":"wp","href":"https:\/\/api.w.org\/{rel}","templated":true}]}}