{"id":1189,"date":"2015-04-14T18:15:20","date_gmt":"2015-04-14T16:15:20","guid":{"rendered":"http:\/\/wordpress.nibis.de\/ovsvec\/?page_id=1189"},"modified":"2019-06-10T12:06:56","modified_gmt":"2019-06-10T10:06:56","slug":"balu-und-du","status":"publish","type":"page","link":"https:\/\/wordpress.nibis.de\/ovsvec\/kooperation-2\/balu-und-du\/","title":{"rendered":"Balu und Du"},"content":{"rendered":"<p>Die Overbergschule nimmt nun bereits seit einigen Jahren an dem bundesweiten Mentorenprogramm Balu und Du in Kooperation mit dem Caritas-Sozialwerk St. Elisabeth Vechta teil.<\/p>\n<p>Balu und Du f\u00f6rdert Grundschulkinder im au\u00dferschulischen Bereich. Junge, engagierte Erwachsene \u00fcbernehmen ehrenamtlich mindestens ein Jahr lang eine individuelle Patenschaft f\u00fcr ein Kind. Sie helfen ihm durch pers\u00f6nliche Zugewandtheit und aktive Freizeitgestaltung, sich in unserer Gesellschaft zu entwickeln und zu lernen, wie man die Herausforderungen des Alltags erfolgreich meistern kann. Die positiven Effekte des Programms werden durch die Wirksamkeitsforschung best\u00e4tigt.<\/p>\n<p>Weitere, ausf\u00fchrlichere Informationen zu Balu und Du finden Sie unter dem nachfolgenden Link:<\/p>\n<p>http:\/\/www.balu-und-du.de\/<\/p>\n","protected":false},"excerpt":{"rendered":"<p>Die Overbergschule nimmt nun bereits seit einigen Jahren an dem bundesweiten Mentorenprogramm Balu und Du in Kooperation mit dem Caritas-Sozialwerk St. Elisabeth Vechta teil. Balu und Du f\u00f6rdert Grundschulkinder im au\u00dferschulischen Bereich. Junge, engagierte Erwachsene \u00fcbernehmen ehrenamtlich mindestens ein Jahr &hellip; <a href=\"https:\/\/wordpress.nibis.de\/ovsvec\/kooperation-2\/balu-und-du\/\">Weiterlesen <span class=\"meta-nav\">&rarr;<\/span><\/a><\/p>\n","protected":false},"author":430,"featured_media":0,"parent":320,"menu_order":0,"comment_status":"closed","ping_status":"closed","template":"","meta":{"footnotes":""},"class_list":["post-1189","page","type-page","status-publish","hentry"],"_links":{"self":[{"href":"https:\/\/wordpress.nibis.de\/ovsvec\/wp-json\/wp\/v2\/pages\/1189","targetHints":{"allow":["GET"]}}],"collection":[{"href":"https:\/\/wordpress.nibis.de\/ovsvec\/wp-json\/wp\/v2\/pages"}],"about":[{"href":"https:\/\/wordpress.nibis.de\/ovsvec\/wp-json\/wp\/v2\/types\/page"}],"author":[{"embeddable":true,"href":"https:\/\/wordpress.nibis.de\/ovsvec\/wp-json\/wp\/v2\/users\/430"}],"replies":[{"embeddable":true,"href":"https:\/\/wordpress.nibis.de\/ovsvec\/wp-json\/wp\/v2\/comments?post=1189"}],"version-history":[{"count":5,"href":"https:\/\/wordpress.nibis.de\/ovsvec\/wp-json\/wp\/v2\/pages\/1189\/revisions"}],"predecessor-version":[{"id":4167,"href":"https:\/\/wordpress.nibis.de\/ovsvec\/wp-json\/wp\/v2\/pages\/1189\/revisions\/4167"}],"up":[{"embeddable":true,"href":"https:\/\/wordpress.nibis.de\/ovsvec\/wp-json\/wp\/v2\/pages\/320"}],"wp:attachment":[{"href":"https:\/\/wordpress.nibis.de\/ovsvec\/wp-json\/wp\/v2\/media?parent=1189"}],"curies":[{"name":"wp","href":"https:\/\/api.w.org\/{rel}","templated":true}]}}