{"id":5958,"date":"2022-01-19T17:30:47","date_gmt":"2022-01-19T16:30:47","guid":{"rendered":"https:\/\/wordpress.nibis.de\/ovsvec\/?page_id=5958"},"modified":"2026-02-16T09:18:52","modified_gmt":"2026-02-16T08:18:52","slug":"red-hand-day","status":"publish","type":"page","link":"https:\/\/wordpress.nibis.de\/ovsvec\/red-hand-day\/","title":{"rendered":"Red Hand Day 12.Februar"},"content":{"rendered":"\n<h3><strong>Mach mit und zeige deine rote Hand!<\/strong><\/h3>\n\n\n\n<h1 class=\"wp-block-heading\"><strong>Film   <\/strong><\/h1>\n\n\n\n<p>Erstellt 2019 von Sch\u00fclerinnen und Sch\u00fclern in dem KOV Begabtenf\u00f6rderungskurs Erz\u00e4hlwerkstatt &#8218;Puppet Pals&#8216;.<\/p>\n\n\n\n<p><a href=\"https:\/\/cloudfiles.overbergschule-vechta.net\/s\/b9S3D5YCC5pqdfb\">https:\/\/cloudfiles.overbergschule-vechta.net\/s\/b9S3D5YCC5pqdfb<\/a><\/p>\n\n\n\n<p><\/p>\n\n\n\n<h1><strong>12.02.2026<\/strong><\/h1>\n<p><strong>Flyer macht auf den Missstand aufmerksam<\/strong><\/p>\n<p>Aus der Sch\u00fclervertretung kam in diesem Jahr die Idee, Flyer zum Red Hand Day zu erstellen. Damit verbunden war der Aufruf, eine rote Hand als Zeichen in die Fenster zu h\u00e4ngen. Zudem wurde der Flyer mit OR Codes versehen. Interessierte konnten so weitereichende Informationen von Unicef und von der Homepage der Overbergschule sowie eine Vorlage f\u00fcr eine rote Hand zum Ausdruck erhalten. Die Flyer wurden dann von den Sch\u00fclerinnen und Sch\u00fcler vormittags in der Nachbarschaft der Schule oder am Nachmittag bei Familienmitgliedern oder auch in der Nachbarschaft der Kinder verteilt. Am 12.02. ist eine Vertretung der SV mit Irene J\u00e4ger in der Stadt gewesen, um die Flyer auch in den Gesch\u00e4ften vor Ort auszulegen. Die Kinder haben auf Ihrem Rundgang viel positive Resonanz erhalten \ud83d\ude0a Vielen Dank f\u00fcr das Mitmachen!<\/p>\n<p><a href=\"https:\/\/cloudfiles.overbergschule-vechta.net\/s\/exM8ZaQCLwpXJyB\">https:\/\/cloudfiles.overbergschule-vechta.net\/s\/exM8ZaQCLwpXJyB<\/a><\/p>\n\n\n\n<h1><strong>12.02.2025<\/strong><\/h1>\n<p><strong>Versammlung mit einem Aufmarsch am 12.02.2025<\/strong><\/p>\n<p>In diesem Jahr werden wir wieder am <strong>\u201eRed Hand Day: Welttag gegen den Einsatz von Kindersoldaten\u201c <\/strong>dabei sein. Bereits im letzten Schuljahr ist aus der Sch\u00fclervertretung der <u>Wunsch<\/u> entstanden, an diesem Tag durch die Stadt zu gehen und den <u>B\u00fcrgermeister im Rathaus<\/u> zu besuchen. Die Sch\u00fclervertretung mit der Begleitung von Christa Muhle hat die Idee weiterverfolgt. Alle Kinder aus den Jahrg\u00e4ngen 2-4 sind informiert.<\/p>\n<p>Wir werden uns nun am 12.02.2025 um 10.00 Uhr von der Schule aus auf den Weg zum Rathaus begeben (\u00fcber die Gro\u00dfe Stra\u00dfe). Der B\u00fcrgermeister erwartet uns um 11.00 Uhr. Die Versammlung ist bei der Stadt angemeldet und wird durch die Polizei abgesichert werden.<\/p>\n<p>Brief an den B\u00fcrgermeister Herrn Kristian Kater:<\/p>\n<p><a href=\"https:\/\/cloudfiles.overbergschule-vechta.net\/index.php\/s\/9LiFXEiYwDXzqkr\">https:\/\/cloudfiles.overbergschule-vechta.net\/index.php\/s\/9LiFXEiYwDXzqkr<\/a><\/p>\n<p>Weitere Eindr\u00fccke:<\/p>\n<p><a href=\"https:\/\/cloudfiles.overbergschule-vechta.net\/index.php\/s\/r4Xewq8qGfSpT4J\">https:\/\/cloudfiles.overbergschule-vechta.net\/index.php\/s\/r4Xewq8qGfSpT4J<\/a><\/p>\n<p>Pressestimmen:<\/p>\n<p><a href=\"https:\/\/cloudfiles.overbergschule-vechta.net\/index.php\/s\/j5d7zNEPAQdpXAd\">https:\/\/cloudfiles.overbergschule-vechta.net\/index.php\/s\/j5d7zNEPAQdpXAd<\/a><\/p>\n<h1>&nbsp;<\/h1>\n<h1><strong>12.02. 2023<\/strong><\/h1>\n\n\n\n<p><a href=\"https:\/\/wordpress.nibis.de\/ovsvec\/files\/Gruppenbild-scaled.jpg\"><img loading=\"lazy\" decoding=\"async\" class=\"alignleft size-full wp-image-6573\" src=\"https:\/\/wordpress.nibis.de\/ovsvec\/files\/Gruppenbild-scaled.jpg\" alt=\"\" width=\"2560\" height=\"1920\" srcset=\"https:\/\/wordpress.nibis.de\/ovsvec\/files\/Gruppenbild-scaled.jpg 2560w, https:\/\/wordpress.nibis.de\/ovsvec\/files\/Gruppenbild-300x225.jpg 300w, https:\/\/wordpress.nibis.de\/ovsvec\/files\/Gruppenbild-1024x768.jpg 1024w, https:\/\/wordpress.nibis.de\/ovsvec\/files\/Gruppenbild-768x576.jpg 768w, https:\/\/wordpress.nibis.de\/ovsvec\/files\/Gruppenbild-1536x1152.jpg 1536w, https:\/\/wordpress.nibis.de\/ovsvec\/files\/Gruppenbild-2048x1536.jpg 2048w\" sizes=\"auto, (max-width: 2560px) 100vw, 2560px\" \/><\/a><\/p>\n\n\n\n<h1 class=\"wp-block-heading\"><strong>12.02.2022<\/strong><\/h1>\n\n\n\n<div class=\"wp-block-file\"><a href=\"https:\/\/wordpress.nibis.de\/ovsvec\/files\/Anschreiben-Schulen-Red-Hand-Day.pdf\">Anschreiben-Schulen-Red-Hand-Day<\/a><a href=\"https:\/\/wordpress.nibis.de\/ovsvec\/files\/Anschreiben-Schulen-Red-Hand-Day.pdf\" class=\"wp-block-file__button\" download>Herunterladen<\/a><\/div>\n\n\n\n<p><\/p>\n\n\n\n<figure class=\"wp-block-image size-large is-resized\"><a href=\"https:\/\/wordpress.nibis.de\/ovsvec\/files\/10-scaled.jpg\"><img loading=\"lazy\" decoding=\"async\" width=\"1024\" height=\"556\" src=\"https:\/\/wordpress.nibis.de\/ovsvec\/files\/10-1024x556.jpg\" alt=\"\" class=\"wp-image-6046\" style=\"width:435px;height:235px\" srcset=\"https:\/\/wordpress.nibis.de\/ovsvec\/files\/10-1024x556.jpg 1024w, https:\/\/wordpress.nibis.de\/ovsvec\/files\/10-300x163.jpg 300w, https:\/\/wordpress.nibis.de\/ovsvec\/files\/10-768x417.jpg 768w, https:\/\/wordpress.nibis.de\/ovsvec\/files\/10-1536x833.jpg 1536w, https:\/\/wordpress.nibis.de\/ovsvec\/files\/10-2048x1111.jpg 2048w\" sizes=\"auto, (max-width: 1024px) 100vw, 1024px\" \/><\/a><figcaption class=\"wp-element-caption\">Aufruf in allen Fenstern der Schule!<\/figcaption><\/figure>\n\n\n\n<h1 class=\"wp-block-heading\"><strong>12.02.2021 <\/strong><\/h1>\n\n\n\n<p><a href=\"https:\/\/wordpress.nibis.de\/ovsvec\/files\/Kinder-erbitten-Hilfe-der-Kanzlerin.pdf\">Kinder-erbitten-Hilfe-der-Kanzlerin<\/a><\/p>\n\n\n\n<figure class=\"wp-block-gallery alignleft has-nested-images columns-default is-cropped wp-block-gallery-1 is-layout-flex wp-block-gallery-is-layout-flex\">\n<figure class=\"wp-block-image size-large\"><a href=\"https:\/\/wordpress.nibis.de\/ovsvec\/files\/Hand-in-Hand-Aula-scaled.jpeg\"><img loading=\"lazy\" decoding=\"async\" width=\"2560\" height=\"1407\" data-id=\"5983\" src=\"https:\/\/wordpress.nibis.de\/ovsvec\/files\/Hand-in-Hand-Aula-scaled.jpeg\" alt=\"\" class=\"wp-image-5983\" srcset=\"https:\/\/wordpress.nibis.de\/ovsvec\/files\/Hand-in-Hand-Aula-scaled.jpeg 2560w, https:\/\/wordpress.nibis.de\/ovsvec\/files\/Hand-in-Hand-Aula-300x165.jpeg 300w, https:\/\/wordpress.nibis.de\/ovsvec\/files\/Hand-in-Hand-Aula-1024x563.jpeg 1024w, https:\/\/wordpress.nibis.de\/ovsvec\/files\/Hand-in-Hand-Aula-768x422.jpeg 768w, https:\/\/wordpress.nibis.de\/ovsvec\/files\/Hand-in-Hand-Aula-1536x844.jpeg 1536w, https:\/\/wordpress.nibis.de\/ovsvec\/files\/Hand-in-Hand-Aula-2048x1126.jpeg 2048w\" sizes=\"auto, (max-width: 2560px) 100vw, 2560px\" \/><\/a><figcaption class=\"wp-element-caption\">Hand in Hand in der Aula<\/figcaption><\/figure>\n<\/figure>\n\n\n\n<h1 class=\"wp-block-heading\"><strong>12.02.2020 <\/strong><\/h1>\n\n\n\n<figure class=\"wp-block-gallery alignleft has-nested-images columns-default is-cropped columns-1 wp-block-gallery-2 is-layout-flex wp-block-gallery-is-layout-flex\"><\/figure>\n\n\n\n<h1 class=\"wp-block-heading\"><strong>12.02.2019 <\/strong><\/h1>\n\n\n\n<p><a href=\"https:\/\/wordpress.nibis.de\/ovsvec\/files\/Red-Hand-Day-flyer.pdf\">Red Hand Day flyer<\/a><\/p>\n\n\n\n<figure class=\"wp-block-gallery alignleft has-nested-images columns-default is-cropped wp-block-gallery-3 is-layout-flex wp-block-gallery-is-layout-flex\">\n<figure class=\"wp-block-image size-large\"><a href=\"https:\/\/wordpress.nibis.de\/ovsvec\/files\/Red-Hand-Day-Aktion-Overbergschule-scaled.jpg\"><img loading=\"lazy\" decoding=\"async\" width=\"2560\" height=\"1130\" data-id=\"5977\" src=\"https:\/\/wordpress.nibis.de\/ovsvec\/files\/Red-Hand-Day-Aktion-Overbergschule-scaled.jpg\" alt=\"\" class=\"wp-image-5977\" srcset=\"https:\/\/wordpress.nibis.de\/ovsvec\/files\/Red-Hand-Day-Aktion-Overbergschule-scaled.jpg 2560w, https:\/\/wordpress.nibis.de\/ovsvec\/files\/Red-Hand-Day-Aktion-Overbergschule-300x132.jpg 300w, https:\/\/wordpress.nibis.de\/ovsvec\/files\/Red-Hand-Day-Aktion-Overbergschule-1024x452.jpg 1024w, https:\/\/wordpress.nibis.de\/ovsvec\/files\/Red-Hand-Day-Aktion-Overbergschule-768x339.jpg 768w, https:\/\/wordpress.nibis.de\/ovsvec\/files\/Red-Hand-Day-Aktion-Overbergschule-1536x678.jpg 1536w, https:\/\/wordpress.nibis.de\/ovsvec\/files\/Red-Hand-Day-Aktion-Overbergschule-2048x904.jpg 2048w\" sizes=\"auto, (max-width: 2560px) 100vw, 2560px\" \/><\/a><figcaption class=\"wp-element-caption\">Rote Hand auf dem Schulhof<\/figcaption><\/figure>\n<\/figure>\n\n\n","protected":false},"excerpt":{"rendered":"<p>Mach mit und zeige deine rote Hand! Film Erstellt 2019 von Sch\u00fclerinnen und Sch\u00fclern in dem KOV Begabtenf\u00f6rderungskurs Erz\u00e4hlwerkstatt &#8218;Puppet Pals&#8216;. https:\/\/cloudfiles.overbergschule-vechta.net\/s\/b9S3D5YCC5pqdfb 12.02.2026 Flyer macht auf den Missstand aufmerksam Aus der Sch\u00fclervertretung kam in diesem Jahr die Idee, Flyer zum &hellip; <a href=\"https:\/\/wordpress.nibis.de\/ovsvec\/red-hand-day\/\">Weiterlesen <span class=\"meta-nav\">&rarr;<\/span><\/a><\/p>\n","protected":false},"author":430,"featured_media":0,"parent":0,"menu_order":0,"comment_status":"closed","ping_status":"closed","template":"","meta":{"footnotes":""},"class_list":["post-5958","page","type-page","status-publish","hentry"],"_links":{"self":[{"href":"https:\/\/wordpress.nibis.de\/ovsvec\/wp-json\/wp\/v2\/pages\/5958","targetHints":{"allow":["GET"]}}],"collection":[{"href":"https:\/\/wordpress.nibis.de\/ovsvec\/wp-json\/wp\/v2\/pages"}],"about":[{"href":"https:\/\/wordpress.nibis.de\/ovsvec\/wp-json\/wp\/v2\/types\/page"}],"author":[{"embeddable":true,"href":"https:\/\/wordpress.nibis.de\/ovsvec\/wp-json\/wp\/v2\/users\/430"}],"replies":[{"embeddable":true,"href":"https:\/\/wordpress.nibis.de\/ovsvec\/wp-json\/wp\/v2\/comments?post=5958"}],"version-history":[{"count":37,"href":"https:\/\/wordpress.nibis.de\/ovsvec\/wp-json\/wp\/v2\/pages\/5958\/revisions"}],"predecessor-version":[{"id":8552,"href":"https:\/\/wordpress.nibis.de\/ovsvec\/wp-json\/wp\/v2\/pages\/5958\/revisions\/8552"}],"wp:attachment":[{"href":"https:\/\/wordpress.nibis.de\/ovsvec\/wp-json\/wp\/v2\/media?parent=5958"}],"curies":[{"name":"wp","href":"https:\/\/api.w.org\/{rel}","templated":true}]}}