{"id":37,"date":"2018-12-21T17:17:46","date_gmt":"2018-12-21T16:17:46","guid":{"rendered":"https:\/\/wordpress.nibis.de\/pestapbg\/?page_id=37"},"modified":"2019-01-02T12:33:46","modified_gmt":"2019-01-02T11:33:46","slug":"unsere-schuelerinnen-und-schueler","status":"publish","type":"page","link":"https:\/\/wordpress.nibis.de\/pestapbg\/unsere-schuelerinnen-und-schueler\/","title":{"rendered":"Unsere Sch\u00fclerinnen und Sch\u00fcler"},"content":{"rendered":"<p>In unserer Schule werden Sch\u00fclerinnen und Sch\u00fcler mit besonderem F\u00f6rderbedarf unterrichtet, die umfangreich, schwer und lang andauernd in ihrem schulischen Lernen beeintr\u00e4chtigt sind. Die Kinder haben mehr oder weniger stark ausgepr\u00e4gte Probleme in den Bereichen der Wahrnehmung, Motorik und Sprache sowie im Spiel- und Sozialverhalten. Zum Teil fehlen grundlegende Voraussetzungen wie z.B. Aufmerksamkeit, Konzentration und Ausdauer, so dass ein erfolgreicher Besuch der Grund- oder Oberschule ohne zus\u00e4tzliche sonderp\u00e4dagogische Hilfen nicht m\u00f6glich ist.<\/p>\n","protected":false},"excerpt":{"rendered":"<p>In unserer Schule werden Sch\u00fclerinnen und Sch\u00fcler mit besonderem F\u00f6rderbedarf unterrichtet, die umfangreich, schwer und lang andauernd in ihrem schulischen Lernen beeintr\u00e4chtigt sind. Die Kinder haben mehr oder weniger stark ausgepr\u00e4gte Probleme in den Bereichen der Wahrnehmung, Motorik und Sprache &hellip; <a href=\"https:\/\/wordpress.nibis.de\/pestapbg\/unsere-schuelerinnen-und-schueler\/\">Weiterlesen <span class=\"meta-nav\">&rarr;<\/span><\/a><\/p>\n","protected":false},"author":9192890,"featured_media":0,"parent":0,"menu_order":0,"comment_status":"closed","ping_status":"closed","template":"","meta":{"footnotes":""},"class_list":["post-37","page","type-page","status-publish","hentry"],"_links":{"self":[{"href":"https:\/\/wordpress.nibis.de\/pestapbg\/wp-json\/wp\/v2\/pages\/37","targetHints":{"allow":["GET"]}}],"collection":[{"href":"https:\/\/wordpress.nibis.de\/pestapbg\/wp-json\/wp\/v2\/pages"}],"about":[{"href":"https:\/\/wordpress.nibis.de\/pestapbg\/wp-json\/wp\/v2\/types\/page"}],"author":[{"embeddable":true,"href":"https:\/\/wordpress.nibis.de\/pestapbg\/wp-json\/wp\/v2\/users\/9192890"}],"replies":[{"embeddable":true,"href":"https:\/\/wordpress.nibis.de\/pestapbg\/wp-json\/wp\/v2\/comments?post=37"}],"version-history":[{"count":3,"href":"https:\/\/wordpress.nibis.de\/pestapbg\/wp-json\/wp\/v2\/pages\/37\/revisions"}],"predecessor-version":[{"id":54,"href":"https:\/\/wordpress.nibis.de\/pestapbg\/wp-json\/wp\/v2\/pages\/37\/revisions\/54"}],"wp:attachment":[{"href":"https:\/\/wordpress.nibis.de\/pestapbg\/wp-json\/wp\/v2\/media?parent=37"}],"curies":[{"name":"wp","href":"https:\/\/api.w.org\/{rel}","templated":true}]}}

Unsere Schülerinnen und Schüler

<p>In unserer Schule werden Schülerinnen und Schüler mit besonderem Förderbedarf unterrichtet, die umfangreich, schwer und lang andauernd in ihrem schulischen Lernen beeinträchtigt sind. Die Kinder haben mehr oder weniger stark ausgeprägte Probleme in den Bereichen der Wahrnehmung, Motorik und Sprache sowie im Spiel- und Sozialverhalten. Zum Teil fehlen grundlegende Voraussetzungen wie z.B. Aufmerksamkeit, Konzentration und Ausdauer, so dass ein erfolgreicher Besuch der Grund- oder Oberschule ohne zusätzliche sonderpädagogische Hilfen nicht möglich ist.</p>

<p>In unserer Schule werden Schülerinnen und Schüler mit besonderem Förderbedarf unterrichtet, die umfangreich, schwer und lang andauernd in ihrem schulischen Lernen beeinträchtigt sind. Die Kinder haben mehr oder weniger stark ausgeprägte Probleme in den Bereichen der Wahrnehmung, Motorik und Sprache &hellip; <a href="https://wordpress.nibis.de/pestapbg/unsere-schuelerinnen-und-schueler/">Weiterlesen <span class="meta-nav">&rarr;</span></a></p>
