{"id":898,"date":"2024-02-20T18:48:33","date_gmt":"2024-02-20T17:48:33","guid":{"rendered":"https:\/\/wordpress.nibis.de\/pestapbg\/?page_id=898"},"modified":"2024-02-20T18:48:34","modified_gmt":"2024-02-20T17:48:34","slug":"7-evaluation","status":"publish","type":"page","link":"https:\/\/wordpress.nibis.de\/pestapbg\/7-evaluation\/","title":{"rendered":"7. Evaluation"},"content":{"rendered":"\n<h2>7.1 Projekt P\u00e4dagogisches Schulkonzept<\/h2>\n<p>Das Projekt wurde termingerecht zum Ende April 2018 beendet und dem Landkreis ausgeh\u00e4ndigt.<\/p>\n<p>Im April 2020 wurde das p\u00e4dagogische Konzept evaluiert, aktualisiert und durch neue Entwicklungsziele erweitert.<\/p>\n<h2>7.2 Projekt \u201eJahresschulplaner\u201c<\/h2>\n<p>Der Schuljahresplaner hat sich in besonderem Ma\u00dfe bew\u00e4hrt. Sowohl Sch\u00fcler*innen als auch Eltern und Lehrkr\u00e4fte haben ein einheitliches Instrumentarium sowohl f\u00fcr die Notation der Hausaufgaben als auch Mitteilungen untereinander.<\/p>\n<p>Den Sch\u00fcler*innen dient der Schulplaner als Strukturierungshilfe im Schulalltag. Neben hilfreichen Informationsbl\u00e4ttern wie z.B. Formelsammlungen und der Deutschlandkarte gibt es eine sehr praktikable Form, die Kinder zu entschuldigen.<\/p>\n<p>Weiterhin gibt es Informationen \u00fcber die Schulregeln, die Kleiderordnung und das richtige Schulmaterial.<\/p>\n<p>Am Ende eines jeden Schuljahres erfolgt eine Evaluation mit entsprechenden Ver\u00e4nderungen.<\/p>\n<h2>7.3 Projekt \u201eBerufswahlpass\u201c<\/h2>\n<p>Im M\u00e4rz 2018 wurden erste \u00dcberlegungen get\u00e4tigt, wie man die Dokumentation der Berufsorientierungsphase gut strukturiert festhalten kann. Der Berufswahlpass wurde zu dieser Zeit noch redaktionell \u00fcberarbeitet. Zum Beginn des ersten Halbjahres des Schuljahres 2018\/2019 wurden neue Ordner samt Inhalt bestellt und den Sch\u00fclern zur Verf\u00fcgung gestellt. Die Kolleginnen und Kollegen berichten im Verlauf des Schuljahres, dass die Sprache und der Umfang f\u00fcr unsere Sch\u00fclerinnen und Sch\u00fcler sehr umf\u00e4nglich und zum Teil missverst\u00e4ndlich sind. Daher erwies sich der Berufswahlpass in dieser Form f\u00fcr impraktikabel. Nach einer Fachkonferenz wurde beschlossen, dass f\u00fcr die n\u00e4chsten achten Klassen der Berufswahlpass in einfacher Sprache bestellt wird. Der Berufswahlpass befindet sich in der Erprobungsphase. Zum Ende des Schuljahres 2019\/2020 wird eine erneute Evaluation stattfinden.<\/p>\n","protected":false},"excerpt":{"rendered":"<p>7.1 Projekt P\u00e4dagogisches Schulkonzept Das Projekt wurde termingerecht zum Ende April 2018 beendet und dem Landkreis ausgeh\u00e4ndigt. Im April 2020 wurde das p\u00e4dagogische Konzept evaluiert, aktualisiert und durch neue Entwicklungsziele erweitert. 7.2 Projekt \u201eJahresschulplaner\u201c Der Schuljahresplaner hat sich in besonderem &hellip; <a href=\"https:\/\/wordpress.nibis.de\/pestapbg\/7-evaluation\/\">Weiterlesen <span class=\"meta-nav\">&rarr;<\/span><\/a><\/p>\n","protected":false},"author":9192890,"featured_media":0,"parent":0,"menu_order":0,"comment_status":"closed","ping_status":"closed","template":"","meta":{"footnotes":""},"class_list":["post-898","page","type-page","status-publish","hentry"],"_links":{"self":[{"href":"https:\/\/wordpress.nibis.de\/pestapbg\/wp-json\/wp\/v2\/pages\/898","targetHints":{"allow":["GET"]}}],"collection":[{"href":"https:\/\/wordpress.nibis.de\/pestapbg\/wp-json\/wp\/v2\/pages"}],"about":[{"href":"https:\/\/wordpress.nibis.de\/pestapbg\/wp-json\/wp\/v2\/types\/page"}],"author":[{"embeddable":true,"href":"https:\/\/wordpress.nibis.de\/pestapbg\/wp-json\/wp\/v2\/users\/9192890"}],"replies":[{"embeddable":true,"href":"https:\/\/wordpress.nibis.de\/pestapbg\/wp-json\/wp\/v2\/comments?post=898"}],"version-history":[{"count":1,"href":"https:\/\/wordpress.nibis.de\/pestapbg\/wp-json\/wp\/v2\/pages\/898\/revisions"}],"predecessor-version":[{"id":899,"href":"https:\/\/wordpress.nibis.de\/pestapbg\/wp-json\/wp\/v2\/pages\/898\/revisions\/899"}],"wp:attachment":[{"href":"https:\/\/wordpress.nibis.de\/pestapbg\/wp-json\/wp\/v2\/media?parent=898"}],"curies":[{"name":"wp","href":"https:\/\/api.w.org\/{rel}","templated":true}]}}

<h2>7.1 Projekt Pädagogisches Schulkonzept</h2>
<p>Das Projekt wurde termingerecht zum Ende April 2018 beendet und dem Landkreis ausgehändigt.</p>
<p>Im April 2020 wurde das pädagogische Konzept evaluiert, aktualisiert und durch neue Entwicklungsziele erweitert.</p>
<h2>7.2 Projekt „Jahresschulplaner“</h2>
<p>Der Schuljahresplaner hat sich in besonderem Maße bewährt. Sowohl Schüler*innen als auch Eltern und Lehrkräfte haben ein einheitliches Instrumentarium sowohl für die Notation der Hausaufgaben als auch Mitteilungen untereinander.</p>
<p>Den Schüler*innen dient der Schulplaner als Strukturierungshilfe im Schulalltag. Neben hilfreichen Informationsblättern wie z.B. Formelsammlungen und der Deutschlandkarte gibt es eine sehr praktikable Form, die Kinder zu entschuldigen.</p>
<p>Weiterhin gibt es Informationen über die Schulregeln, die Kleiderordnung und das richtige Schulmaterial.</p>
<p>Am Ende eines jeden Schuljahres erfolgt eine Evaluation mit entsprechenden Veränderungen.</p>
<h2>7.3 Projekt „Berufswahlpass“</h2>
<p>Im März 2018 wurden erste Überlegungen getätigt, wie man die Dokumentation der Berufsorientierungsphase gut strukturiert festhalten kann. Der Berufswahlpass wurde zu dieser Zeit noch redaktionell überarbeitet. Zum Beginn des ersten Halbjahres des Schuljahres 2018/2019 wurden neue Ordner samt Inhalt bestellt und den Schülern zur Verfügung gestellt. Die Kolleginnen und Kollegen berichten im Verlauf des Schuljahres, dass die Sprache und der Umfang für unsere Schülerinnen und Schüler sehr umfänglich und zum Teil missverständlich sind. Daher erwies sich der Berufswahlpass in dieser Form für impraktikabel. Nach einer Fachkonferenz wurde beschlossen, dass für die nächsten achten Klassen der Berufswahlpass in einfacher Sprache bestellt wird. Der Berufswahlpass befindet sich in der Erprobungsphase. Zum Ende des Schuljahres 2019/2020 wird eine erneute Evaluation stattfinden.</p>

<p>7.1 Projekt Pädagogisches Schulkonzept Das Projekt wurde termingerecht zum Ende April 2018 beendet und dem Landkreis ausgehändigt. Im April 2020 wurde das pädagogische Konzept evaluiert, aktualisiert und durch neue Entwicklungsziele erweitert. 7.2 Projekt „Jahresschulplaner“ Der Schuljahresplaner hat sich in besonderem &hellip; <a href="https://wordpress.nibis.de/pestapbg/7-evaluation/">Weiterlesen <span class="meta-nav">&rarr;</span></a></p>
