{"id":901,"date":"2024-02-20T19:29:39","date_gmt":"2024-02-20T18:29:39","guid":{"rendered":"https:\/\/wordpress.nibis.de\/pestapbg\/?page_id=901"},"modified":"2024-02-20T19:46:41","modified_gmt":"2024-02-20T18:46:41","slug":"8-ausblick-entwicklungsziele","status":"publish","type":"page","link":"https:\/\/wordpress.nibis.de\/pestapbg\/8-ausblick-entwicklungsziele\/","title":{"rendered":"8. Ausblick\/Entwicklungsziele"},"content":{"rendered":"\n<p>\u00a0<\/p>\n<table style=\"border-collapse: collapse;width: 100%;height: 2154px\">\n<tbody>\n<tr style=\"height: 32px\">\n<td style=\"width: 48.697%;height: 32px\"><strong>8.1 Projekt &#8211; Klassenst\u00e4rketraining<\/strong><\/td>\n<td style=\"width: 51.303%;height: 32px\">\u00a0<\/td>\n<\/tr>\n<tr style=\"height: 187px\">\n<td style=\"width: 100%;height: 187px\" colspan=\"2\">\n<p>Das Projekt wurde termingerecht im Rahmen des Aktionsprogramms \u201eStartklar f\u00fcr die Zukunft\u201c beantragt. Eine enge Zusammenarbeit zwischen Trainer*in, der Klassenleitung und den Sch\u00fcler*innen erm\u00f6glicht eine aktuelle Evaluation. Der*Die daf\u00fcr ausgebildete Trainer*in gereift die eigenen Eindr\u00fccke sowie die herausgebildeten Bed\u00fcrfnisse der Sch\u00fcler*innen auf und baut diese in die anschlie\u00dfende\/n\u00e4chste Trainingsstunde ein.<\/p>\n<\/td>\n<\/tr>\n<tr style=\"height: 32px\">\n<td style=\"width: 100%;height: 32px\" colspan=\"2\"><strong>Projektbeschreibung<\/strong><\/td>\n<\/tr>\n<tr style=\"height: 182px\">\n<td style=\"width: 48.697%;height: 182px\" width=\"177\">\n<p><strong>Projektname<\/strong><\/p>\n<p><strong>Projektdauer<\/strong><\/p>\n<p><strong>Zielgruppe<\/strong><\/p>\n<\/td>\n<td style=\"width: 51.303%;height: 182px\">\n<p><strong>Klassenst\u00e4rketraining<\/strong><\/p>\n<p>1,5 Schuljahre<\/p>\n<p>Alle Klassen; bzw. alle Sch\u00fcler*innen<\/p>\n<\/td>\n<\/tr>\n<tr style=\"height: 79px\">\n<td style=\"width: 48.697%;height: 79px\" width=\"177\">\n<p><strong>Projektleiter*innen<\/strong><\/p>\n<\/td>\n<td style=\"width: 51.303%;height: 79px\">\n<p><strong>Frau Schmitz<\/strong><\/p>\n<\/td>\n<\/tr>\n<tr style=\"height: 106px\">\n<td style=\"width: 48.697%;height: 106px\" width=\"177\">\n<p><strong>Mitglieder der Projektgruppe<\/strong><strong>\u00a0<\/strong><\/p>\n<\/td>\n<td style=\"width: 51.303%;height: 106px\">Frau Schmitz, Frau Priebe, Frau W\u00f6lk<\/td>\n<\/tr>\n<tr style=\"height: 187px\">\n<td style=\"width: 48.697%;height: 187px\" width=\"177\">\n<p><strong>Projektziel<\/strong><\/p>\n<\/td>\n<td style=\"width: 51.303%;height: 187px\" width=\"454\">\n<p><strong>St\u00e4rkung des Gruppenzusammenhalts und der Interaktion der Klassen unter Aufarbeitung ggf. vorhandener Brennpunkte innerhalb des Klassengef\u00fcges.<\/strong><\/p>\n<\/td>\n<\/tr>\n<tr style=\"height: 214px\">\n<td style=\"width: 48.697%;height: 214px\" width=\"177\">\n<p><strong>S<\/strong> (spezifisch)<\/p>\n<\/td>\n<td style=\"width: 51.303%;height: 214px\" width=\"454\">\n<p>Jede Klasse erh\u00e4lt zun\u00e4chst eine 90-min\u00fctige Einheit bei einem ausgebildeten Teamtrainer. Hierbei werden die Inhalte des Konzepts auf die Bed\u00fcrfnisse der jeweiligen Sch\u00fcler*innen abgestimmt (Einzelg\u00e4nger, Gewaltpotential, Umgangston, Mobbing).<\/p>\n<\/td>\n<\/tr>\n<tr style=\"height: 133px\">\n<td style=\"width: 48.697%;height: 133px\" width=\"177\">\n<p><strong>M<\/strong> (messbar)<\/p>\n<\/td>\n<td style=\"width: 51.303%;height: 133px\" width=\"454\">\n<p>Bessere Zusammenarbeit und besserer Zusammenhalt innerhalb der Klasse. Weniger Konflikte.<\/p>\n<\/td>\n<\/tr>\n<tr style=\"height: 187px\">\n<td style=\"width: 48.697%;height: 187px\" width=\"177\">\n<p><strong>A<\/strong> (attraktiv)<\/p>\n<\/td>\n<td style=\"width: 51.303%;height: 187px\" width=\"454\">\n<p>Der Unterricht findet in der Sporthalle bei einem au\u00dferschulischen Teamtrainer statt und unterscheidet sich damit deutlich vom allt\u00e4glichen Unterricht. Selbstbehauptung und Selbstvertrauen werden gest\u00e4rkt.<\/p>\n<\/td>\n<\/tr>\n<tr style=\"height: 160px\">\n<td style=\"width: 48.697%;height: 160px\" width=\"177\">\n<p><strong>R<\/strong> (realistisch)<\/p>\n<\/td>\n<td style=\"width: 51.303%;height: 160px\" width=\"454\">\n<p>Entsprechende F\u00f6rdergelder stehen zur Verf\u00fcgung. Die Einheiten werden in regelm\u00e4\u00dfigen Abst\u00e4nden in den Stundenplan eingebaut.<\/p>\n<\/td>\n<\/tr>\n<tr style=\"height: 79px\">\n<td style=\"width: 48.697%;height: 79px\" width=\"177\">\n<p><strong>T<\/strong> (terminiert)<\/p>\n<\/td>\n<td style=\"width: 51.303%;height: 79px\" width=\"454\">\n<p>Start: Februar 2022<\/p>\n<\/td>\n<\/tr>\n<tr style=\"height: 392px\">\n<td style=\"width: 48.697%;height: 392px\" width=\"177\">\n<p><strong>Entscheidungen zum weiteren<br \/>Vorgehen<\/strong><\/p>\n<p>Mit welchen Ma\u00dfnahmen sollen die Ziele erreicht werden?<\/p>\n<\/td>\n<td style=\"width: 51.303%;height: 392px\" width=\"454\">\n<p><strong>Ma\u00dfnahmen<\/strong><\/p>\n<p>1. Einbau der Einheiten in den Stundenplan<\/p>\n<p>2. Reflexionsgespr\u00e4che mit den Teilnehmern und dem Teamtrainer<\/p>\n<p>3. Organisation von \u201eNachbesserung\u201c, d.h. Trainingseinheiten f\u00fcr Sch\u00fcler*innen, die einen erh\u00f6hten Bedarf im sozial-emotionalen Bereich haben.<\/p>\n<\/td>\n<\/tr>\n<tr style=\"height: 184px\">\n<td style=\"width: 48.697%;height: 184px\" width=\"177\">\n<p><strong>Evaluation<\/strong><\/p>\n<p>Wann und wie soll das Erreichen der Teilziele evaluiert werden?<\/p>\n<\/td>\n<td style=\"width: 51.303%;height: 184px\" width=\"454\">\n<p>Im Anschluss an die gesamte Einheit wird evaluiert, ob ein weiterer Bedarf besteht.<\/p>\n<\/td>\n<\/tr>\n<\/tbody>\n<\/table>\n<p>\u00a0<\/p>\n<table style=\"border-collapse: collapse;width: 100%;height: 2069px\">\n<tbody>\n<tr style=\"height: 32px\">\n<td style=\"width: 50%;height: 32px\"><strong>8.2 Projekt &#8211; Dienstagstreff<\/strong><\/td>\n<td style=\"width: 50%;height: 32px\">\u00a0<\/td>\n<\/tr>\n<tr style=\"height: 133px\">\n<td style=\"width: 100%;height: 133px\" colspan=\"2\" width=\"631\">\n<p>Der erste Dienstagstreff fand u Beginn des zweiten Schulhalbjahres 2022\/23 Statt. Im Rahmen der Dienstbesprechungen wurden die Inhalte diskutiert und angepasst. Nach den ersten zwei Durchg\u00e4ngen deutet sich bereits eine ritualisierte Form an.<\/p>\n<\/td>\n<\/tr>\n<tr style=\"height: 79px\">\n<td style=\"width: 100%;height: 79px\" colspan=\"2\">\n<p><strong>Projektbeschreibung<\/strong><\/p>\n<\/td>\n<\/tr>\n<tr style=\"height: 182px\">\n<td style=\"width: 50%;height: 182px\">\n<p><strong>Projektname<\/strong><\/p>\n<p><strong>Projektdauer<\/strong><\/p>\n<p><strong>Zielgruppe<\/strong><\/p>\n<\/td>\n<td style=\"width: 50%;height: 182px\" width=\"454\">\n<p><strong>Dienstagstreff<\/strong><\/p>\n<p>Ab sofort, 1x im Monat<\/p>\n<p>Alle Sch\u00fcler*innen der Pestalozzischule<\/p>\n<\/td>\n<\/tr>\n<tr style=\"height: 79px\">\n<td style=\"width: 50%;height: 79px\" width=\"177\">\n<p><strong>Projektleiterinnen<\/strong><\/p>\n<\/td>\n<td style=\"width: 50%;height: 79px\"><strong>Frau Hatting, Frau Brookmann<\/strong><\/td>\n<\/tr>\n<tr style=\"height: 106px\">\n<td style=\"width: 50%;height: 106px\" width=\"177\">\n<p><strong>Mitglieder der <br \/>Projektgruppe<\/strong><\/p>\n<\/td>\n<td style=\"width: 50%;height: 106px\" width=\"454\">\n<p>Frau Hatting, Frau Brookmann, Frau Schute, Frau Schmitz, Frau Buckley<\/p>\n<\/td>\n<\/tr>\n<tr style=\"height: 160px\">\n<td style=\"width: 50%;height: 160px\" width=\"177\">\n<p><strong>Projektziel <\/strong><\/p>\n<\/td>\n<td style=\"width: 50%;height: 160px\" width=\"454\">\n<p><strong>Regelm\u00e4\u00dfige Sch\u00fclervollversammlung, um das Schulleben verantwortungsvoll mitzugestalten. Gelegenheiten bieten, um in der \u00d6ffentlichkeit aufzutreten.<\/strong><\/p>\n<\/td>\n<\/tr>\n<tr style=\"height: 160px\">\n<td style=\"width: 50%;height: 160px\" width=\"177\">\n<p><strong>S<\/strong> (spezifisch)<\/p>\n<\/td>\n<td style=\"width: 50%;height: 160px\" width=\"454\">\n<p>Alle Sch\u00fcler*innen und Lehrer*innen der Schule treffen sich jeden ersten Dienstag im Monat in der Aula. Ablauf und Inhalt werden von einem Team vorbereitet.<\/p>\n<\/td>\n<\/tr>\n<tr style=\"height: 187px\">\n<td style=\"width: 50%;height: 187px\" width=\"177\">\n<p><strong>M<\/strong> (messbar)<\/p>\n<\/td>\n<td style=\"width: 50%;height: 187px\" width=\"454\">\n<p>Sch\u00fcler*innen liefern eigene Beitr\u00e4ge und verfolgen andere aufmerksam. Es wird sich zeigen, ob ein Interesse an diesem Forum besteht, indem eine aufmerksame, disziplinierte Atmosph\u00e4re herrscht.<\/p>\n<\/td>\n<\/tr>\n<tr style=\"height: 241px\">\n<td style=\"width: 50%;height: 241px\" width=\"177\">\n<p><strong>A<\/strong> (attraktiv)<\/p>\n<\/td>\n<td style=\"width: 50%;height: 241px\" width=\"454\">\n<p>Das Forum kann genutzt werden, um Projekte, Erlebnisse u. \u00e4. zu pr\u00e4sentieren, Anregungen zu geben und schulinterne Probleme \u00f6ffentlich anzusprechen. Jede*r Sch\u00fcler*in ist hier gefragt und kann aktiv mitbestimmen. Geburtstagskinder werden gew\u00fcrdigt.<\/p>\n<\/td>\n<\/tr>\n<tr style=\"height: 160px\">\n<td style=\"width: 50%;height: 160px\" width=\"177\">\n<p><strong>R<\/strong> (realistisch)<\/p>\n<\/td>\n<td style=\"width: 50%;height: 160px\" width=\"454\">\n<p>Es handelt sich um einen festgelegten Termin, auf den sich alle Lehrer*innen und Sch\u00fcler*innen einstellen k\u00f6nnen. Die Inhalte k\u00f6nnen entsprechend vorbereitet werden.<\/p>\n<\/td>\n<\/tr>\n<tr style=\"height: 79px\">\n<td style=\"width: 50%;height: 79px\" width=\"177\">\n<p><strong>T<\/strong> (terminiert)<\/p>\n<\/td>\n<td style=\"width: 50%;height: 79px\" width=\"454\">\n<p>Start: Mai 2023<\/p>\n<\/td>\n<\/tr>\n<tr style=\"height: 287px\">\n<td style=\"width: 50%;height: 287px\" width=\"177\">\n<p><strong>Entscheidungen zum weiteren Vorgehen<\/strong><\/p>\n<p>Mit welchen Ma\u00dfnahmen sollen die Ziele erreicht werden?<\/p>\n<\/td>\n<td style=\"width: 50%;height: 287px\" width=\"454\">\n<p><strong>Ma\u00dfnahmen (Arbeitsinhalte)<\/strong><\/p>\n<p>1.\u00a0\u00a0\u00a0\u00a0\u00a0\u00a0 Ideensammlung in Form eines Briefkastens vor dem Sekretariat<\/p>\n<p>2.\u00a0\u00a0\u00a0\u00a0\u00a0\u00a0 Geburtstagslisten f\u00fchren<\/p>\n<p>3.\u00a0\u00a0\u00a0\u00a0\u00a0\u00a0 Organisation wechselnder Vorbereitungsteams<\/p>\n<\/td>\n<\/tr>\n<tr style=\"height: 184px\">\n<td style=\"width: 50%;height: 184px\" width=\"177\">\n<p><strong>Evaluation<\/strong><\/p>\n<p>Wann und wie soll das Erreichen der Teilziele <br \/>evaluiert werden?<strong>\u00a0<\/strong><\/p>\n<\/td>\n<td style=\"width: 50%;height: 184px\" width=\"454\">\n<p>Halbj\u00e4hrlich wird im Rahmen einer Dienstbesprechung evaluiert, ob dieses Forum das Schulleben bereichert.<\/p>\n<p>\u00a0<\/p>\n<\/td>\n<\/tr>\n<\/tbody>\n<\/table>\n<p>\u00a0<\/p>\n<table style=\"border-collapse: collapse;width: 100%;height: 679px\">\n<tbody>\n<tr style=\"height: 32px\">\n<td style=\"width: 100%;height: 32px\" colspan=\"2\">\n<h6><strong>8.3 Projekt &#8211; Einf\u00fchrung des Fachs \u201eInformatik\u201c in Klasse 10<\/strong><\/h6>\n<\/td>\n<\/tr>\n<tr style=\"height: 214px\">\n<td style=\"width: 100%;height: 214px\" colspan=\"2\" width=\"631\">\n<p>Mit Beginn des Schuljahres 2023\/24 wurde das Fach \u201eInformatik\u201c f\u00fcr die Klassen 10 in den Stundenplan eingepflegt. In einer Stunde pro Schulwoche werden den Sch\u00fcler*innen die Inhalte des von Herrn Pleuter vorbereiteten schuleigenen Lehrplans vermittelt. Kleine Lernzielkontrollen geben Aufschluss \u00fcber die erreichten Ziele, Inhalte k\u00f6nnen vertieft oder variiert werden. Zum jeweiligen Halbjahr erfolgt eine inhaltliche Evaluation innerhalb der Projektgruppe.<\/p>\n<\/td>\n<\/tr>\n<tr style=\"height: 32px\">\n<td style=\"width: 100%;height: 32px\" colspan=\"2\"><strong>Projektbeschreibung<\/strong><\/td>\n<\/tr>\n<tr style=\"height: 209px\">\n<td style=\"width: 48.2085%;height: 209px\" width=\"177\">\n<p><strong>Projektname<\/strong><\/p>\n<p><strong>Projektdauer<\/strong><\/p>\n<p><strong>Zielgruppe<\/strong><\/p>\n<\/td>\n<td style=\"width: 51.7915%;height: 209px\" width=\"454\">\n<p><strong>Einf\u00fchrung des Fachs \u201eInformatik\u201c in Klasse 10<\/strong><\/p>\n<p>Schuljahr 2023\/2024<\/p>\n<p>Alle Sch\u00fcler*innen der Pestalozzischule<\/p>\n<\/td>\n<\/tr>\n<tr style=\"height: 32px\">\n<td style=\"width: 48.2085%;height: 32px\"><strong>Projektleiterinnen<\/strong><\/td>\n<td style=\"width: 51.7915%\" width=\"454\">\n<p><strong>Herr Pleuter<\/strong><\/p>\n<\/td>\n<\/tr>\n<tr>\n<td style=\"width: 48.2085%\" width=\"177\">\n<p><strong>Mitglieder der Projektgruppe<\/strong><strong>\u00a0<\/strong><\/p>\n<\/td>\n<td style=\"width: 51.7915%\" width=\"454\">\n<p>Herr Pleuter, Frau Schmitz, Herr Schumacher<\/p>\n<\/td>\n<\/tr>\n<tr>\n<td style=\"width: 48.2085%\" width=\"177\">\n<p><strong>Projektziel <\/strong><\/p>\n<\/td>\n<td style=\"width: 51.7915%\" width=\"454\">\n<p><strong>Reflektierter und Verantwortungsbewusster <\/strong><strong>Umgang mit Informatiksystemen.<\/strong><\/p>\n<\/td>\n<\/tr>\n<tr>\n<td style=\"width: 48.2085%\" width=\"177\">\n<p><strong>S<\/strong> (spezifisch)<\/p>\n<\/td>\n<td style=\"width: 51.7915%\" width=\"454\">\n<p>Jede Klasse 10 erh\u00e4lt eine Wochenstunde das Unterrichtsfach \u201eInformatik\u201c bei einem entsprechend ausgebildeten Kollegen.<\/p>\n<\/td>\n<\/tr>\n<tr>\n<td style=\"width: 48.2085%\" width=\"177\">\n<p><strong>M<\/strong> (messbar)<\/p>\n<\/td>\n<td style=\"width: 51.7915%\" width=\"454\">\n<p>\u00dcberpr\u00fcfung durch Durchf\u00fchrung eines Tests und Vergabe von Noten.<\/p>\n<\/td>\n<\/tr>\n<tr>\n<td style=\"width: 48.2085%\" width=\"177\">\n<p><strong>A<\/strong> (attraktiv)<\/p>\n<\/td>\n<td style=\"width: 51.7915%\" width=\"454\">\n<p>Ankn\u00fcpfend an bereits vorhandene Interessen wird der Umgang mit Informations- und Kommuniktionstechnologien professionalisiert.<\/p>\n<\/td>\n<\/tr>\n<tr>\n<td style=\"width: 48.2085%\" width=\"177\">\n<p><strong>R<\/strong> (realistisch)<\/p>\n<\/td>\n<td style=\"width: 51.7915%\" width=\"454\">\n<p>Die technische Ausstattung sowie ein*e qualifizierte*r Fachlehrer*in sind vorhanden.<\/p>\n<\/td>\n<\/tr>\n<tr>\n<td style=\"width: 48.2085%\" width=\"177\">\n<p><strong>T<\/strong> (terminiert)<\/p>\n<\/td>\n<td style=\"width: 51.7915%\" width=\"454\">\n<p>Schuljahr 2023\/2024<\/p>\n<\/td>\n<\/tr>\n<tr>\n<td style=\"width: 48.2085%\" width=\"177\">\n<p><strong>Entscheidungen<br \/>zum weiteren<br \/>Vorgehen<\/strong><\/p>\n<p>Mit welchen Ma\u00dfnahmen sollen die Ziele erreicht werden?<\/p>\n<p>\u00a0<\/p>\n<\/td>\n<td style=\"width: 51.7915%\" width=\"454\">\n<p><strong>Ma\u00dfnahmen<\/strong><\/p>\n<p>1.\u00a0\u00a0\u00a0\u00a0\u00a0\u00a0 Einbau der Stunden in den Stundenplan<\/p>\n<p>2.\u00a0\u00a0\u00a0\u00a0\u00a0\u00a0 Ger\u00e4te (Hard- und Software) werden kontinuierlich auf den neusten Stand gebracht.<\/p>\n<p>3.\u00a0\u00a0\u00a0\u00a0\u00a0\u00a0 M\u00f6glichkeiten der Weiterbildung f\u00fcr den*die Fachlehrer*in<\/p>\n<\/td>\n<\/tr>\n<tr>\n<td style=\"width: 48.2085%\" width=\"177\">\n<p><strong>Evaluation<\/strong><\/p>\n<p>Wann und wie soll das <br \/>Erreichen der Teilziele <br \/>evaluiert werden?<\/p>\n<p><strong>\u00a0<\/strong><\/p>\n<\/td>\n<td style=\"width: 51.7915%\" width=\"454\">\n<p>Halbj\u00e4hrlicher fachlicher Austausch aller beteiligten Personen.<\/p>\n<\/td>\n<\/tr>\n<\/tbody>\n<\/table>\n","protected":false},"excerpt":{"rendered":"<p>\u00a0 8.1 Projekt &#8211; Klassenst\u00e4rketraining \u00a0 Das Projekt wurde termingerecht im Rahmen des Aktionsprogramms \u201eStartklar f\u00fcr die Zukunft\u201c beantragt. Eine enge Zusammenarbeit zwischen Trainer*in, der Klassenleitung und den Sch\u00fcler*innen erm\u00f6glicht eine aktuelle Evaluation. Der*Die daf\u00fcr ausgebildete Trainer*in gereift die eigenen &hellip; <a href=\"https:\/\/wordpress.nibis.de\/pestapbg\/8-ausblick-entwicklungsziele\/\">Weiterlesen <span class=\"meta-nav\">&rarr;<\/span><\/a><\/p>\n","protected":false},"author":9192890,"featured_media":0,"parent":0,"menu_order":0,"comment_status":"closed","ping_status":"closed","template":"","meta":{"footnotes":""},"class_list":["post-901","page","type-page","status-publish","hentry"],"_links":{"self":[{"href":"https:\/\/wordpress.nibis.de\/pestapbg\/wp-json\/wp\/v2\/pages\/901","targetHints":{"allow":["GET"]}}],"collection":[{"href":"https:\/\/wordpress.nibis.de\/pestapbg\/wp-json\/wp\/v2\/pages"}],"about":[{"href":"https:\/\/wordpress.nibis.de\/pestapbg\/wp-json\/wp\/v2\/types\/page"}],"author":[{"embeddable":true,"href":"https:\/\/wordpress.nibis.de\/pestapbg\/wp-json\/wp\/v2\/users\/9192890"}],"replies":[{"embeddable":true,"href":"https:\/\/wordpress.nibis.de\/pestapbg\/wp-json\/wp\/v2\/comments?post=901"}],"version-history":[{"count":4,"href":"https:\/\/wordpress.nibis.de\/pestapbg\/wp-json\/wp\/v2\/pages\/901\/revisions"}],"predecessor-version":[{"id":909,"href":"https:\/\/wordpress.nibis.de\/pestapbg\/wp-json\/wp\/v2\/pages\/901\/revisions\/909"}],"wp:attachment":[{"href":"https:\/\/wordpress.nibis.de\/pestapbg\/wp-json\/wp\/v2\/media?parent=901"}],"curies":[{"name":"wp","href":"https:\/\/api.w.org\/{rel}","templated":true}]}}