{"id":128,"date":"2024-08-21T14:53:25","date_gmt":"2024-08-21T12:53:25","guid":{"rendered":"https:\/\/wordpress.nibis.de\/portal-interne-evaluation-bbs\/?page_id=128"},"modified":"2026-03-30T14:25:52","modified_gmt":"2026-03-30T12:25:52","slug":"registrierung-und-erstanmeldung","status":"publish","type":"page","link":"https:\/\/wordpress.nibis.de\/portal-interne-evaluation-bbs\/registrierung-und-erstanmeldung\/","title":{"rendered":"Registrierung und Erstanmeldung"},"content":{"rendered":"\n<p>Sie sind von Ihrer Administration im Arbeitsbereich-BBS angelegt worden. Um die Instrumente im Arbeitsbereich-BBS nutzen zu k\u00f6nnen m\u00fcssen Sie sich registrieren.<\/p>\n\n\n\n<div class=\"wp-block-file\"><a id=\"wp-block-file--media-0903c126-7bc5-4f29-83fc-394c8148e274\" href=\"https:\/\/wordpress.nibis.de\/portal-interne-evaluation-bbs\/files\/2026\/03\/Kurzanleitung-Registrierung-und-Erstanmeldung-im-Arbeitsbereich-BBS.pdf\">Die Kurzanleitung Registrierung und Erstanmeldung im Arbeitsbereich-BBS zum Download<\/a><\/div>\n\n\n\n<p><strong>Hinweis:<\/strong> Bitte beachten Sie auch den Spam Ordner, die E-Mail k\u00f6nnte auch dort einsortiert worden sein!<\/p>\n\n\n\n<p><strong>Schritt 1:<\/strong> \u00d6ffnen Sie die E-Mail und gehen Sie auf den Link.<\/p>\n\n\n<div class=\"wp-block-image\">\n<figure class=\"aligncenter size-large is-resized\"><img loading=\"lazy\" decoding=\"async\" width=\"1024\" height=\"556\" src=\"https:\/\/wordpress.nibis.de\/portal-interne-evaluation-bbs\/files\/2026\/03\/Erstanmeldung-und-neues-Passwort-1-1024x556.png\" alt=\"\" class=\"wp-image-830\" style=\"width:710px\" srcset=\"https:\/\/wordpress.nibis.de\/portal-interne-evaluation-bbs\/files\/2026\/03\/Erstanmeldung-und-neues-Passwort-1-1024x556.png 1024w, https:\/\/wordpress.nibis.de\/portal-interne-evaluation-bbs\/files\/2026\/03\/Erstanmeldung-und-neues-Passwort-1-300x163.png 300w, https:\/\/wordpress.nibis.de\/portal-interne-evaluation-bbs\/files\/2026\/03\/Erstanmeldung-und-neues-Passwort-1-768x417.png 768w, https:\/\/wordpress.nibis.de\/portal-interne-evaluation-bbs\/files\/2026\/03\/Erstanmeldung-und-neues-Passwort-1-100x54.png 100w, https:\/\/wordpress.nibis.de\/portal-interne-evaluation-bbs\/files\/2026\/03\/Erstanmeldung-und-neues-Passwort-1.png 1080w\" sizes=\"auto, (max-width: 1024px) 100vw, 1024px\" \/><\/figure>\n<\/div>\n\n\n<p><strong>Schritt 2:<\/strong> Es \u00f6ffnet sich das Browser Fenster mit einer Eingabemaske.<\/p>\n\n\n<div class=\"wp-block-image\">\n<figure class=\"aligncenter size-full is-resized\"><img loading=\"lazy\" decoding=\"async\" width=\"378\" height=\"443\" src=\"https:\/\/wordpress.nibis.de\/portal-interne-evaluation-bbs\/files\/2026\/03\/Erstanmeldung-und-neues-Passwort-2.png\" alt=\"\" class=\"wp-image-832\" style=\"width:400px\" srcset=\"https:\/\/wordpress.nibis.de\/portal-interne-evaluation-bbs\/files\/2026\/03\/Erstanmeldung-und-neues-Passwort-2.png 378w, https:\/\/wordpress.nibis.de\/portal-interne-evaluation-bbs\/files\/2026\/03\/Erstanmeldung-und-neues-Passwort-2-256x300.png 256w, https:\/\/wordpress.nibis.de\/portal-interne-evaluation-bbs\/files\/2026\/03\/Erstanmeldung-und-neues-Passwort-2-100x117.png 100w\" sizes=\"auto, (max-width: 378px) 100vw, 378px\" \/><\/figure>\n<\/div>\n\n\n<p><strong>Schritt 3:<\/strong> Vergeben Sie ein neues Passwort. Dies muss aus mindestens 8-stellig bzw. Zahlen, Gro\u00df- und Kleinbuchstaben bestehen. Best\u00e4tigen Sie die Eingabe mit einem Klick auf den Button \u201eSpeichern\u201c.<\/p>\n\n\n<div class=\"wp-block-image\">\n<figure class=\"aligncenter size-full\"><img loading=\"lazy\" decoding=\"async\" width=\"374\" height=\"436\" src=\"https:\/\/wordpress.nibis.de\/portal-interne-evaluation-bbs\/files\/2026\/03\/Erstanmeldung-und-neues-Passwort-3.png\" alt=\"\" class=\"wp-image-833\" srcset=\"https:\/\/wordpress.nibis.de\/portal-interne-evaluation-bbs\/files\/2026\/03\/Erstanmeldung-und-neues-Passwort-3.png 374w, https:\/\/wordpress.nibis.de\/portal-interne-evaluation-bbs\/files\/2026\/03\/Erstanmeldung-und-neues-Passwort-3-257x300.png 257w, https:\/\/wordpress.nibis.de\/portal-interne-evaluation-bbs\/files\/2026\/03\/Erstanmeldung-und-neues-Passwort-3-100x117.png 100w\" sizes=\"auto, (max-width: 374px) 100vw, 374px\" \/><\/figure>\n<\/div>\n\n\n<p><strong>Schritt 4:<\/strong> Sie werden zur Anmeldemaske des Arbeitsbereichs-BBS weitergeleitet.<\/p>\n\n\n<div class=\"wp-block-image\">\n<figure class=\"aligncenter size-full is-resized\"><img loading=\"lazy\" decoding=\"async\" width=\"972\" height=\"386\" src=\"https:\/\/wordpress.nibis.de\/portal-interne-evaluation-bbs\/files\/2026\/03\/Erstanmeldung-und-neues-Passwort-4.png\" alt=\"\" class=\"wp-image-834\" style=\"width:710px\" srcset=\"https:\/\/wordpress.nibis.de\/portal-interne-evaluation-bbs\/files\/2026\/03\/Erstanmeldung-und-neues-Passwort-4.png 972w, https:\/\/wordpress.nibis.de\/portal-interne-evaluation-bbs\/files\/2026\/03\/Erstanmeldung-und-neues-Passwort-4-300x119.png 300w, https:\/\/wordpress.nibis.de\/portal-interne-evaluation-bbs\/files\/2026\/03\/Erstanmeldung-und-neues-Passwort-4-768x305.png 768w, https:\/\/wordpress.nibis.de\/portal-interne-evaluation-bbs\/files\/2026\/03\/Erstanmeldung-und-neues-Passwort-4-100x40.png 100w\" sizes=\"auto, (max-width: 972px) 100vw, 972px\" \/><\/figure>\n<\/div>\n\n\n<p><strong>Schritt 5:<\/strong> Sie k\u00f6nnen sich nun mit dem von Ihnen vergebenen Passwort und Usernamen anmelden.<\/p>\n","protected":false},"excerpt":{"rendered":"<p>Sie sind von Ihrer Administration im Arbeitsbereich-BBS angelegt worden. Um die Instrumente im Arbeitsbereich-BBS nutzen zu k\u00f6nnen m\u00fcssen Sie sich registrieren. Hinweis: Bitte beachten Sie auch den Spam Ordner, die E-Mail k\u00f6nnte auch dort einsortiert worden sein! Schritt 1: \u00d6ffnen Sie die E-Mail und gehen Sie auf den Link. Schritt 2: Es \u00f6ffnet sich das &hellip; <a href=\"https:\/\/wordpress.nibis.de\/portal-interne-evaluation-bbs\/registrierung-und-erstanmeldung\/\" class=\"more-link\"><span class=\"screen-reader-text\">Registrierung und Erstanmeldung<\/span> weiterlesen <span class=\"meta-nav\">&rarr;<\/span><\/a><\/p>\n","protected":false},"author":9194395,"featured_media":0,"parent":0,"menu_order":0,"comment_status":"closed","ping_status":"closed","template":"","meta":{"footnotes":""},"class_list":["post-128","page","type-page","status-publish","hentry"],"_links":{"self":[{"href":"https:\/\/wordpress.nibis.de\/portal-interne-evaluation-bbs\/wp-json\/wp\/v2\/pages\/128","targetHints":{"allow":["GET"]}}],"collection":[{"href":"https:\/\/wordpress.nibis.de\/portal-interne-evaluation-bbs\/wp-json\/wp\/v2\/pages"}],"about":[{"href":"https:\/\/wordpress.nibis.de\/portal-interne-evaluation-bbs\/wp-json\/wp\/v2\/types\/page"}],"author":[{"embeddable":true,"href":"https:\/\/wordpress.nibis.de\/portal-interne-evaluation-bbs\/wp-json\/wp\/v2\/users\/9194395"}],"replies":[{"embeddable":true,"href":"https:\/\/wordpress.nibis.de\/portal-interne-evaluation-bbs\/wp-json\/wp\/v2\/comments?post=128"}],"version-history":[{"count":9,"href":"https:\/\/wordpress.nibis.de\/portal-interne-evaluation-bbs\/wp-json\/wp\/v2\/pages\/128\/revisions"}],"predecessor-version":[{"id":838,"href":"https:\/\/wordpress.nibis.de\/portal-interne-evaluation-bbs\/wp-json\/wp\/v2\/pages\/128\/revisions\/838"}],"wp:attachment":[{"href":"https:\/\/wordpress.nibis.de\/portal-interne-evaluation-bbs\/wp-json\/wp\/v2\/media?parent=128"}],"curies":[{"name":"wp","href":"https:\/\/api.w.org\/{rel}","templated":true}]}}