{"id":281,"date":"2024-09-27T07:59:04","date_gmt":"2024-09-27T05:59:04","guid":{"rendered":"https:\/\/wordpress.nibis.de\/portal-interne-evaluation-bbs\/?page_id=281"},"modified":"2026-03-27T07:12:27","modified_gmt":"2026-03-27T06:12:27","slug":"ub-bbs-anlegen","status":"publish","type":"page","link":"https:\/\/wordpress.nibis.de\/portal-interne-evaluation-bbs\/ub-bbs-anlegen\/","title":{"rendered":"UB-BBS anlegen"},"content":{"rendered":"\n<p>Um eine Unterrichtsbeobachtung durchzuf\u00fchren m\u00fcssen Sie im Arbeitsbereich einen UB-BBS anlegen. Die erfassten Daten werden in diesem Fall nur f\u00fcr Sie einsehbar sein. Informieren Sie sich bitte vorher \u00fcber das Instrument <a href=\"https:\/\/wordpress.nibis.de\/portal-interne-evaluation-bbs\/files\/2025\/01\/2021-06-17_UB_BBS-LK_final_mit-Indikatorenliste.pdf\" target=\"_blank\" rel=\"noreferrer noopener\">UB-BBS<\/a> mit seinen Merkmalen und Indikatoren. <\/p>\n\n\n\n<div class=\"wp-block-file\"><a id=\"wp-block-file--media-1112bc59-8544-4f26-bbf0-1f232911d9a1\" href=\"https:\/\/wordpress.nibis.de\/portal-interne-evaluation-bbs\/files\/2026\/03\/Kurzanleitung-UB-BBS-anlegen.pdf\">Die Kurzanleitung UB-BBS anlegen zum Download<\/a><\/div>\n\n\n\n<p><strong>Schritt 1:<\/strong> Gehen Sie auf \u201eUB-BBS verwalten\u201c.<\/p>\n\n\n<div class=\"wp-block-image\">\n<figure class=\"aligncenter size-full is-resized\"><img loading=\"lazy\" decoding=\"async\" width=\"582\" height=\"358\" src=\"https:\/\/wordpress.nibis.de\/portal-interne-evaluation-bbs\/files\/2026\/03\/UB-BBS-anlegen-1.png\" alt=\"\" class=\"wp-image-654\" style=\"width:437px;height:auto\" srcset=\"https:\/\/wordpress.nibis.de\/portal-interne-evaluation-bbs\/files\/2026\/03\/UB-BBS-anlegen-1.png 582w, https:\/\/wordpress.nibis.de\/portal-interne-evaluation-bbs\/files\/2026\/03\/UB-BBS-anlegen-1-300x185.png 300w, https:\/\/wordpress.nibis.de\/portal-interne-evaluation-bbs\/files\/2026\/03\/UB-BBS-anlegen-1-100x62.png 100w\" sizes=\"auto, (max-width: 582px) 100vw, 582px\" \/><\/figure>\n<\/div>\n\n\n<p><strong>Schritt 2<\/strong>: \u00dcber den Button \u201eUB-BBS verwalten\u201c gelangen Sie zur Option \u201e+ UB-BBS erstellen\u201c.<\/p>\n\n\n<div class=\"wp-block-image\">\n<figure class=\"aligncenter size-large is-resized\"><img loading=\"lazy\" decoding=\"async\" width=\"1024\" height=\"470\" src=\"https:\/\/wordpress.nibis.de\/portal-interne-evaluation-bbs\/files\/2026\/03\/UB-BBS-anlegen-2-1024x470.png\" alt=\"\" class=\"wp-image-655\" style=\"aspect-ratio:2.1788111475057725;object-fit:cover;width:700px\" srcset=\"https:\/\/wordpress.nibis.de\/portal-interne-evaluation-bbs\/files\/2026\/03\/UB-BBS-anlegen-2-1024x470.png 1024w, https:\/\/wordpress.nibis.de\/portal-interne-evaluation-bbs\/files\/2026\/03\/UB-BBS-anlegen-2-300x138.png 300w, https:\/\/wordpress.nibis.de\/portal-interne-evaluation-bbs\/files\/2026\/03\/UB-BBS-anlegen-2-768x353.png 768w, https:\/\/wordpress.nibis.de\/portal-interne-evaluation-bbs\/files\/2026\/03\/UB-BBS-anlegen-2-100x46.png 100w, https:\/\/wordpress.nibis.de\/portal-interne-evaluation-bbs\/files\/2026\/03\/UB-BBS-anlegen-2.png 1496w\" sizes=\"auto, (max-width: 1024px) 100vw, 1024px\" \/><\/figure>\n<\/div>\n\n\n<p><strong>Schritt 3:<\/strong> Benennen Sie Ihr Unterrichtsbeobachtungsvorhaben, w\u00e4hlen Sie die Schulform und die Fachrichtung, f\u00fcr welche die Unterrichtsbeobachtung-BBS durchgef\u00fchrt werden soll.<\/p>\n\n\n\n<p>W\u00e4hlen Sie die Lehrkr\u00e4fte aus, die Sie zu Ihrer Unterrichtsbeobachtung-BBS einladen m\u00f6chten. Hier ha-ben Sie zudem die M\u00f6glichkeit, eine Vergleichsgruppe (z. B. einen anderen Bildungsgang) hinzuzuf\u00fcgen, um Einsch\u00e4tzungen zweier Gruppen direkt gegen\u00fcberstellen zu k\u00f6nnen. Ganz unten auf dem Fenster k\u00f6nnen Sie Ihre gew\u00fcnschten Merkmalsbereiche anw\u00e4hlen bzw. abw\u00e4hlen.<\/p>\n\n\n<div class=\"wp-block-image\">\n<figure class=\"aligncenter size-large is-resized\"><img loading=\"lazy\" decoding=\"async\" width=\"1024\" height=\"613\" src=\"https:\/\/wordpress.nibis.de\/portal-interne-evaluation-bbs\/files\/2026\/03\/UB-BBS-anlegen-3-1024x613.png\" alt=\"\" class=\"wp-image-656\" style=\"aspect-ratio:1.6704816797035817;object-fit:cover;width:700px\" srcset=\"https:\/\/wordpress.nibis.de\/portal-interne-evaluation-bbs\/files\/2026\/03\/UB-BBS-anlegen-3-1024x613.png 1024w, https:\/\/wordpress.nibis.de\/portal-interne-evaluation-bbs\/files\/2026\/03\/UB-BBS-anlegen-3-300x179.png 300w, https:\/\/wordpress.nibis.de\/portal-interne-evaluation-bbs\/files\/2026\/03\/UB-BBS-anlegen-3-768x459.png 768w, https:\/\/wordpress.nibis.de\/portal-interne-evaluation-bbs\/files\/2026\/03\/UB-BBS-anlegen-3-100x60.png 100w, https:\/\/wordpress.nibis.de\/portal-interne-evaluation-bbs\/files\/2026\/03\/UB-BBS-anlegen-3.png 1344w\" sizes=\"auto, (max-width: 1024px) 100vw, 1024px\" \/><\/figure>\n<\/div>\n\n\n<p><\/p>\n","protected":false},"excerpt":{"rendered":"<p>Um eine Unterrichtsbeobachtung durchzuf\u00fchren m\u00fcssen Sie im Arbeitsbereich einen UB-BBS anlegen. Die erfassten Daten werden in diesem Fall nur f\u00fcr Sie einsehbar sein. Informieren Sie sich bitte vorher \u00fcber das Instrument UB-BBS mit seinen Merkmalen und Indikatoren. Schritt 1: Gehen Sie auf \u201eUB-BBS verwalten\u201c. Schritt 2: \u00dcber den Button \u201eUB-BBS verwalten\u201c gelangen Sie zur Option &hellip; <a href=\"https:\/\/wordpress.nibis.de\/portal-interne-evaluation-bbs\/ub-bbs-anlegen\/\" class=\"more-link\"><span class=\"screen-reader-text\">UB-BBS anlegen<\/span> weiterlesen <span class=\"meta-nav\">&rarr;<\/span><\/a><\/p>\n","protected":false},"author":9194395,"featured_media":0,"parent":0,"menu_order":0,"comment_status":"closed","ping_status":"closed","template":"","meta":{"footnotes":""},"class_list":["post-281","page","type-page","status-publish","hentry"],"_links":{"self":[{"href":"https:\/\/wordpress.nibis.de\/portal-interne-evaluation-bbs\/wp-json\/wp\/v2\/pages\/281","targetHints":{"allow":["GET"]}}],"collection":[{"href":"https:\/\/wordpress.nibis.de\/portal-interne-evaluation-bbs\/wp-json\/wp\/v2\/pages"}],"about":[{"href":"https:\/\/wordpress.nibis.de\/portal-interne-evaluation-bbs\/wp-json\/wp\/v2\/types\/page"}],"author":[{"embeddable":true,"href":"https:\/\/wordpress.nibis.de\/portal-interne-evaluation-bbs\/wp-json\/wp\/v2\/users\/9194395"}],"replies":[{"embeddable":true,"href":"https:\/\/wordpress.nibis.de\/portal-interne-evaluation-bbs\/wp-json\/wp\/v2\/comments?post=281"}],"version-history":[{"count":12,"href":"https:\/\/wordpress.nibis.de\/portal-interne-evaluation-bbs\/wp-json\/wp\/v2\/pages\/281\/revisions"}],"predecessor-version":[{"id":667,"href":"https:\/\/wordpress.nibis.de\/portal-interne-evaluation-bbs\/wp-json\/wp\/v2\/pages\/281\/revisions\/667"}],"wp:attachment":[{"href":"https:\/\/wordpress.nibis.de\/portal-interne-evaluation-bbs\/wp-json\/wp\/v2\/media?parent=281"}],"curies":[{"name":"wp","href":"https:\/\/api.w.org\/{rel}","templated":true}]}}