{"id":317,"date":"2024-11-01T12:24:53","date_gmt":"2024-11-01T11:24:53","guid":{"rendered":"https:\/\/wordpress.nibis.de\/portal-interne-evaluation-bbs\/?page_id=317"},"modified":"2026-03-30T15:10:46","modified_gmt":"2026-03-30T13:10:46","slug":"sebeisch-bbs-kriterien-vergleichen","status":"publish","type":"page","link":"https:\/\/wordpress.nibis.de\/portal-interne-evaluation-bbs\/sebeisch-bbs-kriterien-vergleichen\/","title":{"rendered":"SebeiSch-BBS Kriterien vergleichen"},"content":{"rendered":"\n<p>Wenn Sie eine SebeiSch-BBS durchgef\u00fchrt haben, k\u00f6nnen Sie die Kriterien zur Prozesseinsch\u00e4tzung der Teilnehmerinnen und Teilnehmer auswerten. Die Ergebnisse k\u00f6nnen in einer gemeinsamen Teamsitzung als Gespr\u00e4chsanlass dienen.<\/p>\n\n\n\n<div class=\"wp-block-file\"><a id=\"wp-block-file--media-046ef8ba-1132-482b-815b-0dab662d9e24\" href=\"https:\/\/wordpress.nibis.de\/portal-interne-evaluation-bbs\/files\/2026\/03\/Kurzanleitung-SebeiSch-BBS-Kriterien-vergleichen.pdf\">Die Kurzanleitung SebeiSch-BBS Kriterien vergleichen zum Download<\/a><\/div>\n\n\n\n<p><strong>Schritt 1:<\/strong> Gehen Sie auf dem Dashboard auf SebeiSch-BBS.<\/p>\n\n\n<div class=\"wp-block-image\">\n<figure class=\"aligncenter size-full is-resized\"><img loading=\"lazy\" decoding=\"async\" width=\"525\" height=\"678\" src=\"https:\/\/wordpress.nibis.de\/portal-interne-evaluation-bbs\/files\/2026\/03\/SebeiSch-BBS-Kriterien-vergleichen-1.png\" alt=\"\" class=\"wp-image-857\" style=\"width:400px\" srcset=\"https:\/\/wordpress.nibis.de\/portal-interne-evaluation-bbs\/files\/2026\/03\/SebeiSch-BBS-Kriterien-vergleichen-1.png 525w, https:\/\/wordpress.nibis.de\/portal-interne-evaluation-bbs\/files\/2026\/03\/SebeiSch-BBS-Kriterien-vergleichen-1-232x300.png 232w, https:\/\/wordpress.nibis.de\/portal-interne-evaluation-bbs\/files\/2026\/03\/SebeiSch-BBS-Kriterien-vergleichen-1-100x129.png 100w\" sizes=\"auto, (max-width: 525px) 100vw, 525px\" \/><\/figure>\n<\/div>\n\n\n<p><strong>Schritt 2:<\/strong> W\u00e4hlen Sie den Button \u201eKriterien vergleichen\u201c.<\/p>\n\n\n<div class=\"wp-block-image\">\n<figure class=\"aligncenter size-full is-resized\"><img loading=\"lazy\" decoding=\"async\" width=\"633\" height=\"583\" src=\"https:\/\/wordpress.nibis.de\/portal-interne-evaluation-bbs\/files\/2026\/03\/SebeiSch-BBS-Kriterien-vergleichen-2.png\" alt=\"\" class=\"wp-image-858\" style=\"width:400px\" srcset=\"https:\/\/wordpress.nibis.de\/portal-interne-evaluation-bbs\/files\/2026\/03\/SebeiSch-BBS-Kriterien-vergleichen-2.png 633w, https:\/\/wordpress.nibis.de\/portal-interne-evaluation-bbs\/files\/2026\/03\/SebeiSch-BBS-Kriterien-vergleichen-2-300x276.png 300w, https:\/\/wordpress.nibis.de\/portal-interne-evaluation-bbs\/files\/2026\/03\/SebeiSch-BBS-Kriterien-vergleichen-2-100x92.png 100w\" sizes=\"auto, (max-width: 633px) 100vw, 633px\" \/><\/figure>\n<\/div>\n\n\n<p>W\u00e4hlen Sie anschlie\u00dfend die gew\u00fcnschte SebeiSch-BBS und die jeweilige Kernaufgabe aus, die Sie gern vergleichen m\u00f6chten. Dies k\u00f6nnen Sie f\u00fcr jede Ihrer im Vorfeld festgelegten Kernaufgaben durchf\u00fchren.<\/p>\n\n\n<div class=\"wp-block-image\">\n<figure class=\"aligncenter size-large is-resized\"><img loading=\"lazy\" decoding=\"async\" width=\"1024\" height=\"157\" src=\"https:\/\/wordpress.nibis.de\/portal-interne-evaluation-bbs\/files\/2026\/03\/SebeiSch-BBS-Kriterien-vergleichen-3-1024x157.png\" alt=\"\" class=\"wp-image-859\" style=\"width:710px\" srcset=\"https:\/\/wordpress.nibis.de\/portal-interne-evaluation-bbs\/files\/2026\/03\/SebeiSch-BBS-Kriterien-vergleichen-3-1024x157.png 1024w, https:\/\/wordpress.nibis.de\/portal-interne-evaluation-bbs\/files\/2026\/03\/SebeiSch-BBS-Kriterien-vergleichen-3-300x46.png 300w, https:\/\/wordpress.nibis.de\/portal-interne-evaluation-bbs\/files\/2026\/03\/SebeiSch-BBS-Kriterien-vergleichen-3-768x118.png 768w, https:\/\/wordpress.nibis.de\/portal-interne-evaluation-bbs\/files\/2026\/03\/SebeiSch-BBS-Kriterien-vergleichen-3-100x15.png 100w, https:\/\/wordpress.nibis.de\/portal-interne-evaluation-bbs\/files\/2026\/03\/SebeiSch-BBS-Kriterien-vergleichen-3-1536x236.png 1536w, https:\/\/wordpress.nibis.de\/portal-interne-evaluation-bbs\/files\/2026\/03\/SebeiSch-BBS-Kriterien-vergleichen-3.png 1637w\" sizes=\"auto, (max-width: 1024px) 100vw, 1024px\" \/><\/figure>\n<\/div>\n\n<div class=\"wp-block-image\">\n<figure class=\"aligncenter size-large is-resized\"><img loading=\"lazy\" decoding=\"async\" width=\"1024\" height=\"616\" src=\"https:\/\/wordpress.nibis.de\/portal-interne-evaluation-bbs\/files\/2026\/03\/SebeiSch-BBS-Kriterien-vergleichen-4-1024x616.png\" alt=\"\" class=\"wp-image-860\" style=\"width:710px\" srcset=\"https:\/\/wordpress.nibis.de\/portal-interne-evaluation-bbs\/files\/2026\/03\/SebeiSch-BBS-Kriterien-vergleichen-4-1024x616.png 1024w, https:\/\/wordpress.nibis.de\/portal-interne-evaluation-bbs\/files\/2026\/03\/SebeiSch-BBS-Kriterien-vergleichen-4-300x180.png 300w, https:\/\/wordpress.nibis.de\/portal-interne-evaluation-bbs\/files\/2026\/03\/SebeiSch-BBS-Kriterien-vergleichen-4-768x462.png 768w, https:\/\/wordpress.nibis.de\/portal-interne-evaluation-bbs\/files\/2026\/03\/SebeiSch-BBS-Kriterien-vergleichen-4-100x60.png 100w, https:\/\/wordpress.nibis.de\/portal-interne-evaluation-bbs\/files\/2026\/03\/SebeiSch-BBS-Kriterien-vergleichen-4.png 1360w\" sizes=\"auto, (max-width: 1024px) 100vw, 1024px\" \/><\/figure>\n<\/div>","protected":false},"excerpt":{"rendered":"<p>Wenn Sie eine SebeiSch-BBS durchgef\u00fchrt haben, k\u00f6nnen Sie die Kriterien zur Prozesseinsch\u00e4tzung der Teilnehmerinnen und Teilnehmer auswerten. Die Ergebnisse k\u00f6nnen in einer gemeinsamen Teamsitzung als Gespr\u00e4chsanlass dienen. Schritt 1: Gehen Sie auf dem Dashboard auf SebeiSch-BBS. Schritt 2: W\u00e4hlen Sie den Button \u201eKriterien vergleichen\u201c. W\u00e4hlen Sie anschlie\u00dfend die gew\u00fcnschte SebeiSch-BBS und die jeweilige Kernaufgabe aus, &hellip; <a href=\"https:\/\/wordpress.nibis.de\/portal-interne-evaluation-bbs\/sebeisch-bbs-kriterien-vergleichen\/\" class=\"more-link\"><span class=\"screen-reader-text\">SebeiSch-BBS Kriterien vergleichen<\/span> weiterlesen <span class=\"meta-nav\">&rarr;<\/span><\/a><\/p>\n","protected":false},"author":9194395,"featured_media":0,"parent":0,"menu_order":0,"comment_status":"closed","ping_status":"closed","template":"","meta":{"footnotes":""},"class_list":["post-317","page","type-page","status-publish","hentry"],"_links":{"self":[{"href":"https:\/\/wordpress.nibis.de\/portal-interne-evaluation-bbs\/wp-json\/wp\/v2\/pages\/317","targetHints":{"allow":["GET"]}}],"collection":[{"href":"https:\/\/wordpress.nibis.de\/portal-interne-evaluation-bbs\/wp-json\/wp\/v2\/pages"}],"about":[{"href":"https:\/\/wordpress.nibis.de\/portal-interne-evaluation-bbs\/wp-json\/wp\/v2\/types\/page"}],"author":[{"embeddable":true,"href":"https:\/\/wordpress.nibis.de\/portal-interne-evaluation-bbs\/wp-json\/wp\/v2\/users\/9194395"}],"replies":[{"embeddable":true,"href":"https:\/\/wordpress.nibis.de\/portal-interne-evaluation-bbs\/wp-json\/wp\/v2\/comments?post=317"}],"version-history":[{"count":9,"href":"https:\/\/wordpress.nibis.de\/portal-interne-evaluation-bbs\/wp-json\/wp\/v2\/pages\/317\/revisions"}],"predecessor-version":[{"id":863,"href":"https:\/\/wordpress.nibis.de\/portal-interne-evaluation-bbs\/wp-json\/wp\/v2\/pages\/317\/revisions\/863"}],"wp:attachment":[{"href":"https:\/\/wordpress.nibis.de\/portal-interne-evaluation-bbs\/wp-json\/wp\/v2\/media?parent=317"}],"curies":[{"name":"wp","href":"https:\/\/api.w.org\/{rel}","templated":true}]}}