{"id":761,"date":"2026-03-30T10:51:17","date_gmt":"2026-03-30T08:51:17","guid":{"rendered":"https:\/\/wordpress.nibis.de\/portal-interne-evaluation-bbs\/?page_id=761"},"modified":"2026-03-30T11:00:07","modified_gmt":"2026-03-30T09:00:07","slug":"schuebe-bbs-beteiligungsquote-pruefen-lehrkraefte","status":"publish","type":"page","link":"https:\/\/wordpress.nibis.de\/portal-interne-evaluation-bbs\/schuebe-bbs-beteiligungsquote-pruefen-lehrkraefte\/","title":{"rendered":"Sch\u00fcBe-BBS: Beteiligungsquote pr\u00fcfen (Lehrkr\u00e4fte)"},"content":{"rendered":"\n<p>W\u00e4hrend einer laufenden Sch\u00fcBe-BBS Befragung k\u00f6nnen Sie pr\u00fcfen, wie viele Sch\u00fclerinnen und Sch\u00fcler bereits an der Befragung teilgenommen haben.<\/p>\n\n\n\n<div class=\"wp-block-file\"><a id=\"wp-block-file--media-02e75c01-b6ba-47fa-b62c-3a272200f80b\" href=\"https:\/\/wordpress.nibis.de\/portal-interne-evaluation-bbs\/files\/2026\/03\/Kurzanleitung-SchueBe-BBS-Beteiligungsquote-pruefen-LK.pdf\">Die Kurzanleitung Sch\u00fcBe-BBS Beteiligungsquote pr\u00fcfen (Lehrkr\u00e4fte) zum Download<\/a><\/div>\n\n\n\n<p><strong>Schritt 1:<\/strong> Gehen Sie mit einem Klick auf die derzeit aktive Sch\u00fcBe-BBS Befragung.<\/p>\n\n\n<div class=\"wp-block-image\">\n<figure class=\"aligncenter size-full is-resized\"><img loading=\"lazy\" decoding=\"async\" width=\"713\" height=\"785\" src=\"https:\/\/wordpress.nibis.de\/portal-interne-evaluation-bbs\/files\/2026\/03\/SchueBe-BBS-Beteiligungsquote-pruefen-LK-1.png\" alt=\"\" class=\"wp-image-765\" style=\"width:400px\" srcset=\"https:\/\/wordpress.nibis.de\/portal-interne-evaluation-bbs\/files\/2026\/03\/SchueBe-BBS-Beteiligungsquote-pruefen-LK-1.png 713w, https:\/\/wordpress.nibis.de\/portal-interne-evaluation-bbs\/files\/2026\/03\/SchueBe-BBS-Beteiligungsquote-pruefen-LK-1-272x300.png 272w, https:\/\/wordpress.nibis.de\/portal-interne-evaluation-bbs\/files\/2026\/03\/SchueBe-BBS-Beteiligungsquote-pruefen-LK-1-100x110.png 100w\" sizes=\"auto, (max-width: 713px) 100vw, 713px\" \/><\/figure>\n<\/div>\n\n\n<p><strong>Schritt 2:<\/strong> In der \u00dcbersicht k\u00f6nnen Sie einsehen, ob die Sch\u00fcBe-BBS Befragung gestartet wurde. In diesem Fall ist die jeweilige Lerngruppe mit einem gr\u00fcnen Punkt versehen. Gehen Sie im Men\u00fc auf den Eintrag \u201eSch\u00fcBe-BBS Beteiligungsquote\u201c.<\/p>\n\n\n<div class=\"wp-block-image\">\n<figure class=\"aligncenter size-large is-resized\"><img loading=\"lazy\" decoding=\"async\" width=\"1024\" height=\"251\" src=\"https:\/\/wordpress.nibis.de\/portal-interne-evaluation-bbs\/files\/2026\/03\/SchueBe-BBS-Beteiligungsquote-pruefen-LK-2-1024x251.png\" alt=\"\" class=\"wp-image-766\" style=\"width:710px\" srcset=\"https:\/\/wordpress.nibis.de\/portal-interne-evaluation-bbs\/files\/2026\/03\/SchueBe-BBS-Beteiligungsquote-pruefen-LK-2-1024x251.png 1024w, https:\/\/wordpress.nibis.de\/portal-interne-evaluation-bbs\/files\/2026\/03\/SchueBe-BBS-Beteiligungsquote-pruefen-LK-2-300x73.png 300w, https:\/\/wordpress.nibis.de\/portal-interne-evaluation-bbs\/files\/2026\/03\/SchueBe-BBS-Beteiligungsquote-pruefen-LK-2-768x188.png 768w, https:\/\/wordpress.nibis.de\/portal-interne-evaluation-bbs\/files\/2026\/03\/SchueBe-BBS-Beteiligungsquote-pruefen-LK-2-100x24.png 100w, https:\/\/wordpress.nibis.de\/portal-interne-evaluation-bbs\/files\/2026\/03\/SchueBe-BBS-Beteiligungsquote-pruefen-LK-2.png 1417w\" sizes=\"auto, (max-width: 1024px) 100vw, 1024px\" \/><\/figure>\n<\/div>\n\n\n<p><strong>Schritt 3: <\/strong>Sie k\u00f6nnen einsehen, wie viele Sch\u00fclerinnen und Sch\u00fcler Ihrer Lerngruppe bereits an der Befragung teilgenommen haben (hier: 0\/6).<\/p>\n\n\n<div class=\"wp-block-image\">\n<figure class=\"aligncenter size-large is-resized\"><img loading=\"lazy\" decoding=\"async\" width=\"1024\" height=\"296\" src=\"https:\/\/wordpress.nibis.de\/portal-interne-evaluation-bbs\/files\/2026\/03\/SchueBe-BBS-Beteiligungsquote-pruefen-LK-3-1024x296.png\" alt=\"\" class=\"wp-image-767\" style=\"width:710px\" srcset=\"https:\/\/wordpress.nibis.de\/portal-interne-evaluation-bbs\/files\/2026\/03\/SchueBe-BBS-Beteiligungsquote-pruefen-LK-3-1024x296.png 1024w, https:\/\/wordpress.nibis.de\/portal-interne-evaluation-bbs\/files\/2026\/03\/SchueBe-BBS-Beteiligungsquote-pruefen-LK-3-300x87.png 300w, https:\/\/wordpress.nibis.de\/portal-interne-evaluation-bbs\/files\/2026\/03\/SchueBe-BBS-Beteiligungsquote-pruefen-LK-3-768x222.png 768w, https:\/\/wordpress.nibis.de\/portal-interne-evaluation-bbs\/files\/2026\/03\/SchueBe-BBS-Beteiligungsquote-pruefen-LK-3-100x29.png 100w, https:\/\/wordpress.nibis.de\/portal-interne-evaluation-bbs\/files\/2026\/03\/SchueBe-BBS-Beteiligungsquote-pruefen-LK-3.png 1423w\" sizes=\"auto, (max-width: 1024px) 100vw, 1024px\" \/><\/figure>\n<\/div>\n\n\n<p>Sollten Sie evtl. mehrere Lerngruppen im Rahmen einer Sch\u00fcBe-BBS betreuen, k\u00f6nnen Sie im unteren Bereich Filter zur Auswahl setzen (z. B. Ihre Lerngruppen).<\/p>\n\n\n<div class=\"wp-block-image\">\n<figure class=\"aligncenter size-large is-resized\"><img loading=\"lazy\" decoding=\"async\" width=\"1024\" height=\"374\" src=\"https:\/\/wordpress.nibis.de\/portal-interne-evaluation-bbs\/files\/2026\/03\/SchueBe-BBS-Beteiligungsquote-pruefen-LK-4-1024x374.png\" alt=\"\" class=\"wp-image-769\" style=\"width:710px\" srcset=\"https:\/\/wordpress.nibis.de\/portal-interne-evaluation-bbs\/files\/2026\/03\/SchueBe-BBS-Beteiligungsquote-pruefen-LK-4-1024x374.png 1024w, https:\/\/wordpress.nibis.de\/portal-interne-evaluation-bbs\/files\/2026\/03\/SchueBe-BBS-Beteiligungsquote-pruefen-LK-4-300x110.png 300w, https:\/\/wordpress.nibis.de\/portal-interne-evaluation-bbs\/files\/2026\/03\/SchueBe-BBS-Beteiligungsquote-pruefen-LK-4-768x281.png 768w, https:\/\/wordpress.nibis.de\/portal-interne-evaluation-bbs\/files\/2026\/03\/SchueBe-BBS-Beteiligungsquote-pruefen-LK-4-100x37.png 100w, https:\/\/wordpress.nibis.de\/portal-interne-evaluation-bbs\/files\/2026\/03\/SchueBe-BBS-Beteiligungsquote-pruefen-LK-4.png 1412w\" sizes=\"auto, (max-width: 1024px) 100vw, 1024px\" \/><\/figure>\n<\/div>","protected":false},"excerpt":{"rendered":"<p>W\u00e4hrend einer laufenden Sch\u00fcBe-BBS Befragung k\u00f6nnen Sie pr\u00fcfen, wie viele Sch\u00fclerinnen und Sch\u00fcler bereits an der Befragung teilgenommen haben. Schritt 1: Gehen Sie mit einem Klick auf die derzeit aktive Sch\u00fcBe-BBS Befragung. Schritt 2: In der \u00dcbersicht k\u00f6nnen Sie einsehen, ob die Sch\u00fcBe-BBS Befragung gestartet wurde. In diesem Fall ist die jeweilige Lerngruppe mit einem &hellip; <a href=\"https:\/\/wordpress.nibis.de\/portal-interne-evaluation-bbs\/schuebe-bbs-beteiligungsquote-pruefen-lehrkraefte\/\" class=\"more-link\"><span class=\"screen-reader-text\">Sch\u00fcBe-BBS: Beteiligungsquote pr\u00fcfen (Lehrkr\u00e4fte)<\/span> weiterlesen <span class=\"meta-nav\">&rarr;<\/span><\/a><\/p>\n","protected":false},"author":9194395,"featured_media":0,"parent":0,"menu_order":0,"comment_status":"closed","ping_status":"closed","template":"","meta":{"footnotes":""},"class_list":["post-761","page","type-page","status-publish","hentry"],"_links":{"self":[{"href":"https:\/\/wordpress.nibis.de\/portal-interne-evaluation-bbs\/wp-json\/wp\/v2\/pages\/761","targetHints":{"allow":["GET"]}}],"collection":[{"href":"https:\/\/wordpress.nibis.de\/portal-interne-evaluation-bbs\/wp-json\/wp\/v2\/pages"}],"about":[{"href":"https:\/\/wordpress.nibis.de\/portal-interne-evaluation-bbs\/wp-json\/wp\/v2\/types\/page"}],"author":[{"embeddable":true,"href":"https:\/\/wordpress.nibis.de\/portal-interne-evaluation-bbs\/wp-json\/wp\/v2\/users\/9194395"}],"replies":[{"embeddable":true,"href":"https:\/\/wordpress.nibis.de\/portal-interne-evaluation-bbs\/wp-json\/wp\/v2\/comments?post=761"}],"version-history":[{"count":5,"href":"https:\/\/wordpress.nibis.de\/portal-interne-evaluation-bbs\/wp-json\/wp\/v2\/pages\/761\/revisions"}],"predecessor-version":[{"id":772,"href":"https:\/\/wordpress.nibis.de\/portal-interne-evaluation-bbs\/wp-json\/wp\/v2\/pages\/761\/revisions\/772"}],"wp:attachment":[{"href":"https:\/\/wordpress.nibis.de\/portal-interne-evaluation-bbs\/wp-json\/wp\/v2\/media?parent=761"}],"curies":[{"name":"wp","href":"https:\/\/api.w.org\/{rel}","templated":true}]}}