{"id":252,"date":"2020-04-14T11:33:14","date_gmt":"2020-04-14T09:33:14","guid":{"rendered":"https:\/\/wordpress.nibis.de\/roga\/?page_id=252"},"modified":"2026-03-17T19:44:49","modified_gmt":"2026-03-17T18:44:49","slug":"berufspraktikum","status":"publish","type":"page","link":"https:\/\/wordpress.nibis.de\/roga\/berufspraktikum\/","title":{"rendered":"Betriebspraktikum"},"content":{"rendered":"<p>An unserer Schule finden in der schulischen Laufbahn drei Praktika statt, und zwar in den Jahrg\u00e4ngen 8, 9 und 10.<\/p>\n<p>Das Praktikum in Jahrgang 8 leisten die Sch\u00fclerinnen und Sch\u00fcler gemeinsam in einem Waldp\u00e4dagogikzentrum im Rahmen des Jugendwaldeinsatzes.<\/p>\n<p>Sollte es f\u00fcr Sch\u00fclerInnen w\u00e4hrend des Praktikums notwendig sein, \u00f6ffentliche Verkehrsmittel zu nutzen, k\u00f6nnen die Kosten hierf\u00fcr ggf. erstattet werden.<\/p>\n<p>Anspruchsvoraussetzung ist eine Entfernung von mehr als 4 km zum Betrieb. Erstattet werden die notwendigen Kosten f\u00fcr \u00f6ffentliche Verkehrsmittel.<\/p>\n<p>N\u00e4heres finden Sie im Merkblatt zur Fahrtkostenerstattung zu einem schulischen Betriebspraktikum (Wird gerade \u00fcberarbeitet)<\/p>\n<p>Alle Unterlagen f\u00fcr die Praktika finden Sie unter <a href=\"https:\/\/wordpress.nibis.de\/roga\/downloads\/\">Downloads<\/a><\/p>\n","protected":false},"excerpt":{"rendered":"<p>An unserer Schule finden in der schulischen Laufbahn drei Praktika statt, und zwar in den Jahrg\u00e4ngen 8, 9 und 10. Das Praktikum in Jahrgang 8<\/p>\n","protected":false},"author":9193501,"featured_media":0,"parent":0,"menu_order":0,"comment_status":"closed","ping_status":"closed","template":"","meta":{"footnotes":""},"class_list":["post-252","page","type-page","status-publish","hentry"],"_links":{"self":[{"href":"https:\/\/wordpress.nibis.de\/roga\/wp-json\/wp\/v2\/pages\/252","targetHints":{"allow":["GET"]}}],"collection":[{"href":"https:\/\/wordpress.nibis.de\/roga\/wp-json\/wp\/v2\/pages"}],"about":[{"href":"https:\/\/wordpress.nibis.de\/roga\/wp-json\/wp\/v2\/types\/page"}],"author":[{"embeddable":true,"href":"https:\/\/wordpress.nibis.de\/roga\/wp-json\/wp\/v2\/users\/9193501"}],"replies":[{"embeddable":true,"href":"https:\/\/wordpress.nibis.de\/roga\/wp-json\/wp\/v2\/comments?post=252"}],"version-history":[{"count":16,"href":"https:\/\/wordpress.nibis.de\/roga\/wp-json\/wp\/v2\/pages\/252\/revisions"}],"predecessor-version":[{"id":4557,"href":"https:\/\/wordpress.nibis.de\/roga\/wp-json\/wp\/v2\/pages\/252\/revisions\/4557"}],"wp:attachment":[{"href":"https:\/\/wordpress.nibis.de\/roga\/wp-json\/wp\/v2\/media?parent=252"}],"curies":[{"name":"wp","href":"https:\/\/api.w.org\/{rel}","templated":true}]}}