{"id":1026,"date":"2019-07-05T20:43:09","date_gmt":"2019-07-05T18:43:09","guid":{"rendered":"https:\/\/wordpress.nibis.de\/rsgebhardshagen\/?page_id=1026"},"modified":"2020-09-15T12:10:10","modified_gmt":"2020-09-15T10:10:10","slug":"von-der-artenkenntnis-zum-artenschutz","status":"publish","type":"page","link":"https:\/\/wordpress.nibis.de\/rsgebhardshagen\/von-der-artenkenntnis-zum-artenschutz\/","title":{"rendered":"Von der Artenkenntnis zum Artenschutz"},"content":{"rendered":"<p><strong>Reporterteam: Jason und Lilo<\/strong><\/p>\n<p><strong><span style=\"color: #ff0777\">Interview mit Frau Kretschmer<\/span><\/strong><\/p>\n<ul>\n<li>Was wollen Sie in dieser Woche erreichen? ,, Ich m\u00f6chte, dass die Sch\u00fclerinnen und Sch\u00fcler mehr Arten kennenlernen, um sie besser sch\u00fctzen zu k\u00f6nnen.&#8220;<\/li>\n<li>Wie wirken Sie selbst am Umweltschutz mit? ,, Ich trenne\u00a0M\u00fcll, kaufe biologisch erzeugte Lebensmittel und achte darauf, m\u00f6glichst kein Plastik zu kaufen. Au\u00dferdem fliege ich nicht mit dem Flugzeug in den Urlaub.&#8220;<\/li>\n<\/ul>\n\n\n<div class=\"wp-block-image\"><figure class=\"aligncenter\"><img loading=\"lazy\" decoding=\"async\" width=\"1024\" height=\"230\" src=\"https:\/\/wordpress.nibis.de\/rsgebhardshagen\/files\/2019\/07\/duck-3527585__340-1024x230.jpg\" alt=\"\" class=\"wp-image-1027\" srcset=\"https:\/\/wordpress.nibis.de\/rsgebhardshagen\/files\/2019\/07\/duck-3527585__340-1024x230.jpg 1024w, https:\/\/wordpress.nibis.de\/rsgebhardshagen\/files\/2019\/07\/duck-3527585__340-300x68.jpg 300w, https:\/\/wordpress.nibis.de\/rsgebhardshagen\/files\/2019\/07\/duck-3527585__340-768x173.jpg 768w, https:\/\/wordpress.nibis.de\/rsgebhardshagen\/files\/2019\/07\/duck-3527585__340.jpg 1511w\" sizes=\"auto, (max-width: 1024px) 100vw, 1024px\" \/><\/figure><\/div>\n\n\n<p><strong><span style=\"color: #ff0777\">Interviews mit den Projektteilnehmern<\/span><\/strong><\/p>\n<p><span style=\"color: #ff7400\"><strong>L., 6. Klasse<\/strong><\/span><\/p>\n<ul>\n<li>\n<p>Findest du das Thema der Woche gut? ,,Ja weil es interessant ist.&#8220;<\/p>\n<\/li>\n<li>\n<p>Warum hast du dieses Projekt gew\u00e4hlt? ,, Ich bin gern drau\u00dfen in der Natur.&#8220;\u00a0<\/p>\n<\/li>\n<li>\n<p>Was habt ihr in eurer Gruppe bislang alles gemacht?<span class=\"Apple-converted-space\">\u00a0,, Wir waren zusammen im Wald und am Reihersee.&#8220;\u00a0<\/span><\/p>\n<\/li>\n<li>\n<p>Welche Bereiche deines Projekts machen dir besonders viel Spa\u00df? ,, Ich fahre gern zum Reihersee.&#8220;\u00a0<\/p>\n<\/li>\n<li>\n<p>Was tust du selbst f\u00fcr den Umweltschutz? ,, Ich werfe keinen M\u00fcll auf den Boden und achte darauf, dass auch andere dies nicht tun.&#8220;\u00a0<\/p>\n<\/li>\n<\/ul>\n<p><span style=\"color: #ff7400\"><strong>J. , 5. Klasse<\/strong><\/span><\/p>\n<ul>\n<li>Findest du das Thema der Woche gut? ,,Ja, weil es Spa\u00df macht und es toll ist an der Natur zu sein.&#8220;<\/li>\n<li>Warum hast du dieses Projekt gew\u00e4hlt? ,, Ich wollte mich \u00fcber die Artenvielfalt informieren.&#8220;<\/li>\n<li>Was habt ihr in eurer Gruppe bislang alles gemacht? ,, Wir sind im Wald an einem Teich und am Reihersee gewesen.&#8220;<\/li>\n<li>Welche Bereiche Deines Projekts machen dir besonders viel Spa\u00df? Ich bin gern am Wasser.&#8220;<\/li>\n<li>Was tust Du selbst f\u00fcr den Umweltschutz? Mir ist es wichtig, Energie zu sparen.&#8220;<\/li>\n<\/ul>\n<p><span style=\"color: #ff7400\"><strong>E., 6. Klasse<\/strong><\/span><\/p>\n<ul>\n<li>Findest du das Thema der Woche gut? ,,Ja, weil wir in den Wald gegangen sind.&#8220;<\/li>\n<li>Warum hast du dieses Projekt gew\u00e4hlt? ,, Ich hatte keinen bestimmten Grund.&#8220;<\/li>\n<li>Was habt ihr in eurer Gruppe bislang alles gemacht? ,, Wir sind am Teich \u00a0im Wald und am Reihersee gewesen.&#8220;<\/li>\n<li>Welche Bereiche deines Projekts machen dir besonders viel Spa\u00df? ,,Ich fand es richtig sch\u00f6n, dass wir in den Wald gegangen sind.&#8220;<\/li>\n<li>Was tust du selbst f\u00fcr den Umweltschutz? ,, Ich sammle M\u00fcll auf und trenne diesen auch.&#8220;\u00a0<\/li>\n<\/ul>\n<p>\u00a0<\/p>\n<p>\u00a0<\/p>","protected":false},"excerpt":{"rendered":"<p>Reporterteam: Jason und Lilo Interview mit Frau Kretschmer Was wollen Sie in dieser Woche erreichen? ,, Ich m\u00f6chte, dass die Sch\u00fclerinnen und Sch\u00fcler mehr Arten kennenlernen, um sie besser sch\u00fctzen zu k\u00f6nnen.&#8220; Wie wirken Sie selbst am Umweltschutz mit? ,, Ich trenne\u00a0M\u00fcll, kaufe biologisch erzeugte Lebensmittel und achte darauf, m\u00f6glichst kein Plastik zu kaufen. Au\u00dferdem [&hellip;]<\/p>\n","protected":false},"author":9193020,"featured_media":0,"parent":0,"menu_order":0,"comment_status":"closed","ping_status":"closed","template":"","meta":{"footnotes":""},"class_list":["post-1026","page","type-page","status-publish","hentry"],"_links":{"self":[{"href":"https:\/\/wordpress.nibis.de\/rsgebhardshagen\/wp-json\/wp\/v2\/pages\/1026","targetHints":{"allow":["GET"]}}],"collection":[{"href":"https:\/\/wordpress.nibis.de\/rsgebhardshagen\/wp-json\/wp\/v2\/pages"}],"about":[{"href":"https:\/\/wordpress.nibis.de\/rsgebhardshagen\/wp-json\/wp\/v2\/types\/page"}],"author":[{"embeddable":true,"href":"https:\/\/wordpress.nibis.de\/rsgebhardshagen\/wp-json\/wp\/v2\/users\/9193020"}],"replies":[{"embeddable":true,"href":"https:\/\/wordpress.nibis.de\/rsgebhardshagen\/wp-json\/wp\/v2\/comments?post=1026"}],"version-history":[{"count":3,"href":"https:\/\/wordpress.nibis.de\/rsgebhardshagen\/wp-json\/wp\/v2\/pages\/1026\/revisions"}],"predecessor-version":[{"id":1608,"href":"https:\/\/wordpress.nibis.de\/rsgebhardshagen\/wp-json\/wp\/v2\/pages\/1026\/revisions\/1608"}],"wp:attachment":[{"href":"https:\/\/wordpress.nibis.de\/rsgebhardshagen\/wp-json\/wp\/v2\/media?parent=1026"}],"curies":[{"name":"wp","href":"https:\/\/api.w.org\/{rel}","templated":true}]}}

<p><strong>Reporterteam: Jason und Lilo</strong></p>
<p><strong><span style="color: #ff0777">Interview mit Frau Kretschmer</span></strong></p>
<ul>
<li>Was wollen Sie in dieser Woche erreichen? ,, Ich möchte, dass die Schülerinnen und Schüler mehr Arten kennenlernen, um sie besser schützen zu können.&#8220;</li>
<li>Wie wirken Sie selbst am Umweltschutz mit? ,, Ich trenne Müll, kaufe biologisch erzeugte Lebensmittel und achte darauf, möglichst kein Plastik zu kaufen. Außerdem fliege ich nicht mit dem Flugzeug in den Urlaub.&#8220;</li>
</ul>


<div class="wp-block-image"><figure class="aligncenter"><img loading="lazy" decoding="async" width="1024" height="230" src="https://wordpress.nibis.de/rsgebhardshagen/files/2019/07/duck-3527585__340-1024x230.jpg" alt="" class="wp-image-1027" srcset="https://wordpress.nibis.de/rsgebhardshagen/files/2019/07/duck-3527585__340-1024x230.jpg 1024w, https://wordpress.nibis.de/rsgebhardshagen/files/2019/07/duck-3527585__340-300x68.jpg 300w, https://wordpress.nibis.de/rsgebhardshagen/files/2019/07/duck-3527585__340-768x173.jpg 768w, https://wordpress.nibis.de/rsgebhardshagen/files/2019/07/duck-3527585__340.jpg 1511w" sizes="auto, (max-width: 1024px) 100vw, 1024px" /></figure></div>


<p><strong><span style="color: #ff0777">Interviews mit den Projektteilnehmern</span></strong></p>
<p><span style="color: #ff7400"><strong>L., 6. Klasse</strong></span></p>
<ul>
<li>
<p>Findest du das Thema der Woche gut? ,,Ja weil es interessant ist.&#8220;</p>
</li>
<li>
<p>Warum hast du dieses Projekt gewählt? ,, Ich bin gern draußen in der Natur.&#8220; </p>
</li>
<li>
<p>Was habt ihr in eurer Gruppe bislang alles gemacht?<span class="Apple-converted-space"> ,, Wir waren zusammen im Wald und am Reihersee.&#8220; </span></p>
</li>
<li>
<p>Welche Bereiche deines Projekts machen dir besonders viel Spaß? ,, Ich fahre gern zum Reihersee.&#8220; </p>
</li>
<li>
<p>Was tust du selbst für den Umweltschutz? ,, Ich werfe keinen Müll auf den Boden und achte darauf, dass auch andere dies nicht tun.&#8220; </p>
</li>
</ul>
<p><span style="color: #ff7400"><strong>J. , 5. Klasse</strong></span></p>
<ul>
<li>Findest du das Thema der Woche gut? ,,Ja, weil es Spaß macht und es toll ist an der Natur zu sein.&#8220;</li>
<li>Warum hast du dieses Projekt gewählt? ,, Ich wollte mich über die Artenvielfalt informieren.&#8220;</li>
<li>Was habt ihr in eurer Gruppe bislang alles gemacht? ,, Wir sind im Wald an einem Teich und am Reihersee gewesen.&#8220;</li>
<li>Welche Bereiche Deines Projekts machen dir besonders viel Spaß? Ich bin gern am Wasser.&#8220;</li>
<li>Was tust Du selbst für den Umweltschutz? Mir ist es wichtig, Energie zu sparen.&#8220;</li>
</ul>
<p><span style="color: #ff7400"><strong>E., 6. Klasse</strong></span></p>
<ul>
<li>Findest du das Thema der Woche gut? ,,Ja, weil wir in den Wald gegangen sind.&#8220;</li>
<li>Warum hast du dieses Projekt gewählt? ,, Ich hatte keinen bestimmten Grund.&#8220;</li>
<li>Was habt ihr in eurer Gruppe bislang alles gemacht? ,, Wir sind am Teich  im Wald und am Reihersee gewesen.&#8220;</li>
<li>Welche Bereiche deines Projekts machen dir besonders viel Spaß? ,,Ich fand es richtig schön, dass wir in den Wald gegangen sind.&#8220;</li>
<li>Was tust du selbst für den Umweltschutz? ,, Ich sammle Müll auf und trenne diesen auch.&#8220; </li>
</ul>
<p> </p>
<p> </p>

<p>Reporterteam: Jason und Lilo Interview mit Frau Kretschmer Was wollen Sie in dieser Woche erreichen? ,, Ich möchte, dass die Schülerinnen und Schüler mehr Arten kennenlernen, um sie besser schützen zu können.&#8220; Wie wirken Sie selbst am Umweltschutz mit? ,, Ich trenne Müll, kaufe biologisch erzeugte Lebensmittel und achte darauf, möglichst kein Plastik zu kaufen. Außerdem [&hellip;]</p>
