{"id":1037,"date":"2019-07-05T21:02:57","date_gmt":"2019-07-05T19:02:57","guid":{"rendered":"https:\/\/wordpress.nibis.de\/rsgebhardshagen\/?page_id=1037"},"modified":"2020-09-15T12:08:18","modified_gmt":"2020-09-15T10:08:18","slug":"natur-und-umweltschutz","status":"publish","type":"page","link":"https:\/\/wordpress.nibis.de\/rsgebhardshagen\/natur-und-umweltschutz\/","title":{"rendered":"Natur- und Umweltschutz"},"content":{"rendered":"\n<div class=\"wp-block-image\"><figure class=\"aligncenter\"><img loading=\"lazy\" decoding=\"async\" width=\"511\" height=\"340\" src=\"https:\/\/wordpress.nibis.de\/rsgebhardshagen\/files\/2019\/07\/the-eleventh-hour-2202815__340.jpg\" alt=\"\" class=\"wp-image-1038\" srcset=\"https:\/\/wordpress.nibis.de\/rsgebhardshagen\/files\/2019\/07\/the-eleventh-hour-2202815__340.jpg 511w, https:\/\/wordpress.nibis.de\/rsgebhardshagen\/files\/2019\/07\/the-eleventh-hour-2202815__340-300x200.jpg 300w\" sizes=\"auto, (max-width: 511px) 100vw, 511px\" \/><\/figure><\/div>\n\n\n<p><strong>Reporterteam: Saskia, Jason-Tobias<\/strong><\/p>\n<p><strong><span style=\"color: #ff0777\">Herr Oliveira<\/span><\/strong> hatte leider keine Zeit f\u00fcr ein Interview. Aber wir durften die Sch\u00fclerinnen und Sch\u00fcler befragen.<\/p>\n<p><strong><span style=\"color: #ff0777\">Interviews mit den Projektteilnehmern<\/span><\/strong><\/p>\n<p><span style=\"color: #ff7400\"><strong>R., 5. Klasse<\/strong><\/span><\/p>\n<ul>\n<li>Findest du das Thema der Woche gut?\u00a0,,Ja ,weil wir Ausfl\u00fcge machen, Plakate erstellen und weil wir keinen richtigen Unterricht machen.\u201c<\/li>\n<li>Warum hast du dieses Projekt gew\u00e4hlt?\u00a0,,Ich habe dieses Projekt nicht gew\u00e4hlt, ich bin aber reingerutscht, weil in meinen gew\u00e4hlten Projekt schon zu viele Sch\u00fcler waren.\u201c<\/li>\n<li>Was habt ihr in eurer Gruppe bislang alles gemacht?\u00a0,,Wir haben bisher verschiedene Berufe kennengelernt, Plakate erstellt und wir haben Ausfl\u00fcge gemacht.\u201c<\/li>\n<li>Welche Bereiche deines Projekts machen dir besonders viel Spa\u00df?\u00a0<i>,<\/i>,Die Ausfl\u00fcge machen mir am meisten Spa\u00df.\u201c<\/li>\n<li>Was tust Du selbst f\u00fcr den Umweltschutz?\u00a0,,Ich werfe meinen M\u00fcll in den M\u00fclleimer.\u201c<\/li>\n<\/ul>\n<p><span style=\"color: #ff7400\"><strong>I., 9. Klasse<\/strong><\/span><\/p>\n<ul>\n<li>Findest du das Thema der Woche gut? ,,Ja.&#8220;<\/li>\n<li>Warum hast du dieses Projekt gew\u00e4hlt? ,,Ich bin verpflichtend reingekommen.&#8220;<\/li>\n<li>Was habt ihr in eurer Gruppe bislang alles gemacht? ,, Wir haben verschiedene Berufe kennengelernt.&#8220;<\/li>\n<li>Welche Bereiche deines Projekts machen dir besonders viel Spa\u00df? ,,Die Ausfl\u00fcge.&#8220;<\/li>\n<li>Was tust du selbst f\u00fcr den Umweltschutz? ,, Ich werfe den M\u00fcll in den M\u00fclleimer und nicht auf den Boden.&#8220;<\/li>\n<\/ul>\n<p>\u00a0<\/p>","protected":false},"excerpt":{"rendered":"<p>Reporterteam: Saskia, Jason-Tobias Herr Oliveira hatte leider keine Zeit f\u00fcr ein Interview. Aber wir durften die Sch\u00fclerinnen und Sch\u00fcler befragen. Interviews mit den Projektteilnehmern R., 5. Klasse Findest du das Thema der Woche gut?\u00a0,,Ja ,weil wir Ausfl\u00fcge machen, Plakate erstellen und weil wir keinen richtigen Unterricht machen.\u201c Warum hast du dieses Projekt gew\u00e4hlt?\u00a0,,Ich habe dieses [&hellip;]<\/p>\n","protected":false},"author":9193020,"featured_media":0,"parent":0,"menu_order":0,"comment_status":"closed","ping_status":"closed","template":"","meta":{"footnotes":""},"class_list":["post-1037","page","type-page","status-publish","hentry"],"_links":{"self":[{"href":"https:\/\/wordpress.nibis.de\/rsgebhardshagen\/wp-json\/wp\/v2\/pages\/1037","targetHints":{"allow":["GET"]}}],"collection":[{"href":"https:\/\/wordpress.nibis.de\/rsgebhardshagen\/wp-json\/wp\/v2\/pages"}],"about":[{"href":"https:\/\/wordpress.nibis.de\/rsgebhardshagen\/wp-json\/wp\/v2\/types\/page"}],"author":[{"embeddable":true,"href":"https:\/\/wordpress.nibis.de\/rsgebhardshagen\/wp-json\/wp\/v2\/users\/9193020"}],"replies":[{"embeddable":true,"href":"https:\/\/wordpress.nibis.de\/rsgebhardshagen\/wp-json\/wp\/v2\/comments?post=1037"}],"version-history":[{"count":2,"href":"https:\/\/wordpress.nibis.de\/rsgebhardshagen\/wp-json\/wp\/v2\/pages\/1037\/revisions"}],"predecessor-version":[{"id":1607,"href":"https:\/\/wordpress.nibis.de\/rsgebhardshagen\/wp-json\/wp\/v2\/pages\/1037\/revisions\/1607"}],"wp:attachment":[{"href":"https:\/\/wordpress.nibis.de\/rsgebhardshagen\/wp-json\/wp\/v2\/media?parent=1037"}],"curies":[{"name":"wp","href":"https:\/\/api.w.org\/{rel}","templated":true}]}}

<div class="wp-block-image"><figure class="aligncenter"><img loading="lazy" decoding="async" width="511" height="340" src="https://wordpress.nibis.de/rsgebhardshagen/files/2019/07/the-eleventh-hour-2202815__340.jpg" alt="" class="wp-image-1038" srcset="https://wordpress.nibis.de/rsgebhardshagen/files/2019/07/the-eleventh-hour-2202815__340.jpg 511w, https://wordpress.nibis.de/rsgebhardshagen/files/2019/07/the-eleventh-hour-2202815__340-300x200.jpg 300w" sizes="auto, (max-width: 511px) 100vw, 511px" /></figure></div>


<p><strong>Reporterteam: Saskia, Jason-Tobias</strong></p>
<p><strong><span style="color: #ff0777">Herr Oliveira</span></strong> hatte leider keine Zeit für ein Interview. Aber wir durften die Schülerinnen und Schüler befragen.</p>
<p><strong><span style="color: #ff0777">Interviews mit den Projektteilnehmern</span></strong></p>
<p><span style="color: #ff7400"><strong>R., 5. Klasse</strong></span></p>
<ul>
<li>Findest du das Thema der Woche gut? ,,Ja ,weil wir Ausflüge machen, Plakate erstellen und weil wir keinen richtigen Unterricht machen.“</li>
<li>Warum hast du dieses Projekt gewählt? ,,Ich habe dieses Projekt nicht gewählt, ich bin aber reingerutscht, weil in meinen gewählten Projekt schon zu viele Schüler waren.“</li>
<li>Was habt ihr in eurer Gruppe bislang alles gemacht? ,,Wir haben bisher verschiedene Berufe kennengelernt, Plakate erstellt und wir haben Ausflüge gemacht.“</li>
<li>Welche Bereiche deines Projekts machen dir besonders viel Spaß? <i>,</i>,Die Ausflüge machen mir am meisten Spaß.“</li>
<li>Was tust Du selbst für den Umweltschutz? ,,Ich werfe meinen Müll in den Mülleimer.“</li>
</ul>
<p><span style="color: #ff7400"><strong>I., 9. Klasse</strong></span></p>
<ul>
<li>Findest du das Thema der Woche gut? ,,Ja.&#8220;</li>
<li>Warum hast du dieses Projekt gewählt? ,,Ich bin verpflichtend reingekommen.&#8220;</li>
<li>Was habt ihr in eurer Gruppe bislang alles gemacht? ,, Wir haben verschiedene Berufe kennengelernt.&#8220;</li>
<li>Welche Bereiche deines Projekts machen dir besonders viel Spaß? ,,Die Ausflüge.&#8220;</li>
<li>Was tust du selbst für den Umweltschutz? ,, Ich werfe den Müll in den Mülleimer und nicht auf den Boden.&#8220;</li>
</ul>
<p> </p>

<p>Reporterteam: Saskia, Jason-Tobias Herr Oliveira hatte leider keine Zeit für ein Interview. Aber wir durften die Schülerinnen und Schüler befragen. Interviews mit den Projektteilnehmern R., 5. Klasse Findest du das Thema der Woche gut? ,,Ja ,weil wir Ausflüge machen, Plakate erstellen und weil wir keinen richtigen Unterricht machen.“ Warum hast du dieses Projekt gewählt? ,,Ich habe dieses [&hellip;]</p>
