{"id":1330,"date":"2020-09-17T10:43:45","date_gmt":"2020-09-17T08:43:45","guid":{"rendered":"https:\/\/wordpress.nibis.de\/rsgebhardshagen\/?page_id=1330"},"modified":"2020-09-17T10:43:46","modified_gmt":"2020-09-17T08:43:46","slug":"volleyballplatz","status":"publish","type":"page","link":"https:\/\/wordpress.nibis.de\/rsgebhardshagen\/volleyballplatz\/","title":{"rendered":"Volleyballplatz"},"content":{"rendered":"\n<div class=\"wp-block-media-text alignwide\" style=\"grid-template-columns:34% auto\"><figure class=\"wp-block-media-text__media\"><img loading=\"lazy\" decoding=\"async\" width=\"768\" height=\"1024\" src=\"https:\/\/wordpress.nibis.de\/rsgebhardshagen\/files\/2019\/11\/Volleyball-Feld-2-768x1024.jpg\" alt=\"\" class=\"wp-image-1187\" srcset=\"https:\/\/wordpress.nibis.de\/rsgebhardshagen\/files\/2019\/11\/Volleyball-Feld-2.jpg 768w, https:\/\/wordpress.nibis.de\/rsgebhardshagen\/files\/2019\/11\/Volleyball-Feld-2-225x300.jpg 225w\" sizes=\"auto, (max-width: 768px) 100vw, 768px\" \/><\/figure><div class=\"wp-block-media-text__content\">\n<p>Auf unserem <span style=\"color: #ff0777\"><strong>Volleyballplatz<\/strong> <\/span>findet j\u00e4hrlich ein <strong><span style=\"color: #ff0777\">Volleyballturnier<\/span> <\/strong>statt, in dem sich die Klassen\u00a0der Realschule Gebhardshagen messen \u00a0und ihr K\u00f6nnen unter Beweis stellen.<\/p>\n\n\n\n<p>Au\u00dferdem steht der Volleyballplatz den Sch\u00fclern auch in jeder <strong><span style=\"color: #ff0777\">Pause<\/span> <\/strong>zur Verf\u00fcgung und wird regelm\u00e4\u00dfig im <strong><span style=\"color: #ff0777\">Sportunterricht<\/span> <\/strong>verwendet.<\/p>\n<\/div><\/div>\n\n\n","protected":false},"excerpt":{"rendered":"<p>Auf unserem Volleyballplatz findet j\u00e4hrlich ein Volleyballturnier statt, in dem sich die Klassen\u00a0der Realschule Gebhardshagen messen \u00a0und ihr K\u00f6nnen unter Beweis stellen. Au\u00dferdem steht der Volleyballplatz den Sch\u00fclern auch in jeder Pause zur Verf\u00fcgung und wird regelm\u00e4\u00dfig im Sportunterricht verwendet.<\/p>\n","protected":false},"author":9193026,"featured_media":0,"parent":0,"menu_order":0,"comment_status":"closed","ping_status":"closed","template":"","meta":{"footnotes":""},"class_list":["post-1330","page","type-page","status-publish","hentry"],"_links":{"self":[{"href":"https:\/\/wordpress.nibis.de\/rsgebhardshagen\/wp-json\/wp\/v2\/pages\/1330","targetHints":{"allow":["GET"]}}],"collection":[{"href":"https:\/\/wordpress.nibis.de\/rsgebhardshagen\/wp-json\/wp\/v2\/pages"}],"about":[{"href":"https:\/\/wordpress.nibis.de\/rsgebhardshagen\/wp-json\/wp\/v2\/types\/page"}],"author":[{"embeddable":true,"href":"https:\/\/wordpress.nibis.de\/rsgebhardshagen\/wp-json\/wp\/v2\/users\/9193026"}],"replies":[{"embeddable":true,"href":"https:\/\/wordpress.nibis.de\/rsgebhardshagen\/wp-json\/wp\/v2\/comments?post=1330"}],"version-history":[{"count":4,"href":"https:\/\/wordpress.nibis.de\/rsgebhardshagen\/wp-json\/wp\/v2\/pages\/1330\/revisions"}],"predecessor-version":[{"id":1718,"href":"https:\/\/wordpress.nibis.de\/rsgebhardshagen\/wp-json\/wp\/v2\/pages\/1330\/revisions\/1718"}],"wp:attachment":[{"href":"https:\/\/wordpress.nibis.de\/rsgebhardshagen\/wp-json\/wp\/v2\/media?parent=1330"}],"curies":[{"name":"wp","href":"https:\/\/api.w.org\/{rel}","templated":true}]}}