{"id":1839,"date":"2021-02-25T11:00:45","date_gmt":"2021-02-25T10:00:45","guid":{"rendered":"https:\/\/wordpress.nibis.de\/rsgebhardshagen\/?page_id=1839"},"modified":"2023-03-15T11:59:47","modified_gmt":"2023-03-15T10:59:47","slug":"mobilitaetskonzept","status":"publish","type":"page","link":"https:\/\/wordpress.nibis.de\/rsgebhardshagen\/mobilitaetskonzept\/","title":{"rendered":"Mobilit\u00e4tskonzept"},"content":{"rendered":"<div class=\"page\" title=\"Page 1\">\n<div class=\"layoutArea\">\n<div class=\"column\">\n<p><span style=\"font-size: inherit\">Hinter dem<span style=\"color: #ff0777\"><strong><span style=\"color: #333333\"> \u21d2<\/span> <a href=\"https:\/\/www.mk.niedersachsen.de\/startseite\/schule\/schulerinnen_und_schuler_eltern\/mobilitat\/mobilitaet-106518.html\">Curriculum Mobilit\u00e4t <\/a><\/strong><\/span>verbirgt sich ein Bausteinkonzept f\u00fcr den f\u00e4cherverbindenden Unterricht, bei dem <strong><span style=\"color: #ff0777\">Nachhaltigkeit<\/span><\/strong> einer der grundlegenden Pfeiler ist.<\/span><\/p>\n<\/div>\n<\/div>\n<div class=\"layoutArea\">\n<div class=\"column\">\n<p>Dabei wird das <span style=\"color: #007777\">\u21d2<\/span> <strong><span style=\"color: #007777\"><a style=\"color: #007777\" href=\"https:\/\/wordpress.nibis.de\/rsgebhardshagen\/files\/2021\/02\/RSG-Mobilit\u00e4t-f\u00fcr-Homepage.pdf\"><span style=\"text-decoration: underline\">schuleigene Mobilit\u00e4tskonzept <\/span><\/a><\/span><\/strong>nicht in einem Fach oder in einer Unterrichtseinheit umgesetzt, sondern die vielf\u00e4ltigen Inhalte sind Bestandteile der einzelnen Unterrichtsf\u00e4cher und des <strong><span style=\"color: #ff0777\">Pr\u00e4ventionskonzepts<\/span><\/strong>.<\/p>\n<\/div>\n<\/div>\n<\/div>\n\n\n<div class=\"wp-block-image\"><figure class=\"aligncenter size-large\"><img loading=\"lazy\" decoding=\"async\" width=\"511\" height=\"340\" src=\"https:\/\/wordpress.nibis.de\/rsgebhardshagen\/files\/2021\/02\/ipad-632394__340.jpg\" alt=\"\" class=\"wp-image-1843\" srcset=\"https:\/\/wordpress.nibis.de\/rsgebhardshagen\/files\/2021\/02\/ipad-632394__340.jpg 511w, https:\/\/wordpress.nibis.de\/rsgebhardshagen\/files\/2021\/02\/ipad-632394__340-300x200.jpg 300w\" sizes=\"auto, (max-width: 511px) 100vw, 511px\" \/><\/figure><\/div>\n\n\n","protected":false},"excerpt":{"rendered":"<p>Hinter dem \u21d2 Curriculum Mobilit\u00e4t verbirgt sich ein Bausteinkonzept f\u00fcr den f\u00e4cherverbindenden Unterricht, bei dem Nachhaltigkeit einer der grundlegenden Pfeiler ist. Dabei wird das \u21d2 schuleigene Mobilit\u00e4tskonzept nicht in einem Fach oder in einer Unterrichtseinheit umgesetzt, sondern die vielf\u00e4ltigen Inhalte sind Bestandteile der einzelnen Unterrichtsf\u00e4cher und des Pr\u00e4ventionskonzepts.<\/p>\n","protected":false},"author":9193020,"featured_media":1844,"parent":0,"menu_order":0,"comment_status":"closed","ping_status":"closed","template":"","meta":{"footnotes":""},"class_list":["post-1839","page","type-page","status-publish","has-post-thumbnail","hentry"],"_links":{"self":[{"href":"https:\/\/wordpress.nibis.de\/rsgebhardshagen\/wp-json\/wp\/v2\/pages\/1839","targetHints":{"allow":["GET"]}}],"collection":[{"href":"https:\/\/wordpress.nibis.de\/rsgebhardshagen\/wp-json\/wp\/v2\/pages"}],"about":[{"href":"https:\/\/wordpress.nibis.de\/rsgebhardshagen\/wp-json\/wp\/v2\/types\/page"}],"author":[{"embeddable":true,"href":"https:\/\/wordpress.nibis.de\/rsgebhardshagen\/wp-json\/wp\/v2\/users\/9193020"}],"replies":[{"embeddable":true,"href":"https:\/\/wordpress.nibis.de\/rsgebhardshagen\/wp-json\/wp\/v2\/comments?post=1839"}],"version-history":[{"count":7,"href":"https:\/\/wordpress.nibis.de\/rsgebhardshagen\/wp-json\/wp\/v2\/pages\/1839\/revisions"}],"predecessor-version":[{"id":2281,"href":"https:\/\/wordpress.nibis.de\/rsgebhardshagen\/wp-json\/wp\/v2\/pages\/1839\/revisions\/2281"}],"wp:featuredmedia":[{"embeddable":true,"href":"https:\/\/wordpress.nibis.de\/rsgebhardshagen\/wp-json\/wp\/v2\/media\/1844"}],"wp:attachment":[{"href":"https:\/\/wordpress.nibis.de\/rsgebhardshagen\/wp-json\/wp\/v2\/media?parent=1839"}],"curies":[{"name":"wp","href":"https:\/\/api.w.org\/{rel}","templated":true}]}}

Mobilitätskonzept

<div class="page" title="Page 1">
<div class="layoutArea">
<div class="column">
<p><span style="font-size: inherit">Hinter dem<span style="color: #ff0777"><strong><span style="color: #333333"> ⇒</span> <a href="https://www.mk.niedersachsen.de/startseite/schule/schulerinnen_und_schuler_eltern/mobilitat/mobilitaet-106518.html">Curriculum Mobilität </a></strong></span>verbirgt sich ein Bausteinkonzept für den fächerverbindenden Unterricht, bei dem <strong><span style="color: #ff0777">Nachhaltigkeit</span></strong> einer der grundlegenden Pfeiler ist.</span></p>
</div>
</div>
<div class="layoutArea">
<div class="column">
<p>Dabei wird das <span style="color: #007777">⇒</span> <strong><span style="color: #007777"><a style="color: #007777" href="https://wordpress.nibis.de/rsgebhardshagen/files/2021/02/RSG-Mobilität-für-Homepage.pdf"><span style="text-decoration: underline">schuleigene Mobilitätskonzept </span></a></span></strong>nicht in einem Fach oder in einer Unterrichtseinheit umgesetzt, sondern die vielfältigen Inhalte sind Bestandteile der einzelnen Unterrichtsfächer und des <strong><span style="color: #ff0777">Präventionskonzepts</span></strong>.</p>
</div>
</div>
</div>


<div class="wp-block-image"><figure class="aligncenter size-large"><img loading="lazy" decoding="async" width="511" height="340" src="https://wordpress.nibis.de/rsgebhardshagen/files/2021/02/ipad-632394__340.jpg" alt="" class="wp-image-1843" srcset="https://wordpress.nibis.de/rsgebhardshagen/files/2021/02/ipad-632394__340.jpg 511w, https://wordpress.nibis.de/rsgebhardshagen/files/2021/02/ipad-632394__340-300x200.jpg 300w" sizes="auto, (max-width: 511px) 100vw, 511px" /></figure></div>

<p>Hinter dem ⇒ Curriculum Mobilität verbirgt sich ein Bausteinkonzept für den fächerverbindenden Unterricht, bei dem Nachhaltigkeit einer der grundlegenden Pfeiler ist. Dabei wird das ⇒ schuleigene Mobilitätskonzept nicht in einem Fach oder in einer Unterrichtseinheit umgesetzt, sondern die vielfältigen Inhalte sind Bestandteile der einzelnen Unterrichtsfächer und des Präventionskonzepts.</p>
