{"id":1880,"date":"2021-04-16T14:03:54","date_gmt":"2021-04-16T12:03:54","guid":{"rendered":"https:\/\/wordpress.nibis.de\/rsgebhardshagen\/?page_id=1880"},"modified":"2022-09-12T13:25:48","modified_gmt":"2022-09-12T11:25:48","slug":"bienvenidos-y-hola-amigos","status":"publish","type":"page","link":"https:\/\/wordpress.nibis.de\/rsgebhardshagen\/bienvenidos-y-hola-amigos\/","title":{"rendered":"\u00a1Bienvenidos y hola amigos!"},"content":{"rendered":"\n<div class=\"wp-block-cover alignwide\"><span aria-hidden=\"true\" class=\"wp-block-cover__gradient-background has-background-dim\"><\/span><img loading=\"lazy\" decoding=\"async\" width=\"453\" height=\"340\" sizes=\"auto, (max-width: 799px) 200vw, (max-width: 453px) 100vw, 453px\" class=\"wp-block-cover__image-background wp-image-1881\" src=\"https:\/\/wordpress.nibis.de\/rsgebhardshagen\/files\/2021\/04\/spain-379535__340.jpg\" data-object-fit=\"cover\" srcset=\"https:\/\/wordpress.nibis.de\/rsgebhardshagen\/files\/2021\/04\/spain-379535__340.jpg 453w, https:\/\/wordpress.nibis.de\/rsgebhardshagen\/files\/2021\/04\/spain-379535__340-300x225.jpg 300w\" \/><div class=\"wp-block-cover__inner-container is-layout-flow wp-block-cover-is-layout-flow\">\n<p class=\"has-text-align-center\">Du hast Lust auf eine neue Sprache? Dann hereinspaziert:<\/p>\n\n\n\n<p class=\"has-text-align-center\"><strong>Spanisch AG f\u00fcr Anf\u00e4nger<\/strong> und <strong>Fortgeschrittene<\/strong><\/p>\n<\/div><\/div>\n\n\n\n<p>&nbsp;<\/p>\n<p><b>Spanisch<\/b>&nbsp;sprechen mehr als 500 Millionen Menschen als ihre Muttersprache und genie\u00dft ungef\u00e4hr in 20 Staaten in Europa, Lateinamerika, S\u00fcdostasien und sogar in Afrika ( \u00c4quatorialguinea) offiziellen Status.<\/p>\n<p>Im Internet ist Spanisch die zweith\u00e4ufigste Kommunikationssprache. An US-amerikanischen Schulen und Universit\u00e4ten ist Spanisch erste Fremdsprache.<\/p>\n<p>Obwohl Spanisch in weit voneinander entfernten Regionen der Erde gesprochen wird, k\u00f6nnen sich Sprecher der verschiedenen Dialekte meist gut verstehen.<\/p>\n\n\n\n<div class=\"wp-block-image is-style-rounded\"><figure class=\"aligncenter size-large\"><img loading=\"lazy\" decoding=\"async\" width=\"453\" height=\"340\" src=\"https:\/\/wordpress.nibis.de\/rsgebhardshagen\/files\/2021\/04\/symbol-1586312__340.jpg\" alt=\"\" class=\"wp-image-1892\" srcset=\"https:\/\/wordpress.nibis.de\/rsgebhardshagen\/files\/2021\/04\/symbol-1586312__340.jpg 453w, https:\/\/wordpress.nibis.de\/rsgebhardshagen\/files\/2021\/04\/symbol-1586312__340-300x225.jpg 300w\" sizes=\"auto, (max-width: 453px) 100vw, 453px\" \/><figcaption>Pilgermuschel in Santiago de Compostela<\/figcaption><\/figure><\/div>\n\n\n<p><span class=\"Apple-converted-space\">In&nbsp;<\/span>der Spanisch AG wirst du darauf vorbereitet, euch in <span style=\"color: #ff0777\">einfachen<\/span> <span style=\"color: #ff0777\">Situationen <span style=\"color: #333333\">im spanischsprachigen<\/span><\/span> Ausland zurechtzufinden. Du lernst zum Beispiel, wie du dich auf Spanisch <span style=\"color: #ff0777\">begr\u00fc\u00dft<\/span>, etwas in einem Restaurant <span style=\"color: #ff0777\">bestellst<\/span> oder etwas \u00fcber dich, deine Familie oder deine Hobbies <span style=\"color: #ff0777\">erz\u00e4hlen<\/span> kannst.<\/p>\n<p>Au\u00dferdem gewinnst du erste Einblicke in die spanische bzw. lateinamerikanische Kultur, indem wir uns beispielsweise mit Liedern und Traditionen, wie <span style=\"color: #ff0777\">El Gordo<\/span> (spanische Weihnachtslotterie), <span style=\"color: #ff0777\">El D\u00eda de los Muertos<\/span> (mexikanisches Fest am Tag der Toten) oder <span style=\"color: #ff0777\">Tapas<\/span> (spanische Appetith\u00e4ppchen), besch\u00e4ftigen. Im Allgemeinen soll die Freude am Lernen dieser sch\u00f6nen Sprache nicht zu kurz kommen.<span class=\"Apple-converted-space\">&nbsp;<\/span><\/p>\n<p>Wenn du sp\u00e4ter eine weiterf\u00fchrende Schule (z.B. Berufliche Gymnasien) besuchen m\u00f6chtest oder auch eine Berufsausbildung (z.B. Kaufm\u00e4nnische Wirtschaftsassistent\/in Fremdsprachen) anstrebst, kannst du somit in dieser AG bereits wertvolle Grundkenntnisse erlernen, die du in deiner sp\u00e4teren <span style=\"color: #ff0777\">Schul- und Berufslaufbahn<\/span> nutzen kannst<\/p>\n<p>Hast du Lust und die Bereitschaft in deiner Freizeit freiwillig eine neue Sprache zu lernen, dann bist du hier genau richtig!<\/p>\n<p>Am Ende des n\u00e4chsten Schuljahres ist es geplant, eine jahrgangs\u00fcbergreifende<span class=\"Apple-converted-space\">&nbsp;<\/span><\/p>\n<p style=\"text-align: center\"><span style=\"color: #ff0777\"><b>Fachexkursion nach Spanien <span style=\"color: #007777\">\u21d2&nbsp;<\/span><a href=\"https:\/\/de.wikipedia.org\/wiki\/Galicien\"><span style=\"color: #007777\">(Galicien)<\/span><\/a><\/b><\/span><\/p>\n<p>anzubieten, um dort Land und Leute besser kennenzulernen.<\/p>\n<p>Weitere Infos und Details erfolgen zum Anfang des n\u00e4chsten Schuljahres.<\/p>\n<p>Wer zwischenzeitlich noch Fragen haben sollte, kann sich nat\u00fcrlich gern bei mir melden.<\/p>\n<p><b><span class=\"Apple-converted-space\">&nbsp;<\/span><\/b>\u00a1 <b>Adi\u00f3s, te veo pronto <\/b><b>!<\/b><\/p>\n<p>N. de Oliveira<\/p>\n\n\n<div class=\"wp-block-image is-style-default\"><figure class=\"aligncenter size-large\"><img loading=\"lazy\" decoding=\"async\" width=\"510\" height=\"340\" src=\"https:\/\/wordpress.nibis.de\/rsgebhardshagen\/files\/2021\/04\/cathedral-4748181__340.jpg\" alt=\"\" class=\"wp-image-1894\" srcset=\"https:\/\/wordpress.nibis.de\/rsgebhardshagen\/files\/2021\/04\/cathedral-4748181__340.jpg 510w, https:\/\/wordpress.nibis.de\/rsgebhardshagen\/files\/2021\/04\/cathedral-4748181__340-300x200.jpg 300w\" sizes=\"auto, (max-width: 510px) 100vw, 510px\" \/><figcaption>Kathedrale von Santiago de Compostela<\/figcaption><\/figure><\/div>\n\n\n","protected":false},"excerpt":{"rendered":"<p>&nbsp; Spanisch&nbsp;sprechen mehr als 500 Millionen Menschen als ihre Muttersprache und genie\u00dft ungef\u00e4hr in 20 Staaten in Europa, Lateinamerika, S\u00fcdostasien und sogar in Afrika ( \u00c4quatorialguinea) offiziellen Status. Im Internet ist Spanisch die zweith\u00e4ufigste Kommunikationssprache. An US-amerikanischen Schulen und Universit\u00e4ten ist Spanisch erste Fremdsprache. Obwohl Spanisch in weit voneinander entfernten Regionen der Erde gesprochen wird, [&hellip;]<\/p>\n","protected":false},"author":9193020,"featured_media":0,"parent":0,"menu_order":0,"comment_status":"closed","ping_status":"closed","template":"","meta":{"footnotes":""},"class_list":["post-1880","page","type-page","status-publish","hentry"],"_links":{"self":[{"href":"https:\/\/wordpress.nibis.de\/rsgebhardshagen\/wp-json\/wp\/v2\/pages\/1880","targetHints":{"allow":["GET"]}}],"collection":[{"href":"https:\/\/wordpress.nibis.de\/rsgebhardshagen\/wp-json\/wp\/v2\/pages"}],"about":[{"href":"https:\/\/wordpress.nibis.de\/rsgebhardshagen\/wp-json\/wp\/v2\/types\/page"}],"author":[{"embeddable":true,"href":"https:\/\/wordpress.nibis.de\/rsgebhardshagen\/wp-json\/wp\/v2\/users\/9193020"}],"replies":[{"embeddable":true,"href":"https:\/\/wordpress.nibis.de\/rsgebhardshagen\/wp-json\/wp\/v2\/comments?post=1880"}],"version-history":[{"count":10,"href":"https:\/\/wordpress.nibis.de\/rsgebhardshagen\/wp-json\/wp\/v2\/pages\/1880\/revisions"}],"predecessor-version":[{"id":2248,"href":"https:\/\/wordpress.nibis.de\/rsgebhardshagen\/wp-json\/wp\/v2\/pages\/1880\/revisions\/2248"}],"wp:attachment":[{"href":"https:\/\/wordpress.nibis.de\/rsgebhardshagen\/wp-json\/wp\/v2\/media?parent=1880"}],"curies":[{"name":"wp","href":"https:\/\/api.w.org\/{rel}","templated":true}]}}