{"id":2404,"date":"2024-09-03T09:21:41","date_gmt":"2024-09-03T07:21:41","guid":{"rendered":"https:\/\/wordpress.nibis.de\/rsgebhardshagen\/?page_id=2404"},"modified":"2024-09-03T09:21:44","modified_gmt":"2024-09-03T07:21:44","slug":"sommerfest-2024","status":"publish","type":"page","link":"https:\/\/wordpress.nibis.de\/rsgebhardshagen\/sommerfest-2024\/","title":{"rendered":"Sommerfest 2024"},"content":{"rendered":"\n<h3 class=\"wp-block-heading\"><\/h3>\n\n\n\n<p class=\"has-luminous-vivid-amber-background-color has-background\">Am vergangenen Wochenende fand unser erstes Sommerfest statt und es war ein wahnsinnger Erfolg! Bei strahlendem Sonnenschein und bester Laune versammelten sich Gro\u00df und Klein auf unserem sommerlich geschm\u00fcckten Schulhof, um gemeinsam einen unvergesslichen Tag zu erleben.<\/p>\n\n\n\n<figure class=\"wp-block-image size-large\"><img loading=\"lazy\" decoding=\"async\" width=\"576\" height=\"1024\" src=\"https:\/\/wordpress.nibis.de\/rsgebhardshagen\/files\/2024\/09\/29612AAC-561B-4523-9A41-8BDEC5D9B652-576x1024.jpeg\" alt=\"\" class=\"wp-image-2406\" srcset=\"https:\/\/wordpress.nibis.de\/rsgebhardshagen\/files\/2024\/09\/29612AAC-561B-4523-9A41-8BDEC5D9B652-576x1024.jpeg 576w, https:\/\/wordpress.nibis.de\/rsgebhardshagen\/files\/2024\/09\/29612AAC-561B-4523-9A41-8BDEC5D9B652-169x300.jpeg 169w, https:\/\/wordpress.nibis.de\/rsgebhardshagen\/files\/2024\/09\/29612AAC-561B-4523-9A41-8BDEC5D9B652-768x1365.jpeg 768w, https:\/\/wordpress.nibis.de\/rsgebhardshagen\/files\/2024\/09\/29612AAC-561B-4523-9A41-8BDEC5D9B652-864x1536.jpeg 864w, https:\/\/wordpress.nibis.de\/rsgebhardshagen\/files\/2024\/09\/29612AAC-561B-4523-9A41-8BDEC5D9B652-1152x2048.jpeg 1152w, https:\/\/wordpress.nibis.de\/rsgebhardshagen\/files\/2024\/09\/29612AAC-561B-4523-9A41-8BDEC5D9B652-scaled.jpeg 1440w\" sizes=\"auto, (max-width: 576px) 100vw, 576px\" \/><\/figure>\n\n\n\n<p>Schon zu Beginn lockten <span style=\"color:#0693e3\" class=\"tadv-color\">erfrischende Getr\u00e4nke <\/span>und ein reichhaltiges Angebot an <span style=\"color:#0693e3\" class=\"tadv-color\">Speisen<\/span> die Besucher an. Von Gegrilltem, Salaten und Pommes \u00fcber Cr\u00eapes bis hin zu s\u00fc\u00dfem Slush-Eis \u2013 f\u00fcr jeden Geschmack war etwas dabei. Auch die Kaffee- und Kuchentafel, die von unseren engagierten Eltern, Sch\u00fclern und Lehrern liebevoll vorbereitet wurde, erfreute sich gro\u00dfer Beliebtheit.<\/p>\n\n\n\n<figure class=\"wp-block-image size-large\"><img loading=\"lazy\" decoding=\"async\" width=\"1024\" height=\"768\" src=\"https:\/\/wordpress.nibis.de\/rsgebhardshagen\/files\/2024\/09\/IMG_1996-1024x768.jpeg\" alt=\"\" class=\"wp-image-2408\" srcset=\"https:\/\/wordpress.nibis.de\/rsgebhardshagen\/files\/2024\/09\/IMG_1996-1024x768.jpeg 1024w, https:\/\/wordpress.nibis.de\/rsgebhardshagen\/files\/2024\/09\/IMG_1996-300x225.jpeg 300w, https:\/\/wordpress.nibis.de\/rsgebhardshagen\/files\/2024\/09\/IMG_1996-768x576.jpeg 768w, https:\/\/wordpress.nibis.de\/rsgebhardshagen\/files\/2024\/09\/IMG_1996.jpeg 1170w\" sizes=\"auto, (max-width: 1024px) 100vw, 1024px\" \/><\/figure>\n\n\n\n<p><span style=\"color:#00d084\" class=\"tadv-color\">Musikalisch<\/span> wurde das Fest von verschiedenen Bands auf einem <span style=\"color:#00d084\" class=\"tadv-color\">B\u00fchnentruck<\/span> begleitet, die mit ihren Kl\u00e4ngen f\u00fcr eine gro\u00dfartige Atmosph\u00e4re sorgten. Ein <span style=\"color:#00d084\" class=\"tadv-color\">DJ<\/span> aus der Elternschaft brachte die G\u00e4ste mit aktuellen Hits in Stimmung. Auch die kleinen Besucher kamen nicht zu kurz: <span style=\"background-color:#ffffff\" class=\"tadv-background-color\"><span style=\"color:#00d084\" class=\"tadv-color\">H\u00fcpfburgen<\/span><\/span>, <span style=\"color:#00d084\" class=\"tadv-color\">Kinderschminken<\/span> und <span style=\"background-color:#ffffff\" class=\"tadv-background-color\"><span style=\"color:#00d084\" class=\"tadv-color\">Seifenblasen<\/span><\/span> sorgten f\u00fcr strahlende Kinderaugen und jede Menge <span style=\"color:#00d084\" class=\"tadv-color\">Spa\u00df<\/span>. Aber auch die <span style=\"color:#00d084\" class=\"tadv-color\">Steelers<\/span> zeigten ihr K\u00f6nnen und die <span style=\"color:#00d084\" class=\"tadv-color\">DLRG<\/span> sorgte mit ihren Sanit\u00e4tern f\u00fcr die n\u00f6tige Sicherheit.<\/p>\n\n\n\n<figure class=\"wp-block-image size-large\"><img loading=\"lazy\" decoding=\"async\" width=\"1024\" height=\"772\" src=\"https:\/\/wordpress.nibis.de\/rsgebhardshagen\/files\/2024\/09\/IMG_2005-1-1024x772.jpeg\" alt=\"\" class=\"wp-image-2413\" srcset=\"https:\/\/wordpress.nibis.de\/rsgebhardshagen\/files\/2024\/09\/IMG_2005-1-1024x772.jpeg 1024w, https:\/\/wordpress.nibis.de\/rsgebhardshagen\/files\/2024\/09\/IMG_2005-1-300x226.jpeg 300w, https:\/\/wordpress.nibis.de\/rsgebhardshagen\/files\/2024\/09\/IMG_2005-1-768x579.jpeg 768w, https:\/\/wordpress.nibis.de\/rsgebhardshagen\/files\/2024\/09\/IMG_2005-1.jpeg 1170w\" sizes=\"auto, (max-width: 1024px) 100vw, 1024px\" \/><\/figure>\n\n\n\n<p>F\u00fcr weitere Unterhaltung sorgte der <span style=\"color:#ff6900\" class=\"tadv-color\">Spielmannzug Lebenstedt<\/span>, der sein K\u00f6nnen unter Beweis stellte und mit seiner Darbietung begeisterte. Der parallel stattfindende <span style=\"color:#ff6900\" class=\"tadv-color\">Sponsorenlauf<\/span> mobilisierte zahlreiche Teilnehmer, die gemeinsam f\u00fcr den guten Zweck ihre Runden drehten.<\/p>\n\n\n\n<p>Das absolute Highlight des Tages waren jedoch die <span style=\"color:#9b51e0\" class=\"tadv-color\">Tombolas<\/span>, bei der es fantastische Gewinne zu ergattern gab. Die Spannung stieg ins Unermessliche, als die Lose gezogen wurden, und die Freude war gro\u00df, als die gl\u00fccklichen Gewinner ihre tollen Preise entgegennehmen durften. Von Gutscheinen \u00fcber Elektronikartikel bis hin zu besonderen \u00dcberraschungen \u2013 die Tombola sorgte f\u00fcr leuchtende Augen und ausgelassene Stimmung bei allen Teilnehmern. <br><strong><span style=\"background-color:#38cda5\" class=\"tadv-background-color\">Wir bedanken uns sehr herzlich f\u00fcr die Geld- und Sachspenden bei Basketball-L\u00f6wen Braunschweig, DM, Easy fitness, E-Center Salzgitter-Bad, Eintracht Braunschweig, Enoteca Al Trullo, Firma Elstermann, Globus Baumarkt, HallyGally,  Heimbs-Dallmayer, Helios-Klinikum, Firma Haushahn, O2, \u00d6ffentliche-Versicherung, Pieksfein, Rastiland, Ritter-Apotheke, SEL Trucks GmbH und der Volksbank.<\/span><\/strong><\/p>\n\n\n\n<figure class=\"wp-block-image size-large\"><img loading=\"lazy\" decoding=\"async\" width=\"1024\" height=\"762\" src=\"https:\/\/wordpress.nibis.de\/rsgebhardshagen\/files\/2024\/09\/IMG_1998-1024x762.jpeg\" alt=\"\" class=\"wp-image-2414\" srcset=\"https:\/\/wordpress.nibis.de\/rsgebhardshagen\/files\/2024\/09\/IMG_1998-1024x762.jpeg 1024w, https:\/\/wordpress.nibis.de\/rsgebhardshagen\/files\/2024\/09\/IMG_1998-300x223.jpeg 300w, https:\/\/wordpress.nibis.de\/rsgebhardshagen\/files\/2024\/09\/IMG_1998-768x572.jpeg 768w, https:\/\/wordpress.nibis.de\/rsgebhardshagen\/files\/2024\/09\/IMG_1998.jpeg 1170w\" sizes=\"auto, (max-width: 1024px) 100vw, 1024px\" \/><\/figure>\n\n\n\n<p>Wir m\u00f6chten an dieser Stelle ein gro\u00dfes <span style=\"background-color:#fcb900\" class=\"tadv-background-color\">Dankesch\u00f6n<\/span> an alle aussprechen, die dieses Fest zu einem solch wunderbaren Erlebnis gemacht haben. Unser besonderer Dank gilt den fantastischen <span style=\"background-color:#fcb900\" class=\"tadv-background-color\">Eltern<\/span>, dem <span style=\"background-color:#fcb900\" class=\"tadv-background-color\">Schulverein<\/span>, unserem unerm\u00fcdlichen <span style=\"background-color:#fcb900\" class=\"tadv-background-color\">Hausmeister<\/span> und unseren flei\u00dfigen <span style=\"background-color:#fcb900\" class=\"tadv-background-color\">Sch\u00fclern<\/span>, die mit ihrem Einsatz und Engagement zum Gelingen des Festes ma\u00dfgeblich beigetragen haben. Ohne diese Unterst\u00fctzung w\u00e4re dieses Fest nicht m\u00f6glich gewesen.<\/p>\n\n\n\n<figure class=\"wp-block-image size-large\"><img loading=\"lazy\" decoding=\"async\" width=\"1024\" height=\"745\" src=\"https:\/\/wordpress.nibis.de\/rsgebhardshagen\/files\/2024\/09\/IMG_1999-1024x745.jpeg\" alt=\"\" class=\"wp-image-2415\" srcset=\"https:\/\/wordpress.nibis.de\/rsgebhardshagen\/files\/2024\/09\/IMG_1999-1024x745.jpeg 1024w, https:\/\/wordpress.nibis.de\/rsgebhardshagen\/files\/2024\/09\/IMG_1999-300x218.jpeg 300w, https:\/\/wordpress.nibis.de\/rsgebhardshagen\/files\/2024\/09\/IMG_1999-768x559.jpeg 768w, https:\/\/wordpress.nibis.de\/rsgebhardshagen\/files\/2024\/09\/IMG_1999.jpeg 1170w\" sizes=\"auto, (max-width: 1024px) 100vw, 1024px\" \/><\/figure>\n\n\n\n<p>Das Sommerfest 2024 wird uns allen in bester Erinnerung bleiben, und wir freuen uns schon jetzt auf das n\u00e4chste Mal, wenn wir wieder gemeinsam feiern und unvergessliche Momente erleben k\u00f6nnen!<\/p>\n\n\n\n<p><\/p>\n","protected":false},"excerpt":{"rendered":"<p>Am vergangenen Wochenende fand unser erstes Sommerfest statt und es war ein wahnsinnger Erfolg! Bei strahlendem Sonnenschein und bester Laune versammelten sich Gro\u00df und Klein auf unserem sommerlich geschm\u00fcckten Schulhof, um gemeinsam einen unvergesslichen Tag zu erleben. Schon zu Beginn lockten erfrischende Getr\u00e4nke und ein reichhaltiges Angebot an Speisen die Besucher an. Von Gegrilltem, Salaten [&hellip;]<\/p>\n","protected":false},"author":9193020,"featured_media":0,"parent":0,"menu_order":0,"comment_status":"closed","ping_status":"closed","template":"","meta":{"footnotes":""},"class_list":["post-2404","page","type-page","status-publish","hentry"],"_links":{"self":[{"href":"https:\/\/wordpress.nibis.de\/rsgebhardshagen\/wp-json\/wp\/v2\/pages\/2404","targetHints":{"allow":["GET"]}}],"collection":[{"href":"https:\/\/wordpress.nibis.de\/rsgebhardshagen\/wp-json\/wp\/v2\/pages"}],"about":[{"href":"https:\/\/wordpress.nibis.de\/rsgebhardshagen\/wp-json\/wp\/v2\/types\/page"}],"author":[{"embeddable":true,"href":"https:\/\/wordpress.nibis.de\/rsgebhardshagen\/wp-json\/wp\/v2\/users\/9193020"}],"replies":[{"embeddable":true,"href":"https:\/\/wordpress.nibis.de\/rsgebhardshagen\/wp-json\/wp\/v2\/comments?post=2404"}],"version-history":[{"count":8,"href":"https:\/\/wordpress.nibis.de\/rsgebhardshagen\/wp-json\/wp\/v2\/pages\/2404\/revisions"}],"predecessor-version":[{"id":2420,"href":"https:\/\/wordpress.nibis.de\/rsgebhardshagen\/wp-json\/wp\/v2\/pages\/2404\/revisions\/2420"}],"wp:attachment":[{"href":"https:\/\/wordpress.nibis.de\/rsgebhardshagen\/wp-json\/wp\/v2\/media?parent=2404"}],"curies":[{"name":"wp","href":"https:\/\/api.w.org\/{rel}","templated":true}]}}