{"id":2481,"date":"2025-06-16T16:17:07","date_gmt":"2025-06-16T14:17:07","guid":{"rendered":"https:\/\/wordpress.nibis.de\/rsgebhardshagen\/?page_id=2481"},"modified":"2025-08-27T10:50:31","modified_gmt":"2025-08-27T08:50:31","slug":"unsere-schulsozialarbeiterin","status":"publish","type":"page","link":"https:\/\/wordpress.nibis.de\/rsgebhardshagen\/unsere-schulsozialarbeiterin\/","title":{"rendered":"Unsere Schulsozialarbeiterin"},"content":{"rendered":"\n<p><strong>Liebe Sch\u00fcler:innen, liebe Eltern und Erziehungsberechtigte,<\/strong><\/p>\n\n\n\n<p>mein Name ist <strong>Julia H\u00fcffmeyer<\/strong> und seit M\u00e4rz 2025 bin ich die neue Schulsozialarbeiterin f\u00fcr die Realschule Gebhardshagen. Ich bin staatlich anerkannte Sozialarbeiterin und habe mehrj\u00e4hrige Berufserfahrung in den Bereichen der station\u00e4ren Jugendhilfe sowie der Gewaltberatung f\u00fcr Kinder und Jugendliche.<\/p>\n\n\n\n<figure class=\"wp-block-image size-full\"><img loading=\"lazy\" decoding=\"async\" width=\"627\" height=\"945\" src=\"https:\/\/wordpress.nibis.de\/rsgebhardshagen\/files\/2025\/08\/jouloes.jpg\" alt=\"\" class=\"wp-image-2495\" srcset=\"https:\/\/wordpress.nibis.de\/rsgebhardshagen\/files\/2025\/08\/jouloes.jpg 627w, https:\/\/wordpress.nibis.de\/rsgebhardshagen\/files\/2025\/08\/jouloes-199x300.jpg 199w\" sizes=\"auto, (max-width: 627px) 100vw, 627px\" \/><\/figure>\n\n\n\n<p>Das Angebot:<\/p>\n\n\n\n<p><strong>Beratung f\u00fcr Sch\u00fcler:innen<\/strong><\/p>\n\n\n\n<p>Die <a href=\"https:\/\/wordpress.nibis.de\/rsgebhardshagen\/files\/2025\/06\/IMG_6731.jpeg\"><strong>Schulsozialarbeit<\/strong><\/a> ist ein fester Bestandteil unseres schulischen Alltags und versteht sich als neutrale und vertrauliche Anlaufstelle f\u00fcr alle Sch\u00fcler:innen, Erziehungsberechtigte, Eltern sowie Lehrkr\u00e4fte. Mein Ziel ist es, junge Menschen in ihrer pers\u00f6nlichen, sozialen und schulischen Entwicklung zu unterst\u00fctzen, Konflikte gemeinsam zu l\u00f6sen und Chancengleichheit zu f\u00f6rdern.<\/p>\n\n\n\n<p>Bei schulischen, famili\u00e4ren oder pers\u00f6nlichen Problemen bin ich f\u00fcr euch da \u2013 vertraulich, freiwillig und ohne Bewertung.<\/p>\n\n\n\n<p><strong>Unterst\u00fctzung f\u00fcr Eltern und Erziehungsberechtigte<\/strong><\/p>\n\n\n\n<p>Sie machen sich Sorgen um Ihr Kind oder haben Fragen zum Schulalltag? Sie verstehen Ihr Kind nicht (mehr) und w\u00fcnschen sich ein Gespr\u00e4ch dazu? Ich berate Sie gerne und helfe ggf. bei der Kontaktherstellung zu weiteren Hilfen.<\/p>\n\n\n\n<p><strong>Kooperation mit Lehrkr\u00e4ften<\/strong><\/p>\n\n\n\n<p>Ich arbeite eng mit dem Kollegium zusammen, um ein f\u00f6rderliches Lern- und Schulklima zu gestalten. Bei Bedarf biete ich Unterst\u00fctzung im Umgang mit herausfordernden Situationen in der Klasse an.<\/p>\n\n\n\n<p><strong>Soziale Gruppenarbeit &amp; Pr\u00e4vention<\/strong><\/p>\n\n\n\n<p>Ich organisiere Angebote zur F\u00f6rderung von Teamf\u00e4higkeit, Konfliktl\u00f6sung, Gewaltpr\u00e4vention und mehr. Ziel ist es, soziale Kompetenzen zu st\u00e4rken und Gemeinschaft erlebbar zu machen.<\/p>\n\n\n\n<p>Die Schulsozialarbeit ist ein freiwilliges Angebot und unterliegt der Schweigepflicht.<\/p>\n\n\n\n<p>Ich freue mich sehr, wenn Sie mit Ihren Themen, Anregungen und W\u00fcnschen auf mich zukommen. \u00dcber eine angenehme Zusammenarbeit freue ich mich sehr.<\/p>\n\n\n\n<p>Beste Gr\u00fc\u00dfe<\/p>\n\n\n\n<p>Julia H\u00fcffmeyer<\/p>\n\n\n\n<p>Erreichbarkeit:<\/p>\n\n\n\n<p>\ud83d\udccd Raum: Pavillon, 03.00.06<\/p>\n\n\n\n<p>\ud83d\udcde Telefon: 0160 8808933<\/p>\n\n\n\n<p>\ud83d\udce7 E-Mail: &#106;u&#x6c;i&#x61;&#46;&#x68;u&#x65;&#102;&#x66;&#109;&#x65;&#121;&#x65;&#114;&#64;&#114;s&#x67;-&#x73;z&#x2e;&#100;&#x65;<\/p>\n\n\n\n<p>\ud83d\udd53 Sprechzeiten: Montag &#8211; Donnerstag 8:00 -13:30 Uhr, oder nach Vereinbarung<\/p>\n","protected":false},"excerpt":{"rendered":"<p>Liebe Sch\u00fcler:innen, liebe Eltern und Erziehungsberechtigte, mein Name ist Julia H\u00fcffmeyer und seit M\u00e4rz 2025 bin ich die neue Schulsozialarbeiterin f\u00fcr die Realschule Gebhardshagen. Ich bin staatlich anerkannte Sozialarbeiterin und habe mehrj\u00e4hrige Berufserfahrung in den Bereichen der station\u00e4ren Jugendhilfe sowie der Gewaltberatung f\u00fcr Kinder und Jugendliche. Das Angebot: Beratung f\u00fcr Sch\u00fcler:innen Die Schulsozialarbeit ist ein [&hellip;]<\/p>\n","protected":false},"author":9193020,"featured_media":0,"parent":0,"menu_order":0,"comment_status":"closed","ping_status":"closed","template":"","meta":{"footnotes":""},"class_list":["post-2481","page","type-page","status-publish","hentry"],"_links":{"self":[{"href":"https:\/\/wordpress.nibis.de\/rsgebhardshagen\/wp-json\/wp\/v2\/pages\/2481","targetHints":{"allow":["GET"]}}],"collection":[{"href":"https:\/\/wordpress.nibis.de\/rsgebhardshagen\/wp-json\/wp\/v2\/pages"}],"about":[{"href":"https:\/\/wordpress.nibis.de\/rsgebhardshagen\/wp-json\/wp\/v2\/types\/page"}],"author":[{"embeddable":true,"href":"https:\/\/wordpress.nibis.de\/rsgebhardshagen\/wp-json\/wp\/v2\/users\/9193020"}],"replies":[{"embeddable":true,"href":"https:\/\/wordpress.nibis.de\/rsgebhardshagen\/wp-json\/wp\/v2\/comments?post=2481"}],"version-history":[{"count":5,"href":"https:\/\/wordpress.nibis.de\/rsgebhardshagen\/wp-json\/wp\/v2\/pages\/2481\/revisions"}],"predecessor-version":[{"id":2496,"href":"https:\/\/wordpress.nibis.de\/rsgebhardshagen\/wp-json\/wp\/v2\/pages\/2481\/revisions\/2496"}],"wp:attachment":[{"href":"https:\/\/wordpress.nibis.de\/rsgebhardshagen\/wp-json\/wp\/v2\/media?parent=2481"}],"curies":[{"name":"wp","href":"https:\/\/api.w.org\/{rel}","templated":true}]}}