{"id":297,"date":"2019-03-08T09:15:38","date_gmt":"2019-03-08T08:15:38","guid":{"rendered":"https:\/\/wordpress.nibis.de\/rsgebhardshagen\/?page_id=297"},"modified":"2019-03-14T19:20:41","modified_gmt":"2019-03-14T18:20:41","slug":"praktikumsmesse-an-der-rsg","status":"publish","type":"page","link":"https:\/\/wordpress.nibis.de\/rsgebhardshagen\/praktikumsmesse-an-der-rsg\/","title":{"rendered":"Praktikumsmesse an der RSG"},"content":{"rendered":"\n<div class=\"wp-block-image\"><figure class=\"aligncenter\"><img loading=\"lazy\" decoding=\"async\" width=\"128\" height=\"128\" src=\"https:\/\/wordpress.nibis.de\/rsgebhardshagen\/files\/2019\/03\/Alstom-Plakat.jpg-1.png\" alt=\"\" class=\"wp-image-626\" \/><\/figure><\/div>\n\n\n\n<p>Im Rahmen des Wirtschaftsunterrichts im Jahr 2016 hatten die ehemaligen Betriebspraktikanten aller 10. Klassen die anspruchsvolle Aufgabe, unseren zuk\u00fcnftigen Praktikanten der 9. Klassen ihre einzelnen <strong>Praxiserfahrungen<\/strong> im Berufsalltag zu vermitteln.<\/p>\n<p>Dies war zuerst eine wirklich schwierige Aufgabe, denn die 10. Kl\u00e4ssler mussten sich darauf vorbereiten, nun selbst einmal in die Rolle eines Lehrers zu schl\u00fcpfen, um ihr Wissen, ihre Erfahrungen und ihre Tipps gut vermitteln zu k\u00f6nnen.<\/p>\n<p>Es wurden Plakate angefertigt, Informationsst\u00e4nde gestaltet, Handouts vorbereitet und flei\u00dfig ge\u00fcbt, wie man sein Wissen informativ und kurzweilig vermitteln kann.<\/p>\n<p>Und dann herrschte in der Aula ein positiver\u00a0<strong>Ausnahmezustand<\/strong>.<\/p>\n<p>Die 9. Kl\u00e4ssler besuchten mit ihrem Laufzettel, auf denen sie die unterschiedlichsten Informationen zu den Praktikumsberufen und den Betrieben zusammen tragen mussten, unsere interne Praktikumsmesse.<\/p>\n<p>Die 10. Kl\u00e4ssler\u00a0konnten, trotz einiger Aufregung, viele spannende und informative Details vermitteln und \u00fcbten, &#8222;ganz nebenbei&#8220;, <strong>das freie Sprechen<\/strong> vor Zuh\u00f6rern. Das wird ihnen sicherlich auch bei den bald anstehenden m\u00fcndlichen Pr\u00fcfungen helfen.<\/p>\n<p>Die 9. Kl\u00e4ssler profitierten von den Erfahrungen der &#8222;Gro\u00dfen&#8220;, So best\u00e4tigte sich der ein oder andere <strong>Praktikumswunsch<\/strong> oder wurde wieder verworfen.<\/p>\n<p>Im Anschluss konnten sie direkt mit dem <strong>Berufsberater<\/strong> sprechen, der an diesem Tag nur f\u00fcr unsere 9. Kl\u00e4ssler zur Verf\u00fcgung stand.<\/p>\n","protected":false},"excerpt":{"rendered":"<p>Im Rahmen des Wirtschaftsunterrichts im Jahr 2016 hatten die ehemaligen Betriebspraktikanten aller 10. Klassen die anspruchsvolle Aufgabe, unseren zuk\u00fcnftigen Praktikanten der 9. Klassen ihre einzelnen Praxiserfahrungen im Berufsalltag zu vermitteln. Dies war zuerst eine wirklich schwierige Aufgabe, denn die 10. Kl\u00e4ssler mussten sich darauf vorbereiten, nun selbst einmal in die Rolle eines Lehrers zu schl\u00fcpfen, [&hellip;]<\/p>\n","protected":false},"author":9193020,"featured_media":0,"parent":0,"menu_order":0,"comment_status":"closed","ping_status":"closed","template":"","meta":{"footnotes":""},"class_list":["post-297","page","type-page","status-publish","hentry"],"_links":{"self":[{"href":"https:\/\/wordpress.nibis.de\/rsgebhardshagen\/wp-json\/wp\/v2\/pages\/297","targetHints":{"allow":["GET"]}}],"collection":[{"href":"https:\/\/wordpress.nibis.de\/rsgebhardshagen\/wp-json\/wp\/v2\/pages"}],"about":[{"href":"https:\/\/wordpress.nibis.de\/rsgebhardshagen\/wp-json\/wp\/v2\/types\/page"}],"author":[{"embeddable":true,"href":"https:\/\/wordpress.nibis.de\/rsgebhardshagen\/wp-json\/wp\/v2\/users\/9193020"}],"replies":[{"embeddable":true,"href":"https:\/\/wordpress.nibis.de\/rsgebhardshagen\/wp-json\/wp\/v2\/comments?post=297"}],"version-history":[{"count":3,"href":"https:\/\/wordpress.nibis.de\/rsgebhardshagen\/wp-json\/wp\/v2\/pages\/297\/revisions"}],"predecessor-version":[{"id":630,"href":"https:\/\/wordpress.nibis.de\/rsgebhardshagen\/wp-json\/wp\/v2\/pages\/297\/revisions\/630"}],"wp:attachment":[{"href":"https:\/\/wordpress.nibis.de\/rsgebhardshagen\/wp-json\/wp\/v2\/media?parent=297"}],"curies":[{"name":"wp","href":"https:\/\/api.w.org\/{rel}","templated":true}]}}