{"id":300,"date":"2019-03-08T09:21:15","date_gmt":"2019-03-08T08:21:15","guid":{"rendered":"https:\/\/wordpress.nibis.de\/rsgebhardshagen\/?page_id=300"},"modified":"2020-09-15T14:16:20","modified_gmt":"2020-09-15T12:16:20","slug":"gsw-geschichte-erdkunde-politik","status":"publish","type":"page","link":"https:\/\/wordpress.nibis.de\/rsgebhardshagen\/gsw-geschichte-erdkunde-politik\/","title":{"rendered":"GSW (Geschichte, Erdkunde, Politik)"},"content":{"rendered":"\n<figure class=\"wp-block-gallery columns-3 is-cropped wp-block-gallery-1 is-layout-flex wp-block-gallery-is-layout-flex\"><ul class=\"blocks-gallery-grid\"><li class=\"blocks-gallery-item\"><figure><img loading=\"lazy\" decoding=\"async\" width=\"510\" height=\"340\" src=\"https:\/\/wordpress.nibis.de\/rsgebhardshagen\/files\/2020\/09\/knight-2565957__340.jpg\" alt=\"\" data-id=\"1638\" data-link=\"https:\/\/wordpress.nibis.de\/rsgebhardshagen\/gsw-geschichte-erdkunde-politik\/knight-2565957__340\/\" class=\"wp-image-1638\" srcset=\"https:\/\/wordpress.nibis.de\/rsgebhardshagen\/files\/2020\/09\/knight-2565957__340.jpg 510w, https:\/\/wordpress.nibis.de\/rsgebhardshagen\/files\/2020\/09\/knight-2565957__340-300x200.jpg 300w\" sizes=\"auto, (max-width: 510px) 100vw, 510px\" \/><\/figure><\/li><li class=\"blocks-gallery-item\"><figure><img loading=\"lazy\" decoding=\"async\" width=\"906\" height=\"340\" src=\"https:\/\/wordpress.nibis.de\/rsgebhardshagen\/files\/2020\/09\/pyramids-2371501__340.jpg\" alt=\"\" data-id=\"1639\" data-link=\"https:\/\/wordpress.nibis.de\/rsgebhardshagen\/gsw-geschichte-erdkunde-politik\/pyramids-2371501__340\/\" class=\"wp-image-1639\" srcset=\"https:\/\/wordpress.nibis.de\/rsgebhardshagen\/files\/2020\/09\/pyramids-2371501__340.jpg 906w, https:\/\/wordpress.nibis.de\/rsgebhardshagen\/files\/2020\/09\/pyramids-2371501__340-300x113.jpg 300w, https:\/\/wordpress.nibis.de\/rsgebhardshagen\/files\/2020\/09\/pyramids-2371501__340-768x288.jpg 768w\" sizes=\"auto, (max-width: 906px) 100vw, 906px\" \/><\/figure><\/li><li class=\"blocks-gallery-item\"><figure><img loading=\"lazy\" decoding=\"async\" width=\"511\" height=\"340\" src=\"https:\/\/wordpress.nibis.de\/rsgebhardshagen\/files\/2020\/09\/parthenon-4396367__340.jpg\" alt=\"\" data-id=\"1640\" data-full-url=\"https:\/\/wordpress.nibis.de\/rsgebhardshagen\/files\/2020\/09\/parthenon-4396367__340.jpg\" data-link=\"https:\/\/wordpress.nibis.de\/rsgebhardshagen\/gsw-geschichte-erdkunde-politik\/parthenon-4396367__340\/\" class=\"wp-image-1640\" srcset=\"https:\/\/wordpress.nibis.de\/rsgebhardshagen\/files\/2020\/09\/parthenon-4396367__340.jpg 511w, https:\/\/wordpress.nibis.de\/rsgebhardshagen\/files\/2020\/09\/parthenon-4396367__340-300x200.jpg 300w\" sizes=\"auto, (max-width: 511px) 100vw, 511px\" \/><\/figure><\/li><\/ul><\/figure>\n\n\n<p>Dem Fachbereich GSW sind die F\u00e4cher Geschichte, Erdkunde und Politik zugeordnet.<\/p>\n<p>Das Fundament unseres Unterrichts ist der intern erarbeitete schuleigene <span style=\"color: #ff0777\"><strong>Arbeitsplan<\/strong><\/span>, der regelm\u00e4\u00dfig \u00fcberpr\u00fcft, \u00fcberarbeitet und erg\u00e4nzt wird und sich nach dem zentralen <span style=\"color: #ff0777\"><strong>Kerncurriculum<\/strong><\/span> des Landes Niedersachsen richtet.<\/p>\n<p>Zuletzt wurde der schuleigene Arbeitsplan f\u00fcr das Fach Politik \u00fcberarbeitet, der im Schuljahr 2017\/18 in Kraft trat.<\/p>\n<p>Wir als Fachbereich sind bem\u00fcht, den Unterricht z.B. durch Museums- oder Kinobesuche interessant und motivierend zu gestalten.<\/p>\n<p>So haben z.B. Ende Januar 2015 alle 10. Klassen den Kinofilm<span style=\"color: #ff0777\"><strong> \u201eIm Labyrinth des Schweigens\u201c<\/strong> <\/span>gesehen, der die Aufarbeitung der NS-Vergangenheit in Deutschland thematisiert.<\/p>\n<p>Im Schuljahr 2017\/18 hatten wir eine <span style=\"color: #ff0777\"><strong>szenische Lesung zu den &#8222;Eichmann-Protokollen&#8220;<\/strong><\/span>, die den 9.- und 10.-Kl\u00e4sslern eindrucksvoll die Tragweite der nationalsozialistischen Vernichtungspolitik deutlich machte, die zu gro\u00dfen Teilen von einzelnen Personen vorangetrieben wurde. Zudem haben wir in einem <span style=\"color: #ff0777\"><strong>Projekt mit dem St\u00e4dtischen Museum Schloss Salder<\/strong><\/span> im Februar 2018 eine Zeitzeugenbefragung zum Leben im Nationalsozialismus durchgef\u00fchrt. Das hierbei entstandene Videomaterial wird momentan so zugeschnitten, dass einzelne Ausschnitte in die Ausstellung &#8222;Die neue Stadt&#8220; im St\u00e4dtischen Museum Schloss Salder integriert werden k\u00f6nnen.<\/p>\n<p>Eine ganz besondere Einrichtung ist der in den Schuljahren 2017\/18 und 2018\/19 bestehende <span style=\"color: #ff0777\"><strong>WPK &#8222;Geschichte(n) im Museum von Sch\u00fclern f\u00fcr Sch\u00fcler&#8220;<\/strong><\/span>. Hier haben wir einige QR-Codes f\u00fcr die Ausstellung &#8222;Die neue Stadt&#8220; im St\u00e4dtischen Museum Schloss Salder erarbeitet. (Den Link zur Seite der Stadt Salzgitter, auf der \u00fcber unseren WPK berichtet wird, finden Sie <span style=\"color: #007777\"><strong>\u21d2<a style=\"color: #007777\" href=\"https:\/\/www.salzgitter.de\/kultur\/museum\/MuseumSchueler.php\">hier<\/a>.<\/strong><\/span>)<\/p>\n<p>Im Rahmen verschiedener Projekte haben wir <span style=\"color: #ff0777\"><strong>Zeitzeugenbefragungen<\/strong><\/span> zum Leben im Nationalsozialismus durchgef\u00fchrt, an der Sch\u00fcler der 9. und 10. Klassen teilgenommen haben. Einen gro\u00dfen Dank an dieser Stelle an Herrn Edo L\u00fcbben, Herrn Siegfried Dowald und Herrn Bruno Bittner f\u00fcr Ihre Bereitschaft, ihre Geschichte zu erz\u00e4hlen!<\/p>\n<p>Au\u00dferdem fand am 24.04.2019 f\u00fcr die Klassen 7-10 eine beeindruckende, medial unterst\u00fctzte Lesung des <span style=\"color: #ff0777\"><strong>Tagebuchs der Anne Frank<\/strong><\/span> statt.<\/p>\n<p>Auch in diesem Schuljahr gibt es wieder einen ganz besonderen Wahlpflichtkurs Geschichte. Hier arbeiten Sechstkl\u00e4ssler an den historischen Hintergr\u00fcnden f\u00fcr die Ausstellung &#8222;<strong><span style=\"color: #ff0777\">Playmobil Spielgeschichten<\/span><\/strong>&#8222;, die vom 22.03.2020 bis 01.06.2020 im St\u00e4dtischen Museum Schloss Salder zu sehen ist.<\/p>\n<p><\/p>\n\n","protected":false},"excerpt":{"rendered":"<p>Dem Fachbereich GSW sind die F\u00e4cher Geschichte, Erdkunde und Politik zugeordnet. Das Fundament unseres Unterrichts ist der intern erarbeitete schuleigene Arbeitsplan, der regelm\u00e4\u00dfig \u00fcberpr\u00fcft, \u00fcberarbeitet und erg\u00e4nzt wird und sich nach dem zentralen Kerncurriculum des Landes Niedersachsen richtet. Zuletzt wurde der schuleigene Arbeitsplan f\u00fcr das Fach Politik \u00fcberarbeitet, der im Schuljahr 2017\/18 in Kraft trat. [&hellip;]<\/p>\n","protected":false},"author":9193020,"featured_media":0,"parent":0,"menu_order":0,"comment_status":"closed","ping_status":"closed","template":"","meta":{"footnotes":""},"class_list":["post-300","page","type-page","status-publish","hentry"],"_links":{"self":[{"href":"https:\/\/wordpress.nibis.de\/rsgebhardshagen\/wp-json\/wp\/v2\/pages\/300","targetHints":{"allow":["GET"]}}],"collection":[{"href":"https:\/\/wordpress.nibis.de\/rsgebhardshagen\/wp-json\/wp\/v2\/pages"}],"about":[{"href":"https:\/\/wordpress.nibis.de\/rsgebhardshagen\/wp-json\/wp\/v2\/types\/page"}],"author":[{"embeddable":true,"href":"https:\/\/wordpress.nibis.de\/rsgebhardshagen\/wp-json\/wp\/v2\/users\/9193020"}],"replies":[{"embeddable":true,"href":"https:\/\/wordpress.nibis.de\/rsgebhardshagen\/wp-json\/wp\/v2\/comments?post=300"}],"version-history":[{"count":11,"href":"https:\/\/wordpress.nibis.de\/rsgebhardshagen\/wp-json\/wp\/v2\/pages\/300\/revisions"}],"predecessor-version":[{"id":1642,"href":"https:\/\/wordpress.nibis.de\/rsgebhardshagen\/wp-json\/wp\/v2\/pages\/300\/revisions\/1642"}],"wp:attachment":[{"href":"https:\/\/wordpress.nibis.de\/rsgebhardshagen\/wp-json\/wp\/v2\/media?parent=300"}],"curies":[{"name":"wp","href":"https:\/\/api.w.org\/{rel}","templated":true}]}}

<figure class="wp-block-gallery columns-3 is-cropped wp-block-gallery-1 is-layout-flex wp-block-gallery-is-layout-flex"><ul class="blocks-gallery-grid"><li class="blocks-gallery-item"><figure><img loading="lazy" decoding="async" width="510" height="340" src="https://wordpress.nibis.de/rsgebhardshagen/files/2020/09/knight-2565957__340.jpg" alt="" data-id="1638" data-link="https://wordpress.nibis.de/rsgebhardshagen/gsw-geschichte-erdkunde-politik/knight-2565957__340/" class="wp-image-1638" srcset="https://wordpress.nibis.de/rsgebhardshagen/files/2020/09/knight-2565957__340.jpg 510w, https://wordpress.nibis.de/rsgebhardshagen/files/2020/09/knight-2565957__340-300x200.jpg 300w" sizes="auto, (max-width: 510px) 100vw, 510px" /></figure></li><li class="blocks-gallery-item"><figure><img loading="lazy" decoding="async" width="906" height="340" src="https://wordpress.nibis.de/rsgebhardshagen/files/2020/09/pyramids-2371501__340.jpg" alt="" data-id="1639" data-link="https://wordpress.nibis.de/rsgebhardshagen/gsw-geschichte-erdkunde-politik/pyramids-2371501__340/" class="wp-image-1639" srcset="https://wordpress.nibis.de/rsgebhardshagen/files/2020/09/pyramids-2371501__340.jpg 906w, https://wordpress.nibis.de/rsgebhardshagen/files/2020/09/pyramids-2371501__340-300x113.jpg 300w, https://wordpress.nibis.de/rsgebhardshagen/files/2020/09/pyramids-2371501__340-768x288.jpg 768w" sizes="auto, (max-width: 906px) 100vw, 906px" /></figure></li><li class="blocks-gallery-item"><figure><img loading="lazy" decoding="async" width="511" height="340" src="https://wordpress.nibis.de/rsgebhardshagen/files/2020/09/parthenon-4396367__340.jpg" alt="" data-id="1640" data-full-url="https://wordpress.nibis.de/rsgebhardshagen/files/2020/09/parthenon-4396367__340.jpg" data-link="https://wordpress.nibis.de/rsgebhardshagen/gsw-geschichte-erdkunde-politik/parthenon-4396367__340/" class="wp-image-1640" srcset="https://wordpress.nibis.de/rsgebhardshagen/files/2020/09/parthenon-4396367__340.jpg 511w, https://wordpress.nibis.de/rsgebhardshagen/files/2020/09/parthenon-4396367__340-300x200.jpg 300w" sizes="auto, (max-width: 511px) 100vw, 511px" /></figure></li></ul></figure>


<p>Dem Fachbereich GSW sind die Fächer Geschichte, Erdkunde und Politik zugeordnet.</p>
<p>Das Fundament unseres Unterrichts ist der intern erarbeitete schuleigene <span style="color: #ff0777"><strong>Arbeitsplan</strong></span>, der regelmäßig überprüft, überarbeitet und ergänzt wird und sich nach dem zentralen <span style="color: #ff0777"><strong>Kerncurriculum</strong></span> des Landes Niedersachsen richtet.</p>
<p>Zuletzt wurde der schuleigene Arbeitsplan für das Fach Politik überarbeitet, der im Schuljahr 2017/18 in Kraft trat.</p>
<p>Wir als Fachbereich sind bemüht, den Unterricht z.B. durch Museums- oder Kinobesuche interessant und motivierend zu gestalten.</p>
<p>So haben z.B. Ende Januar 2015 alle 10. Klassen den Kinofilm<span style="color: #ff0777"><strong> „Im Labyrinth des Schweigens“</strong> </span>gesehen, der die Aufarbeitung der NS-Vergangenheit in Deutschland thematisiert.</p>
<p>Im Schuljahr 2017/18 hatten wir eine <span style="color: #ff0777"><strong>szenische Lesung zu den &#8222;Eichmann-Protokollen&#8220;</strong></span>, die den 9.- und 10.-Klässlern eindrucksvoll die Tragweite der nationalsozialistischen Vernichtungspolitik deutlich machte, die zu großen Teilen von einzelnen Personen vorangetrieben wurde. Zudem haben wir in einem <span style="color: #ff0777"><strong>Projekt mit dem Städtischen Museum Schloss Salder</strong></span> im Februar 2018 eine Zeitzeugenbefragung zum Leben im Nationalsozialismus durchgeführt. Das hierbei entstandene Videomaterial wird momentan so zugeschnitten, dass einzelne Ausschnitte in die Ausstellung &#8222;Die neue Stadt&#8220; im Städtischen Museum Schloss Salder integriert werden können.</p>
<p>Eine ganz besondere Einrichtung ist der in den Schuljahren 2017/18 und 2018/19 bestehende <span style="color: #ff0777"><strong>WPK &#8222;Geschichte(n) im Museum von Schülern für Schüler&#8220;</strong></span>. Hier haben wir einige QR-Codes für die Ausstellung &#8222;Die neue Stadt&#8220; im Städtischen Museum Schloss Salder erarbeitet. (Den Link zur Seite der Stadt Salzgitter, auf der über unseren WPK berichtet wird, finden Sie <span style="color: #007777"><strong>⇒<a style="color: #007777" href="https://www.salzgitter.de/kultur/museum/MuseumSchueler.php">hier</a>.</strong></span>)</p>
<p>Im Rahmen verschiedener Projekte haben wir <span style="color: #ff0777"><strong>Zeitzeugenbefragungen</strong></span> zum Leben im Nationalsozialismus durchgeführt, an der Schüler der 9. und 10. Klassen teilgenommen haben. Einen großen Dank an dieser Stelle an Herrn Edo Lübben, Herrn Siegfried Dowald und Herrn Bruno Bittner für Ihre Bereitschaft, ihre Geschichte zu erzählen!</p>
<p>Außerdem fand am 24.04.2019 für die Klassen 7-10 eine beeindruckende, medial unterstützte Lesung des <span style="color: #ff0777"><strong>Tagebuchs der Anne Frank</strong></span> statt.</p>
<p>Auch in diesem Schuljahr gibt es wieder einen ganz besonderen Wahlpflichtkurs Geschichte. Hier arbeiten Sechstklässler an den historischen Hintergründen für die Ausstellung &#8222;<strong><span style="color: #ff0777">Playmobil Spielgeschichten</span></strong>&#8222;, die vom 22.03.2020 bis 01.06.2020 im Städtischen Museum Schloss Salder zu sehen ist.</p>
<p></p>

<p>Dem Fachbereich GSW sind die Fächer Geschichte, Erdkunde und Politik zugeordnet. Das Fundament unseres Unterrichts ist der intern erarbeitete schuleigene Arbeitsplan, der regelmäßig überprüft, überarbeitet und ergänzt wird und sich nach dem zentralen Kerncurriculum des Landes Niedersachsen richtet. Zuletzt wurde der schuleigene Arbeitsplan für das Fach Politik überarbeitet, der im Schuljahr 2017/18 in Kraft trat. [&hellip;]</p>
