{"id":303,"date":"2019-03-08T09:22:36","date_gmt":"2019-03-08T08:22:36","guid":{"rendered":"https:\/\/wordpress.nibis.de\/rsgebhardshagen\/?page_id=303"},"modified":"2020-09-15T14:00:29","modified_gmt":"2020-09-15T12:00:29","slug":"die-fachbereiche-stellen-sich-vor","status":"publish","type":"page","link":"https:\/\/wordpress.nibis.de\/rsgebhardshagen\/die-fachbereiche-stellen-sich-vor\/","title":{"rendered":"Die Fachbereiche stellen sich vor!"},"content":{"rendered":"<p>An der RSG werdet ihr in vielen verschiedenen <span style=\"color: #ff0777\"><strong>F<\/strong><strong>\u00e4c<\/strong><strong>hern<\/strong><\/span> von den unterschiedlichsten <strong><span style=\"color: #ff0777\">Lehrkr\u00e4ften<\/span><\/strong> unterrichtet. Einige F\u00e4cher kennt ihr bestimmt von eurer &#8222;alten&#8220; Schule, andere Bereiche werdet ihr im Lauf der n\u00e4chsten Jahre kennenlernen. Die n\u00e4chsten Seiten sollen euch helfen, damit ihr euch ein wenig besser zurecht findet.\u00a0Viel Spa\u00df beim <span style=\"color: #ff0777\"><strong>Entdecken<\/strong><\/span>.<\/p>\n\n\n<p><\/p>\n\n\n\n<div class=\"wp-block-image\"><figure class=\"alignright size-large\"><img loading=\"lazy\" decoding=\"async\" width=\"340\" height=\"340\" src=\"https:\/\/wordpress.nibis.de\/rsgebhardshagen\/files\/2020\/09\/magnifying-glass-1020141__340.jpg\" alt=\"\" class=\"wp-image-1630\" srcset=\"https:\/\/wordpress.nibis.de\/rsgebhardshagen\/files\/2020\/09\/magnifying-glass-1020141__340.jpg 340w, https:\/\/wordpress.nibis.de\/rsgebhardshagen\/files\/2020\/09\/magnifying-glass-1020141__340-300x300.jpg 300w, https:\/\/wordpress.nibis.de\/rsgebhardshagen\/files\/2020\/09\/magnifying-glass-1020141__340-150x150.jpg 150w, https:\/\/wordpress.nibis.de\/rsgebhardshagen\/files\/2020\/09\/magnifying-glass-1020141__340-80x80.jpg 80w, https:\/\/wordpress.nibis.de\/rsgebhardshagen\/files\/2020\/09\/magnifying-glass-1020141__340-320x320.jpg 320w\" sizes=\"auto, (max-width: 340px) 100vw, 340px\" \/><\/figure><\/div>\n\n\n","protected":false},"excerpt":{"rendered":"<p>An der RSG werdet ihr in vielen verschiedenen F\u00e4chern von den unterschiedlichsten Lehrkr\u00e4ften unterrichtet. Einige F\u00e4cher kennt ihr bestimmt von eurer &#8222;alten&#8220; Schule, andere Bereiche werdet ihr im Lauf der n\u00e4chsten Jahre kennenlernen. Die n\u00e4chsten Seiten sollen euch helfen, damit ihr euch ein wenig besser zurecht findet.\u00a0Viel Spa\u00df beim Entdecken.<\/p>\n","protected":false},"author":9193020,"featured_media":0,"parent":0,"menu_order":0,"comment_status":"closed","ping_status":"closed","template":"","meta":{"footnotes":""},"class_list":["post-303","page","type-page","status-publish","hentry"],"_links":{"self":[{"href":"https:\/\/wordpress.nibis.de\/rsgebhardshagen\/wp-json\/wp\/v2\/pages\/303","targetHints":{"allow":["GET"]}}],"collection":[{"href":"https:\/\/wordpress.nibis.de\/rsgebhardshagen\/wp-json\/wp\/v2\/pages"}],"about":[{"href":"https:\/\/wordpress.nibis.de\/rsgebhardshagen\/wp-json\/wp\/v2\/types\/page"}],"author":[{"embeddable":true,"href":"https:\/\/wordpress.nibis.de\/rsgebhardshagen\/wp-json\/wp\/v2\/users\/9193020"}],"replies":[{"embeddable":true,"href":"https:\/\/wordpress.nibis.de\/rsgebhardshagen\/wp-json\/wp\/v2\/comments?post=303"}],"version-history":[{"count":2,"href":"https:\/\/wordpress.nibis.de\/rsgebhardshagen\/wp-json\/wp\/v2\/pages\/303\/revisions"}],"predecessor-version":[{"id":1631,"href":"https:\/\/wordpress.nibis.de\/rsgebhardshagen\/wp-json\/wp\/v2\/pages\/303\/revisions\/1631"}],"wp:attachment":[{"href":"https:\/\/wordpress.nibis.de\/rsgebhardshagen\/wp-json\/wp\/v2\/media?parent=303"}],"curies":[{"name":"wp","href":"https:\/\/api.w.org\/{rel}","templated":true}]}}