{"id":324,"date":"2019-03-08T10:37:55","date_gmt":"2019-03-08T09:37:55","guid":{"rendered":"https:\/\/wordpress.nibis.de\/rsgebhardshagen\/?page_id=324"},"modified":"2020-09-21T20:39:29","modified_gmt":"2020-09-21T18:39:29","slug":"wirtschaft","status":"publish","type":"page","link":"https:\/\/wordpress.nibis.de\/rsgebhardshagen\/wirtschaft\/","title":{"rendered":"Wirtschaft"},"content":{"rendered":"<h5><span style=\"color: #ff7400\">Bei uns wird BERUFSORIENTIERUNG gro\u00df geschrieben<\/span><\/h5>\n<p>Ab der<strong><span style=\"color: #ff0777\"> 8. Klasse<\/span><\/strong> werden die Sch\u00fclerinnen und Sch\u00fcler im Fach Wirtschaft unterrichtet. Darin lernen sie nicht nur wirtschaftliche Zusammenh\u00e4nge kennen, sondern befassen sich auch ausgiebig mit der eigenen beruflichen Zukunft.<br \/>\nIm Zuge der Berufsorientierung nehmen wir am <span style=\"color: #007777\"><strong><a style=\"color: #007777\" href=\"https:\/\/wordpress.nibis.de\/rsgebhardshagen\/bona\/\">\u21d2BONA-Projekt<\/a><\/strong><\/span> teil. Das von der <span style=\"color: #ff0777\"><strong>Stadt Salzgitter <\/strong><\/span>und den <span style=\"color: #ff0777\"><strong>BIG FIVE<\/strong><\/span> (Alstom, Bosch, MAN, Salzgitter Stahl AG und Volkswagen) ins Leben gerufene Projekt soll Jugendlichen einen Zugang zu <strong><span style=\"color: #ff0777\">gewerblich-technischen<\/span><\/strong> und <span style=\"color: #ff0777\"><strong>naturwissenschaftlichen Berufen <\/strong><\/span>erm\u00f6glichen. N\u00e4here Informationen<a href=\"https:\/\/www.allianz-fuer-die-region.de\/fachkraefte\/berufsorientierung\/bona-sz\/\"><span style=\"color: #007777\"><strong> \u21d2www.allianz-fuer-die-region.de\/bona-sz.html<\/strong><\/span><\/a>.<br \/>\nAn dieser Stelle liefern wir einen kurzen Einblick in unsere Arbeit.<\/p>\n<h5><span style=\"color: #ff7400\">8. Klasse: Selbst- und Fremdeinsch\u00e4tzung der eigenen St\u00e4rken und Schw\u00e4chen<\/span><\/h5>\n<ul>\n<li>Kennenlernen des Berufswahlpasses<\/li>\n<li>Techniktage<\/li>\n<li>Experimentierkiste<\/li>\n<\/ul>\n<h5><span style=\"color: #ff7400\">9. Klasse: Feststellen der eigenen St\u00e4rken und Schw\u00e4chen durch externe Spezialisten<\/span><\/h5>\n<ul>\n<li>Besuch des Berufsparcours<\/li>\n<li>Besuch einer Ausbildungsmesse<\/li>\n<li>Besuch des BIZ (Berufsinformationszentrum in Braunschweig)<\/li>\n<li>Bewerbertraining durch externe Experten<\/li>\n<li>Dreiw\u00f6chiges Sch\u00fclerbetriebspraktikum<\/li>\n<\/ul>\n<h5><strong><span style=\"color: #ff7400\">10. Klasse: Vorbereitung auf Bewerbungsgespr\u00e4che<\/span><\/strong><\/h5>\n<ul>\n<li>Ein weiterer Schwerpunkt in der 10. Klasse ist die Vorbereitung auf ein eigenst\u00e4ndiges Leben, wozu der sichere Umgang mit Geld(instituten) und Sozialversicherungen z\u00e4hlt.<\/li>\n<\/ul>\n","protected":false},"excerpt":{"rendered":"<p>Bei uns wird BERUFSORIENTIERUNG gro\u00df geschrieben Ab der 8. Klasse werden die Sch\u00fclerinnen und Sch\u00fcler im Fach Wirtschaft unterrichtet. Darin lernen sie nicht nur wirtschaftliche Zusammenh\u00e4nge kennen, sondern befassen sich auch ausgiebig mit der eigenen beruflichen Zukunft. Im Zuge der Berufsorientierung nehmen wir am \u21d2BONA-Projekt teil. Das von der Stadt Salzgitter und den BIG FIVE [&hellip;]<\/p>\n","protected":false},"author":9193020,"featured_media":0,"parent":0,"menu_order":0,"comment_status":"closed","ping_status":"closed","template":"","meta":{"footnotes":""},"class_list":["post-324","page","type-page","status-publish","hentry"],"_links":{"self":[{"href":"https:\/\/wordpress.nibis.de\/rsgebhardshagen\/wp-json\/wp\/v2\/pages\/324","targetHints":{"allow":["GET"]}}],"collection":[{"href":"https:\/\/wordpress.nibis.de\/rsgebhardshagen\/wp-json\/wp\/v2\/pages"}],"about":[{"href":"https:\/\/wordpress.nibis.de\/rsgebhardshagen\/wp-json\/wp\/v2\/types\/page"}],"author":[{"embeddable":true,"href":"https:\/\/wordpress.nibis.de\/rsgebhardshagen\/wp-json\/wp\/v2\/users\/9193020"}],"replies":[{"embeddable":true,"href":"https:\/\/wordpress.nibis.de\/rsgebhardshagen\/wp-json\/wp\/v2\/comments?post=324"}],"version-history":[{"count":4,"href":"https:\/\/wordpress.nibis.de\/rsgebhardshagen\/wp-json\/wp\/v2\/pages\/324\/revisions"}],"predecessor-version":[{"id":1736,"href":"https:\/\/wordpress.nibis.de\/rsgebhardshagen\/wp-json\/wp\/v2\/pages\/324\/revisions\/1736"}],"wp:attachment":[{"href":"https:\/\/wordpress.nibis.de\/rsgebhardshagen\/wp-json\/wp\/v2\/media?parent=324"}],"curies":[{"name":"wp","href":"https:\/\/api.w.org\/{rel}","templated":true}]}}