{"id":338,"date":"2019-03-08T11:06:38","date_gmt":"2019-03-08T10:06:38","guid":{"rendered":"https:\/\/wordpress.nibis.de\/rsgebhardshagen\/?page_id=338"},"modified":"2019-03-08T11:06:39","modified_gmt":"2019-03-08T10:06:39","slug":"projekttage-2017","status":"publish","type":"page","link":"https:\/\/wordpress.nibis.de\/rsgebhardshagen\/projekttage-2017\/","title":{"rendered":"Projekttage 2017"},"content":{"rendered":"\n<p>Wie jedes Jahr haben wir auch in diesem Jahr unsere Projekttage, die dieses Jahr statt 3 Tage auf 5 Tage erweitert wurden. Die Angebote und Aktivit\u00e4ten werden als Workshops pr\u00e4sentiert.<\/p>\n<p>Es gibt viele Angebote und Aktivit\u00e4ten. Zur Auswahl stehen:<\/p>\n<p><span style=\"color: #ad7ede\">Gesundheit f\u00e4llt nicht vom Himmel:<\/span> Sprechen \u00fcber Wege, die zur Gesundheit und zur Krankheit f\u00fchren k\u00f6nnen.<\/p>\n<p><span style=\"color: #ad7ede\">Trommeln und Instrumentenbau<\/span> in der Schule: Es werden in der Schule cajons (trommeln) gebaut, die man verzieren und anmalen kann und die man nach der Projektwoche mit nach Hause nehmen kann.<\/p>\n<p><span style=\"color: #ad7ede\">Drogen-K\u00f6rperbewusstsein<\/span>&#8211; Ern\u00e4hrung: was sind Drogen? Bin ich zufrieden mit mir? Wie gehe ich mit Lebensmittelallergien um? Solche Fragen werden dort besprochen.<\/p>\n<p><span style=\"color: #ad7ede\">Hygiene und Gesundheit in der Geschichte<\/span>: Gab es fr\u00fcher schon Hygiene und was ist eigentlich Hygiene?<\/p>\n<p>Auf in den Kampf: Man kann den Aufbau von <span style=\"color: #ad7ede\">mittelalterlichen R\u00fcst\u00fcngen<\/span> erlernen.<\/p>\n<p>,,Du bist nicht allein!&#8220; &#8211; <span style=\"color: #ad7ede\">St\u00e4rkung des Selbsvertrauens<\/span>: Hier lernt man respektvoll und achsam miteinander umzugehen.<\/p>\n<p>Tankstelle <span style=\"color: #ad7ede\">,,Stille&#8220;<\/span>: Wir versuchen mit Ruhe und durch Stille\u00fcbungen Kreativit\u00e4t und Fantasie zu entwickeln und \u00c4ngste zu \u00fcberwinden.<\/p>\n<p>Elternpraktikum &#8211; <span style=\"color: #ad7ede\">Babysimulatoren<\/span>: eine Woche ,,Mutter\/Vater sein&#8220;.<\/p>\n<p>,,<span style=\"color: #ad7ede\">Oh Happy Day!<\/span> &#8211; Oder doch nicht so?&#8220;: \u00a0brauche ich Gl\u00fcck f\u00fcr meine Gesundheit? Bei diesem Thema arbeiten wir daran, wie man mit ein paar Tricks und Ideen etwas entspannter durch den Alltag zu kommt.<\/p>\n<p>Tanz, Turn, Akrobatik (<span style=\"color: #ad7ede\">Cheerleading<\/span>): selbstentworfene \u00dcbungen werden trainiert und amTag der offenen T\u00fcr pr\u00e4sentiert.<\/p>\n<p>\u00a0<\/p>\n<p>Auf die Projekttage freuen sich die Sch\u00fcler der Realschule Gebhardshagen jedes Jahr sehr. Es bereitet ihnen Freude, zusammen mit anderen Sch\u00fclern aus anderen Jahrg\u00e4ngen Aktivit\u00e4ten zu erleben.<\/p>\n","protected":false},"excerpt":{"rendered":"<p>Wie jedes Jahr haben wir auch in diesem Jahr unsere Projekttage, die dieses Jahr statt 3 Tage auf 5 Tage erweitert wurden. Die Angebote und Aktivit\u00e4ten werden als Workshops pr\u00e4sentiert. Es gibt viele Angebote und Aktivit\u00e4ten. Zur Auswahl stehen: Gesundheit f\u00e4llt nicht vom Himmel: Sprechen \u00fcber Wege, die zur Gesundheit und zur Krankheit f\u00fchren k\u00f6nnen. [&hellip;]<\/p>\n","protected":false},"author":9193020,"featured_media":0,"parent":0,"menu_order":0,"comment_status":"closed","ping_status":"closed","template":"","meta":{"footnotes":""},"class_list":["post-338","page","type-page","status-publish","hentry"],"_links":{"self":[{"href":"https:\/\/wordpress.nibis.de\/rsgebhardshagen\/wp-json\/wp\/v2\/pages\/338","targetHints":{"allow":["GET"]}}],"collection":[{"href":"https:\/\/wordpress.nibis.de\/rsgebhardshagen\/wp-json\/wp\/v2\/pages"}],"about":[{"href":"https:\/\/wordpress.nibis.de\/rsgebhardshagen\/wp-json\/wp\/v2\/types\/page"}],"author":[{"embeddable":true,"href":"https:\/\/wordpress.nibis.de\/rsgebhardshagen\/wp-json\/wp\/v2\/users\/9193020"}],"replies":[{"embeddable":true,"href":"https:\/\/wordpress.nibis.de\/rsgebhardshagen\/wp-json\/wp\/v2\/comments?post=338"}],"version-history":[{"count":1,"href":"https:\/\/wordpress.nibis.de\/rsgebhardshagen\/wp-json\/wp\/v2\/pages\/338\/revisions"}],"predecessor-version":[{"id":339,"href":"https:\/\/wordpress.nibis.de\/rsgebhardshagen\/wp-json\/wp\/v2\/pages\/338\/revisions\/339"}],"wp:attachment":[{"href":"https:\/\/wordpress.nibis.de\/rsgebhardshagen\/wp-json\/wp\/v2\/media?parent=338"}],"curies":[{"name":"wp","href":"https:\/\/api.w.org\/{rel}","templated":true}]}}