{"id":366,"date":"2019-03-11T11:08:39","date_gmt":"2019-03-11T10:08:39","guid":{"rendered":"https:\/\/wordpress.nibis.de\/rsgebhardshagen\/?page_id=366"},"modified":"2020-09-24T10:33:19","modified_gmt":"2020-09-24T08:33:19","slug":"profilbildung","status":"publish","type":"page","link":"https:\/\/wordpress.nibis.de\/rsgebhardshagen\/profilbildung\/","title":{"rendered":"Profilbildung"},"content":{"rendered":"<p>\u00a0<\/p>\n<p>Am Ende der<strong> 8. Klasse<\/strong> werden bei uns <strong><span style=\"color: #ff0777\">verbindliche Profile<\/span> <\/strong>gew\u00e4hlt, die dann in der 9. und 10. Klasse auf dem Stundenplan stehen.<\/p>\n<p>Bitte denkt bei der <span style=\"color: #ff0777\"><strong>Wahl<\/strong><\/span> daran, dass die Profile in den n\u00e4chsten zwei Jahren nicht gewechselt werden d\u00fcrfen. Macht euch also am besten gemeinsam mit euren Eltern Gedanken dar\u00fcber, f\u00fcr welches Profil ihr euch entscheidet. Bedenkt auch, dass die Zeugnisnoten des Profils <strong><span style=\"color: #ff0777\">versetzungsrelevant<\/span><\/strong> sind. Nat\u00fcrlich helfen Euch die Lehrerinnen und Lehrer bei der <strong><span style=\"color: #ff0777\">Entscheidung<\/span><\/strong> gern weiter. Sprecht sie doch einfach an, wenn ihr unsicher seid.<\/p>\n<p>Diese zu w\u00e4hlenden Profile sind <a href=\"https:\/\/wordpress.nibis.de\/rsgebhardshagen\/profil-wirtschaft-2013\/\"><span style=\"color: #007777\"><strong>\u21d2Wirtschaft<\/strong> (Sch\u00fclerfirma)<\/span><\/a>, <span style=\"color: #007777\"><strong><a style=\"color: #007777\" href=\"https:\/\/wordpress.nibis.de\/rsgebhardshagen\/profilkurs-technik-zu-besuch-in-der-autostadt-2016\/\">\u21d2Technik<\/a><\/strong><\/span> oder <span style=\"color: #007777\">\u21d2<\/span><a href=\"https:\/\/wordpress.nibis.de\/rsgebhardshagen\/gesundheit-und-soziales\/\"><strong><span style=\"color: #007777\">Gesundheit und Soziales<\/span>.<\/strong><\/a><\/p>\n\n\n<div class=\"wp-block-image\"><figure class=\"aligncenter size-large\"><img loading=\"lazy\" decoding=\"async\" width=\"637\" height=\"340\" src=\"https:\/\/wordpress.nibis.de\/rsgebhardshagen\/files\/2020\/09\/doors-1767562__340.jpg\" alt=\"\" class=\"wp-image-1519\" srcset=\"https:\/\/wordpress.nibis.de\/rsgebhardshagen\/files\/2020\/09\/doors-1767562__340.jpg 637w, https:\/\/wordpress.nibis.de\/rsgebhardshagen\/files\/2020\/09\/doors-1767562__340-300x160.jpg 300w\" sizes=\"auto, (max-width: 637px) 100vw, 637px\" \/><\/figure><\/div>\n","protected":false},"excerpt":{"rendered":"<p>\u00a0 Am Ende der 8. Klasse werden bei uns verbindliche Profile gew\u00e4hlt, die dann in der 9. und 10. Klasse auf dem Stundenplan stehen. Bitte denkt bei der Wahl daran, dass die Profile in den n\u00e4chsten zwei Jahren nicht gewechselt werden d\u00fcrfen. Macht euch also am besten gemeinsam mit euren Eltern Gedanken dar\u00fcber, f\u00fcr welches [&hellip;]<\/p>\n","protected":false},"author":9193020,"featured_media":0,"parent":0,"menu_order":0,"comment_status":"closed","ping_status":"closed","template":"","meta":{"footnotes":""},"class_list":["post-366","page","type-page","status-publish","hentry"],"_links":{"self":[{"href":"https:\/\/wordpress.nibis.de\/rsgebhardshagen\/wp-json\/wp\/v2\/pages\/366","targetHints":{"allow":["GET"]}}],"collection":[{"href":"https:\/\/wordpress.nibis.de\/rsgebhardshagen\/wp-json\/wp\/v2\/pages"}],"about":[{"href":"https:\/\/wordpress.nibis.de\/rsgebhardshagen\/wp-json\/wp\/v2\/types\/page"}],"author":[{"embeddable":true,"href":"https:\/\/wordpress.nibis.de\/rsgebhardshagen\/wp-json\/wp\/v2\/users\/9193020"}],"replies":[{"embeddable":true,"href":"https:\/\/wordpress.nibis.de\/rsgebhardshagen\/wp-json\/wp\/v2\/comments?post=366"}],"version-history":[{"count":9,"href":"https:\/\/wordpress.nibis.de\/rsgebhardshagen\/wp-json\/wp\/v2\/pages\/366\/revisions"}],"predecessor-version":[{"id":1755,"href":"https:\/\/wordpress.nibis.de\/rsgebhardshagen\/wp-json\/wp\/v2\/pages\/366\/revisions\/1755"}],"wp:attachment":[{"href":"https:\/\/wordpress.nibis.de\/rsgebhardshagen\/wp-json\/wp\/v2\/media?parent=366"}],"curies":[{"name":"wp","href":"https:\/\/api.w.org\/{rel}","templated":true}]}}

<p> </p>
<p>Am Ende der<strong> 8. Klasse</strong> werden bei uns <strong><span style="color: #ff0777">verbindliche Profile</span> </strong>gewählt, die dann in der 9. und 10. Klasse auf dem Stundenplan stehen.</p>
<p>Bitte denkt bei der <span style="color: #ff0777"><strong>Wahl</strong></span> daran, dass die Profile in den nächsten zwei Jahren nicht gewechselt werden dürfen. Macht euch also am besten gemeinsam mit euren Eltern Gedanken darüber, für welches Profil ihr euch entscheidet. Bedenkt auch, dass die Zeugnisnoten des Profils <strong><span style="color: #ff0777">versetzungsrelevant</span></strong> sind. Natürlich helfen Euch die Lehrerinnen und Lehrer bei der <strong><span style="color: #ff0777">Entscheidung</span></strong> gern weiter. Sprecht sie doch einfach an, wenn ihr unsicher seid.</p>
<p>Diese zu wählenden Profile sind <a href="https://wordpress.nibis.de/rsgebhardshagen/profil-wirtschaft-2013/"><span style="color: #007777"><strong>⇒Wirtschaft</strong> (Schülerfirma)</span></a>, <span style="color: #007777"><strong><a style="color: #007777" href="https://wordpress.nibis.de/rsgebhardshagen/profilkurs-technik-zu-besuch-in-der-autostadt-2016/">⇒Technik</a></strong></span> oder <span style="color: #007777">⇒</span><a href="https://wordpress.nibis.de/rsgebhardshagen/gesundheit-und-soziales/"><strong><span style="color: #007777">Gesundheit und Soziales</span>.</strong></a></p>


<div class="wp-block-image"><figure class="aligncenter size-large"><img loading="lazy" decoding="async" width="637" height="340" src="https://wordpress.nibis.de/rsgebhardshagen/files/2020/09/doors-1767562__340.jpg" alt="" class="wp-image-1519" srcset="https://wordpress.nibis.de/rsgebhardshagen/files/2020/09/doors-1767562__340.jpg 637w, https://wordpress.nibis.de/rsgebhardshagen/files/2020/09/doors-1767562__340-300x160.jpg 300w" sizes="auto, (max-width: 637px) 100vw, 637px" /></figure></div>

<p>  Am Ende der 8. Klasse werden bei uns verbindliche Profile gewählt, die dann in der 9. und 10. Klasse auf dem Stundenplan stehen. Bitte denkt bei der Wahl daran, dass die Profile in den nächsten zwei Jahren nicht gewechselt werden dürfen. Macht euch also am besten gemeinsam mit euren Eltern Gedanken darüber, für welches [&hellip;]</p>
