{"id":651,"date":"2019-03-16T21:26:32","date_gmt":"2019-03-16T20:26:32","guid":{"rendered":"https:\/\/wordpress.nibis.de\/rsgebhardshagen\/?page_id=651"},"modified":"2023-03-15T11:54:02","modified_gmt":"2023-03-15T10:54:02","slug":"einwilligung-zur-veroeffentlichung-von-personenbezogenen-daten","status":"publish","type":"page","link":"https:\/\/wordpress.nibis.de\/rsgebhardshagen\/einwilligung-zur-veroeffentlichung-von-personenbezogenen-daten\/","title":{"rendered":"Einwilligung zur Ver\u00f6ffentlichung von personenbezogenen Daten"},"content":{"rendered":"<p><span style=\"color: #ff7400\"><strong>Sehr geehrte Eltern liebe Sch\u00fclerinnen und Sch\u00fcler,<\/strong><\/span><\/p>\n<p>f\u00fcr uns ist der Schutz Ihrer und Eurer Daten sehr wichtig.<span style=\"color: #007777\"> \u21d2<strong><a style=\"color: #007777\" href=\"https:\/\/wordpress.nibis.de\/rsgebhardshagen\/files\/2023\/03\/Elternbrief-Einwilligung-personenbezogene-Daten-HP.pdf\">&nbsp;Hier<\/a><\/strong> <\/span>k\u00f6nnen Sie und k\u00f6nnt Ihr entscheiden, welche personenbezogenen Daten wie und wo ver\u00f6ffentlicht werden d\u00fcrfen. Falls sich Ihre oder Eure Entscheidung einmal \u00e4ndert, ist das kein Problem.<\/p>\n<p>Bitte einfach noch einmal die <span style=\"color: #007777\"><strong><a style=\"color: #007777\" href=\"https:\/\/wordpress.nibis.de\/rsgebhardshagen\/files\/2023\/03\/Elternbrief-Einwilligung-personenbezogene-Daten-HP.pdf\">\u21d2PDF-Datei<\/a><\/strong><\/span>&nbsp;herunterladen, ausdrucken, ausf\u00fcllen, unterschreiben und im <a href=\"https:\/\/wordpress.nibis.de\/rsgebhardshagen\/oeffnungszeiten-des-sekretariats\/\"><span style=\"color: #007777\"><strong>\u21d2 Sekretariat<\/strong><\/span><\/a> abgeben.<\/p>\n\n\n\n\n<p><\/p>\n","protected":false},"excerpt":{"rendered":"<p>Sehr geehrte Eltern liebe Sch\u00fclerinnen und Sch\u00fcler, f\u00fcr uns ist der Schutz Ihrer und Eurer Daten sehr wichtig. \u21d2&nbsp;Hier k\u00f6nnen Sie und k\u00f6nnt Ihr entscheiden, welche personenbezogenen Daten wie und wo ver\u00f6ffentlicht werden d\u00fcrfen. Falls sich Ihre oder Eure Entscheidung einmal \u00e4ndert, ist das kein Problem. Bitte einfach noch einmal die \u21d2PDF-Datei&nbsp;herunterladen, ausdrucken, ausf\u00fcllen, unterschreiben [&hellip;]<\/p>\n","protected":false},"author":9193020,"featured_media":0,"parent":0,"menu_order":0,"comment_status":"closed","ping_status":"closed","template":"","meta":{"footnotes":""},"class_list":["post-651","page","type-page","status-publish","hentry"],"_links":{"self":[{"href":"https:\/\/wordpress.nibis.de\/rsgebhardshagen\/wp-json\/wp\/v2\/pages\/651","targetHints":{"allow":["GET"]}}],"collection":[{"href":"https:\/\/wordpress.nibis.de\/rsgebhardshagen\/wp-json\/wp\/v2\/pages"}],"about":[{"href":"https:\/\/wordpress.nibis.de\/rsgebhardshagen\/wp-json\/wp\/v2\/types\/page"}],"author":[{"embeddable":true,"href":"https:\/\/wordpress.nibis.de\/rsgebhardshagen\/wp-json\/wp\/v2\/users\/9193020"}],"replies":[{"embeddable":true,"href":"https:\/\/wordpress.nibis.de\/rsgebhardshagen\/wp-json\/wp\/v2\/comments?post=651"}],"version-history":[{"count":20,"href":"https:\/\/wordpress.nibis.de\/rsgebhardshagen\/wp-json\/wp\/v2\/pages\/651\/revisions"}],"predecessor-version":[{"id":2278,"href":"https:\/\/wordpress.nibis.de\/rsgebhardshagen\/wp-json\/wp\/v2\/pages\/651\/revisions\/2278"}],"wp:attachment":[{"href":"https:\/\/wordpress.nibis.de\/rsgebhardshagen\/wp-json\/wp\/v2\/media?parent=651"}],"curies":[{"name":"wp","href":"https:\/\/api.w.org\/{rel}","templated":true}]}}