{"id":66,"date":"2019-03-03T21:31:11","date_gmt":"2019-03-03T20:31:11","guid":{"rendered":"https:\/\/wordpress.nibis.de\/rsgebhardshagen\/?page_id=66"},"modified":"2023-03-15T11:55:13","modified_gmt":"2023-03-15T10:55:13","slug":"download","status":"publish","type":"page","link":"https:\/\/wordpress.nibis.de\/rsgebhardshagen\/download\/","title":{"rendered":"Anmeldebogen der RSG"},"content":{"rendered":"<p>Hier k\u00f6nnen Sie sich den<span style=\"color: #007777\"><strong><span style=\"color: #007777\"> \u21d2 <\/span><a style=\"color: #007777\" href=\"https:\/\/wordpress.nibis.de\/rsgebhardshagen\/files\/2023\/03\/Anmeldebogen-der-Realschule-Gebhardshagen.pdf\"><span style=\"color: #007777\">Anmeldebogen<\/span><\/a> <\/strong><\/span>f\u00fcr unsere neuen Sch\u00fclerinnen und Sch\u00fcler herunterladen und ausdrucken.<\/p>\n<p>Um unn\u00f6tige\u00a0Wartezeiten im Sekretariat m\u00f6glichst zu vermeiden, bitten wir Sie, diesen Anmeldebogen zu Hause auszuf\u00fcllen. Vielen Dank!<\/p>\n<p>Bei Fragen wenden Sie sich bitte unter der Telefonnummer <span style=\"color: #ff0777\"><strong>05341\/70749 <\/strong><\/span>an unsere Sekret\u00e4rin Frau Lauenstein.<\/p>\n","protected":false},"excerpt":{"rendered":"<p>Hier k\u00f6nnen Sie sich den \u21d2 Anmeldebogen f\u00fcr unsere neuen Sch\u00fclerinnen und Sch\u00fcler herunterladen und ausdrucken. Um unn\u00f6tige\u00a0Wartezeiten im Sekretariat m\u00f6glichst zu vermeiden, bitten wir Sie, diesen Anmeldebogen zu Hause auszuf\u00fcllen. Vielen Dank! Bei Fragen wenden Sie sich bitte unter der Telefonnummer 05341\/70749 an unsere Sekret\u00e4rin Frau Lauenstein.<\/p>\n","protected":false},"author":9193020,"featured_media":0,"parent":0,"menu_order":0,"comment_status":"closed","ping_status":"closed","template":"","meta":{"footnotes":""},"class_list":["post-66","page","type-page","status-publish","hentry"],"_links":{"self":[{"href":"https:\/\/wordpress.nibis.de\/rsgebhardshagen\/wp-json\/wp\/v2\/pages\/66","targetHints":{"allow":["GET"]}}],"collection":[{"href":"https:\/\/wordpress.nibis.de\/rsgebhardshagen\/wp-json\/wp\/v2\/pages"}],"about":[{"href":"https:\/\/wordpress.nibis.de\/rsgebhardshagen\/wp-json\/wp\/v2\/types\/page"}],"author":[{"embeddable":true,"href":"https:\/\/wordpress.nibis.de\/rsgebhardshagen\/wp-json\/wp\/v2\/users\/9193020"}],"replies":[{"embeddable":true,"href":"https:\/\/wordpress.nibis.de\/rsgebhardshagen\/wp-json\/wp\/v2\/comments?post=66"}],"version-history":[{"count":15,"href":"https:\/\/wordpress.nibis.de\/rsgebhardshagen\/wp-json\/wp\/v2\/pages\/66\/revisions"}],"predecessor-version":[{"id":2279,"href":"https:\/\/wordpress.nibis.de\/rsgebhardshagen\/wp-json\/wp\/v2\/pages\/66\/revisions\/2279"}],"wp:attachment":[{"href":"https:\/\/wordpress.nibis.de\/rsgebhardshagen\/wp-json\/wp\/v2\/media?parent=66"}],"curies":[{"name":"wp","href":"https:\/\/api.w.org\/{rel}","templated":true}]}}