{"id":855,"date":"2019-06-26T22:20:42","date_gmt":"2019-06-26T20:20:42","guid":{"rendered":"https:\/\/wordpress.nibis.de\/rsgebhardshagen\/?page_id=855"},"modified":"2020-09-15T11:35:30","modified_gmt":"2020-09-15T09:35:30","slug":"upcycling-aus-alt-mach-neu","status":"publish","type":"page","link":"https:\/\/wordpress.nibis.de\/rsgebhardshagen\/upcycling-aus-alt-mach-neu\/","title":{"rendered":"Upcycling: Aus alt mach neu"},"content":{"rendered":"\n<div class=\"wp-block-image\"><figure class=\"aligncenter\"><img loading=\"lazy\" decoding=\"async\" width=\"1024\" height=\"497\" src=\"https:\/\/wordpress.nibis.de\/rsgebhardshagen\/files\/2019\/07\/5808418f-d3e4-495b-a1ee-2e6bea9853a4-1024x497.jpg\" alt=\"\" class=\"wp-image-888\" srcset=\"https:\/\/wordpress.nibis.de\/rsgebhardshagen\/files\/2019\/07\/5808418f-d3e4-495b-a1ee-2e6bea9853a4-1024x497.jpg 1024w, https:\/\/wordpress.nibis.de\/rsgebhardshagen\/files\/2019\/07\/5808418f-d3e4-495b-a1ee-2e6bea9853a4-300x146.jpg 300w, https:\/\/wordpress.nibis.de\/rsgebhardshagen\/files\/2019\/07\/5808418f-d3e4-495b-a1ee-2e6bea9853a4-768x373.jpg 768w, https:\/\/wordpress.nibis.de\/rsgebhardshagen\/files\/2019\/07\/5808418f-d3e4-495b-a1ee-2e6bea9853a4.jpg 1600w\" sizes=\"auto, (max-width: 1024px) 100vw, 1024px\" \/><\/figure><\/div>\n\n\n<p><strong>Reporterteam:<span class=\"Apple-converted-space\">\u00a0<\/span>Saskia und Jason <span class=\"Apple-converted-space\">\u00a0<\/span><\/strong><\/p>\n<p><strong><span style=\"color: #ff0777\">Interview mit Frau Napp<\/span><\/strong><\/p>\n<ul>\n<li>Was wollen Sie in dieser Woche erreichen? ,,Wir wollen die Sch\u00fcler daf\u00fcr<span class=\"Apple-converted-space\">\u00a0 \u00a0 \u00a0 \u00a0 \u00a0 \u00a0 <\/span>sensibilisieren, dass man nicht alles gleich wegwerfen muss, sondern dass man den Sachen einen neuen Zweck geben kann.&#8220;<\/li>\n<li>Wie wirken Sie selbst am Umweltschutz mit? ,,Ich schaue, \u00a0dass ich soviel \u00a0Plastik wie m\u00f6glich vermeide und Dinge wieder verwende. Au\u00dferdem gehe ich kurze Wege zu Fu\u00df und kaufe saisonales Obst und Gem\u00fcse.&#8220;<\/li>\n<\/ul>\n<p><strong><span style=\"color: #ff0777;font-size: inherit\">Interviews mit den Projektteilnehmern<\/span><\/strong><\/p>\n<p><span style=\"color: #ff7400\"><strong>L, 7. Klasse<\/strong><\/span><\/p>\n<ul>\n<li>Findest Du das Thema der Woche gut? ,,Ja, weil es wichtig f\u00fcr unsere Zukunft ist.&#8220;<\/li>\n<li>Warum hast Du dieses Projekt gew\u00e4hlt? ,,Es hat sich interessant angeh\u00f6rt, dass wir aus alten Sachen neue Dinge machen.&#8220;<\/li>\n<li>Was habt ihr in eurer Gruppe bislang alles gemacht? ,,Feengl\u00e4ser und Stiftehalter.&#8220; \u00a0<\/li>\n<li>Welche Bereiche Deines Projekts machen Dir besonders viel Spa\u00df? ,,Das Herstellen der Feengl\u00e4ser.&#8220;<\/li>\n<li>Was tust Du selbst f\u00fcr den Umweltschutz? ,, Ich verwende wenig Plastik.&#8220;<\/li>\n<\/ul>\n<p><span style=\"color: #ff7400\"><strong>M, 9. Klasse<\/strong><\/span><\/p>\n<ul>\n<li>Findest Du das Thema der Woche gut?\u00a0,, Ja, weil es sehr kreativ ist und Spa\u00df macht.\u201c\u00a0<\/li>\n<li>Warum hast Du dieses Projekt gew\u00e4hlt?\u00a0,,Weil ich es von allen Projekten am interessantesten fand.\u201c<\/li>\n<li>Was habt ihr in eurer Gruppe bislang alles gemacht?\u00a0,,Wir haben bisher Stiftehalter und Feengl\u00e4ser gebastelt.\u201c<\/li>\n<li>Welche Bereiche Deines Projekts machen Dir besonders viel Spa\u00df?\u00a0,,Die Kreativit\u00e4t dieses Projekts.\u201c<\/li>\n<li>Was tust Du selbst f\u00fcr den Umweltschutz?\u00a0,,Ich entsorge meinen M\u00fcll ordnungsgem\u00e4\u00df.\u201c<\/li>\n<\/ul>\n\n\n<figure class=\"wp-block-gallery aligncenter columns-4 is-cropped wp-block-gallery-1 is-layout-flex wp-block-gallery-is-layout-flex\"><ul class=\"blocks-gallery-grid\"><li class=\"blocks-gallery-item\"><figure><img loading=\"lazy\" decoding=\"async\" width=\"1024\" height=\"497\" src=\"https:\/\/wordpress.nibis.de\/rsgebhardshagen\/files\/2019\/07\/2c42d686-9243-44e1-8c46-55465db5e385-1024x497.jpg\" alt=\"\" data-id=\"884\" data-link=\"https:\/\/wordpress.nibis.de\/rsgebhardshagen\/upcycling-aus-alt-mach-neu\/2c42d686-9243-44e1-8c46-55465db5e385\/\" class=\"wp-image-884\" srcset=\"https:\/\/wordpress.nibis.de\/rsgebhardshagen\/files\/2019\/07\/2c42d686-9243-44e1-8c46-55465db5e385-1024x497.jpg 1024w, https:\/\/wordpress.nibis.de\/rsgebhardshagen\/files\/2019\/07\/2c42d686-9243-44e1-8c46-55465db5e385-300x146.jpg 300w, https:\/\/wordpress.nibis.de\/rsgebhardshagen\/files\/2019\/07\/2c42d686-9243-44e1-8c46-55465db5e385-768x373.jpg 768w, https:\/\/wordpress.nibis.de\/rsgebhardshagen\/files\/2019\/07\/2c42d686-9243-44e1-8c46-55465db5e385.jpg 1600w\" sizes=\"auto, (max-width: 1024px) 100vw, 1024px\" \/><\/figure><\/li><li class=\"blocks-gallery-item\"><figure><img loading=\"lazy\" decoding=\"async\" width=\"497\" height=\"1024\" src=\"https:\/\/wordpress.nibis.de\/rsgebhardshagen\/files\/2019\/07\/02f1f2dc-39cd-4e0d-a358-e0090d1647da-497x1024.jpg\" alt=\"\" data-id=\"885\" data-link=\"https:\/\/wordpress.nibis.de\/rsgebhardshagen\/upcycling-aus-alt-mach-neu\/02f1f2dc-39cd-4e0d-a358-e0090d1647da\/\" class=\"wp-image-885\" srcset=\"https:\/\/wordpress.nibis.de\/rsgebhardshagen\/files\/2019\/07\/02f1f2dc-39cd-4e0d-a358-e0090d1647da-497x1024.jpg 497w, https:\/\/wordpress.nibis.de\/rsgebhardshagen\/files\/2019\/07\/02f1f2dc-39cd-4e0d-a358-e0090d1647da-146x300.jpg 146w, https:\/\/wordpress.nibis.de\/rsgebhardshagen\/files\/2019\/07\/02f1f2dc-39cd-4e0d-a358-e0090d1647da-768x1581.jpg 768w, https:\/\/wordpress.nibis.de\/rsgebhardshagen\/files\/2019\/07\/02f1f2dc-39cd-4e0d-a358-e0090d1647da.jpg 777w\" sizes=\"auto, (max-width: 497px) 100vw, 497px\" \/><\/figure><\/li><li class=\"blocks-gallery-item\"><figure><img loading=\"lazy\" decoding=\"async\" width=\"1024\" height=\"497\" src=\"https:\/\/wordpress.nibis.de\/rsgebhardshagen\/files\/2019\/07\/16cdcee5-554d-442f-bb38-c9fda23787f6-1024x497.jpg\" alt=\"\" data-id=\"886\" data-link=\"https:\/\/wordpress.nibis.de\/rsgebhardshagen\/upcycling-aus-alt-mach-neu\/16cdcee5-554d-442f-bb38-c9fda23787f6\/\" class=\"wp-image-886\" srcset=\"https:\/\/wordpress.nibis.de\/rsgebhardshagen\/files\/2019\/07\/16cdcee5-554d-442f-bb38-c9fda23787f6-1024x497.jpg 1024w, https:\/\/wordpress.nibis.de\/rsgebhardshagen\/files\/2019\/07\/16cdcee5-554d-442f-bb38-c9fda23787f6-300x146.jpg 300w, https:\/\/wordpress.nibis.de\/rsgebhardshagen\/files\/2019\/07\/16cdcee5-554d-442f-bb38-c9fda23787f6-768x373.jpg 768w, https:\/\/wordpress.nibis.de\/rsgebhardshagen\/files\/2019\/07\/16cdcee5-554d-442f-bb38-c9fda23787f6.jpg 1600w\" sizes=\"auto, (max-width: 1024px) 100vw, 1024px\" \/><\/figure><\/li><li class=\"blocks-gallery-item\"><figure><img loading=\"lazy\" decoding=\"async\" width=\"1024\" height=\"497\" src=\"https:\/\/wordpress.nibis.de\/rsgebhardshagen\/files\/2019\/07\/2464749e-58a6-45ab-9cc3-37bc2974a37d-1024x497.jpg\" alt=\"\" data-id=\"887\" data-link=\"https:\/\/wordpress.nibis.de\/rsgebhardshagen\/upcycling-aus-alt-mach-neu\/2464749e-58a6-45ab-9cc3-37bc2974a37d\/\" class=\"wp-image-887\" srcset=\"https:\/\/wordpress.nibis.de\/rsgebhardshagen\/files\/2019\/07\/2464749e-58a6-45ab-9cc3-37bc2974a37d-1024x497.jpg 1024w, https:\/\/wordpress.nibis.de\/rsgebhardshagen\/files\/2019\/07\/2464749e-58a6-45ab-9cc3-37bc2974a37d-300x146.jpg 300w, https:\/\/wordpress.nibis.de\/rsgebhardshagen\/files\/2019\/07\/2464749e-58a6-45ab-9cc3-37bc2974a37d-768x373.jpg 768w, https:\/\/wordpress.nibis.de\/rsgebhardshagen\/files\/2019\/07\/2464749e-58a6-45ab-9cc3-37bc2974a37d.jpg 1600w\" sizes=\"auto, (max-width: 1024px) 100vw, 1024px\" \/><\/figure><\/li><\/ul><\/figure>\n","protected":false},"excerpt":{"rendered":"<p>Reporterteam:\u00a0Saskia und Jason \u00a0 Interview mit Frau Napp Was wollen Sie in dieser Woche erreichen? ,,Wir wollen die Sch\u00fcler daf\u00fcr\u00a0 \u00a0 \u00a0 \u00a0 \u00a0 \u00a0 sensibilisieren, dass man nicht alles gleich wegwerfen muss, sondern dass man den Sachen einen neuen Zweck geben kann.&#8220; Wie wirken Sie selbst am Umweltschutz mit? ,,Ich schaue, \u00a0dass ich soviel [&hellip;]<\/p>\n","protected":false},"author":9193020,"featured_media":0,"parent":0,"menu_order":0,"comment_status":"closed","ping_status":"closed","template":"","meta":{"footnotes":""},"class_list":["post-855","page","type-page","status-publish","hentry"],"_links":{"self":[{"href":"https:\/\/wordpress.nibis.de\/rsgebhardshagen\/wp-json\/wp\/v2\/pages\/855","targetHints":{"allow":["GET"]}}],"collection":[{"href":"https:\/\/wordpress.nibis.de\/rsgebhardshagen\/wp-json\/wp\/v2\/pages"}],"about":[{"href":"https:\/\/wordpress.nibis.de\/rsgebhardshagen\/wp-json\/wp\/v2\/types\/page"}],"author":[{"embeddable":true,"href":"https:\/\/wordpress.nibis.de\/rsgebhardshagen\/wp-json\/wp\/v2\/users\/9193020"}],"replies":[{"embeddable":true,"href":"https:\/\/wordpress.nibis.de\/rsgebhardshagen\/wp-json\/wp\/v2\/comments?post=855"}],"version-history":[{"count":10,"href":"https:\/\/wordpress.nibis.de\/rsgebhardshagen\/wp-json\/wp\/v2\/pages\/855\/revisions"}],"predecessor-version":[{"id":1597,"href":"https:\/\/wordpress.nibis.de\/rsgebhardshagen\/wp-json\/wp\/v2\/pages\/855\/revisions\/1597"}],"wp:attachment":[{"href":"https:\/\/wordpress.nibis.de\/rsgebhardshagen\/wp-json\/wp\/v2\/media?parent=855"}],"curies":[{"name":"wp","href":"https:\/\/api.w.org\/{rel}","templated":true}]}}

<div class="wp-block-image"><figure class="aligncenter"><img loading="lazy" decoding="async" width="1024" height="497" src="https://wordpress.nibis.de/rsgebhardshagen/files/2019/07/5808418f-d3e4-495b-a1ee-2e6bea9853a4-1024x497.jpg" alt="" class="wp-image-888" srcset="https://wordpress.nibis.de/rsgebhardshagen/files/2019/07/5808418f-d3e4-495b-a1ee-2e6bea9853a4-1024x497.jpg 1024w, https://wordpress.nibis.de/rsgebhardshagen/files/2019/07/5808418f-d3e4-495b-a1ee-2e6bea9853a4-300x146.jpg 300w, https://wordpress.nibis.de/rsgebhardshagen/files/2019/07/5808418f-d3e4-495b-a1ee-2e6bea9853a4-768x373.jpg 768w, https://wordpress.nibis.de/rsgebhardshagen/files/2019/07/5808418f-d3e4-495b-a1ee-2e6bea9853a4.jpg 1600w" sizes="auto, (max-width: 1024px) 100vw, 1024px" /></figure></div>


<p><strong>Reporterteam:<span class="Apple-converted-space"> </span>Saskia und Jason <span class="Apple-converted-space"> </span></strong></p>
<p><strong><span style="color: #ff0777">Interview mit Frau Napp</span></strong></p>
<ul>
<li>Was wollen Sie in dieser Woche erreichen? ,,Wir wollen die Schüler dafür<span class="Apple-converted-space">            </span>sensibilisieren, dass man nicht alles gleich wegwerfen muss, sondern dass man den Sachen einen neuen Zweck geben kann.&#8220;</li>
<li>Wie wirken Sie selbst am Umweltschutz mit? ,,Ich schaue,  dass ich soviel  Plastik wie möglich vermeide und Dinge wieder verwende. Außerdem gehe ich kurze Wege zu Fuß und kaufe saisonales Obst und Gemüse.&#8220;</li>
</ul>
<p><strong><span style="color: #ff0777;font-size: inherit">Interviews mit den Projektteilnehmern</span></strong></p>
<p><span style="color: #ff7400"><strong>L, 7. Klasse</strong></span></p>
<ul>
<li>Findest Du das Thema der Woche gut? ,,Ja, weil es wichtig für unsere Zukunft ist.&#8220;</li>
<li>Warum hast Du dieses Projekt gewählt? ,,Es hat sich interessant angehört, dass wir aus alten Sachen neue Dinge machen.&#8220;</li>
<li>Was habt ihr in eurer Gruppe bislang alles gemacht? ,,Feengläser und Stiftehalter.&#8220;  </li>
<li>Welche Bereiche Deines Projekts machen Dir besonders viel Spaß? ,,Das Herstellen der Feengläser.&#8220;</li>
<li>Was tust Du selbst für den Umweltschutz? ,, Ich verwende wenig Plastik.&#8220;</li>
</ul>
<p><span style="color: #ff7400"><strong>M, 9. Klasse</strong></span></p>
<ul>
<li>Findest Du das Thema der Woche gut? ,, Ja, weil es sehr kreativ ist und Spaß macht.“ </li>
<li>Warum hast Du dieses Projekt gewählt? ,,Weil ich es von allen Projekten am interessantesten fand.“</li>
<li>Was habt ihr in eurer Gruppe bislang alles gemacht? ,,Wir haben bisher Stiftehalter und Feengläser gebastelt.“</li>
<li>Welche Bereiche Deines Projekts machen Dir besonders viel Spaß? ,,Die Kreativität dieses Projekts.“</li>
<li>Was tust Du selbst für den Umweltschutz? ,,Ich entsorge meinen Müll ordnungsgemäß.“</li>
</ul>


<figure class="wp-block-gallery aligncenter columns-4 is-cropped wp-block-gallery-1 is-layout-flex wp-block-gallery-is-layout-flex"><ul class="blocks-gallery-grid"><li class="blocks-gallery-item"><figure><img loading="lazy" decoding="async" width="1024" height="497" src="https://wordpress.nibis.de/rsgebhardshagen/files/2019/07/2c42d686-9243-44e1-8c46-55465db5e385-1024x497.jpg" alt="" data-id="884" data-link="https://wordpress.nibis.de/rsgebhardshagen/upcycling-aus-alt-mach-neu/2c42d686-9243-44e1-8c46-55465db5e385/" class="wp-image-884" srcset="https://wordpress.nibis.de/rsgebhardshagen/files/2019/07/2c42d686-9243-44e1-8c46-55465db5e385-1024x497.jpg 1024w, https://wordpress.nibis.de/rsgebhardshagen/files/2019/07/2c42d686-9243-44e1-8c46-55465db5e385-300x146.jpg 300w, https://wordpress.nibis.de/rsgebhardshagen/files/2019/07/2c42d686-9243-44e1-8c46-55465db5e385-768x373.jpg 768w, https://wordpress.nibis.de/rsgebhardshagen/files/2019/07/2c42d686-9243-44e1-8c46-55465db5e385.jpg 1600w" sizes="auto, (max-width: 1024px) 100vw, 1024px" /></figure></li><li class="blocks-gallery-item"><figure><img loading="lazy" decoding="async" width="497" height="1024" src="https://wordpress.nibis.de/rsgebhardshagen/files/2019/07/02f1f2dc-39cd-4e0d-a358-e0090d1647da-497x1024.jpg" alt="" data-id="885" data-link="https://wordpress.nibis.de/rsgebhardshagen/upcycling-aus-alt-mach-neu/02f1f2dc-39cd-4e0d-a358-e0090d1647da/" class="wp-image-885" srcset="https://wordpress.nibis.de/rsgebhardshagen/files/2019/07/02f1f2dc-39cd-4e0d-a358-e0090d1647da-497x1024.jpg 497w, https://wordpress.nibis.de/rsgebhardshagen/files/2019/07/02f1f2dc-39cd-4e0d-a358-e0090d1647da-146x300.jpg 146w, https://wordpress.nibis.de/rsgebhardshagen/files/2019/07/02f1f2dc-39cd-4e0d-a358-e0090d1647da-768x1581.jpg 768w, https://wordpress.nibis.de/rsgebhardshagen/files/2019/07/02f1f2dc-39cd-4e0d-a358-e0090d1647da.jpg 777w" sizes="auto, (max-width: 497px) 100vw, 497px" /></figure></li><li class="blocks-gallery-item"><figure><img loading="lazy" decoding="async" width="1024" height="497" src="https://wordpress.nibis.de/rsgebhardshagen/files/2019/07/16cdcee5-554d-442f-bb38-c9fda23787f6-1024x497.jpg" alt="" data-id="886" data-link="https://wordpress.nibis.de/rsgebhardshagen/upcycling-aus-alt-mach-neu/16cdcee5-554d-442f-bb38-c9fda23787f6/" class="wp-image-886" srcset="https://wordpress.nibis.de/rsgebhardshagen/files/2019/07/16cdcee5-554d-442f-bb38-c9fda23787f6-1024x497.jpg 1024w, https://wordpress.nibis.de/rsgebhardshagen/files/2019/07/16cdcee5-554d-442f-bb38-c9fda23787f6-300x146.jpg 300w, https://wordpress.nibis.de/rsgebhardshagen/files/2019/07/16cdcee5-554d-442f-bb38-c9fda23787f6-768x373.jpg 768w, https://wordpress.nibis.de/rsgebhardshagen/files/2019/07/16cdcee5-554d-442f-bb38-c9fda23787f6.jpg 1600w" sizes="auto, (max-width: 1024px) 100vw, 1024px" /></figure></li><li class="blocks-gallery-item"><figure><img loading="lazy" decoding="async" width="1024" height="497" src="https://wordpress.nibis.de/rsgebhardshagen/files/2019/07/2464749e-58a6-45ab-9cc3-37bc2974a37d-1024x497.jpg" alt="" data-id="887" data-link="https://wordpress.nibis.de/rsgebhardshagen/upcycling-aus-alt-mach-neu/2464749e-58a6-45ab-9cc3-37bc2974a37d/" class="wp-image-887" srcset="https://wordpress.nibis.de/rsgebhardshagen/files/2019/07/2464749e-58a6-45ab-9cc3-37bc2974a37d-1024x497.jpg 1024w, https://wordpress.nibis.de/rsgebhardshagen/files/2019/07/2464749e-58a6-45ab-9cc3-37bc2974a37d-300x146.jpg 300w, https://wordpress.nibis.de/rsgebhardshagen/files/2019/07/2464749e-58a6-45ab-9cc3-37bc2974a37d-768x373.jpg 768w, https://wordpress.nibis.de/rsgebhardshagen/files/2019/07/2464749e-58a6-45ab-9cc3-37bc2974a37d.jpg 1600w" sizes="auto, (max-width: 1024px) 100vw, 1024px" /></figure></li></ul></figure>

<p>Reporterteam: Saskia und Jason   Interview mit Frau Napp Was wollen Sie in dieser Woche erreichen? ,,Wir wollen die Schüler dafür            sensibilisieren, dass man nicht alles gleich wegwerfen muss, sondern dass man den Sachen einen neuen Zweck geben kann.&#8220; Wie wirken Sie selbst am Umweltschutz mit? ,,Ich schaue,  dass ich soviel [&hellip;]</p>
