{"id":870,"date":"2019-06-27T08:43:45","date_gmt":"2019-06-27T06:43:45","guid":{"rendered":"https:\/\/wordpress.nibis.de\/rsgebhardshagen\/?page_id=870"},"modified":"2020-09-15T11:26:22","modified_gmt":"2020-09-15T09:26:22","slug":"was-koennen-wir-zuhause-und-in-der-schule-tun","status":"publish","type":"page","link":"https:\/\/wordpress.nibis.de\/rsgebhardshagen\/was-koennen-wir-zuhause-und-in-der-schule-tun\/","title":{"rendered":"Was k\u00f6nnen wir zuhause und in der Schule tun?"},"content":{"rendered":"\n<div class=\"wp-block-image\"><figure class=\"aligncenter\"><img loading=\"lazy\" decoding=\"async\" width=\"510\" height=\"340\" src=\"https:\/\/wordpress.nibis.de\/rsgebhardshagen\/files\/2019\/06\/school-strike-4-climate-4057683__340.jpg\" alt=\"\" class=\"wp-image-872\" srcset=\"https:\/\/wordpress.nibis.de\/rsgebhardshagen\/files\/2019\/06\/school-strike-4-climate-4057683__340.jpg 510w, https:\/\/wordpress.nibis.de\/rsgebhardshagen\/files\/2019\/06\/school-strike-4-climate-4057683__340-300x200.jpg 300w\" sizes=\"auto, (max-width: 510px) 100vw, 510px\" \/><\/figure><\/div>\n\n\n<p><span style=\"color: #333333\">\u00a0<strong>Reporterteam: Jason und Lilo<\/strong><\/span><\/p>\n<p><strong><span style=\"color: #ff0777\">Interview mit Frau Renner<\/span><\/strong><\/p>\n<ul>\n<li>Was wollen Sie in dieser Woche erreichen? ,,Ich m\u00f6chte die Sch\u00fclerinnen und Sch\u00fcler sensibilisieren, sich auch um die kleinen Dinge zu k\u00fcmmern.&#8220;<\/li>\n<li>Wie wirken Sie selbst am Umweltschutz mit ?,,Ich trenne meinen Hausm\u00fcll und versuche Energie zu sparen.&#8220;<\/li>\n<\/ul>\n<p><strong><span style=\"color: #ff0777\">Interviews mit den Projektteilnehmern<\/span><\/strong><\/p>\n<p><span style=\"color: #ff7400\"><strong>M., 9. Klasse<\/strong><\/span><\/p>\n<ul>\n<li>Findest du das Thema der Woche gut? ,,Nein, man wird mit dem Thema zu h\u00e4ufig konfrontiert.&#8220;<\/li>\n<li>Warum hast du dieses Projekt gew\u00e4hlt? ,,Weil Herr Deschan das Projekt mitbetreut.&#8220;<\/li>\n<li>Was habt ihr in eurer Gruppe bislang alles gemacht? <br \/>Die Schule auf ,,Klimas\u00fcnder&#8220; und versucht diese zu verbessern.<\/li>\n<li>Welche Bereiche deines Projekts machen dir besonders viel Spa\u00df? ,,Die Gestaltung von Plakaten.&#8220;<\/li>\n<li>Was tust du selbst f\u00fcr den Umweltschutz? ,, Ich trenne meinen M\u00fcll&#8220;.<\/li>\n<\/ul>\n<p><span style=\"color: #ff7400\"><strong>F., 7. Klasse<\/strong><\/span><\/p>\n<ul>\n<li>Findest du das Thema der Woche gut? ,,Ja, mir gef\u00e4llt es.&#8220;<\/li>\n<li>Warum hast du dieses Projekt gew\u00e4hlt? ,, Ich wurde einfach hinzugef\u00fcgt, weil ich vergessen habe, mir ein Projekt auszusuchen.&#8220;<\/li>\n<li>Was habt ihr in eurer Gruppe bislang alles gemacht? ,, Wir haben Plakate \u00fcber den Umweltschutz gestaltet.&#8220;<\/li>\n<li>Welche Bereiche deines Projekts machen dir besonders viel Spa\u00df? ,,Die Gruppenarbeit finde ich toll.&#8220;<\/li>\n<li>Was tust du selbst f\u00fcr den Umweltschutz? ,, Ich trenne meinen M\u00fcll.&#8220;<\/li>\n<\/ul>\n<p><span style=\"color: #ff7400\"><strong>A., 7. Klasse<\/strong><\/span><\/p>\n<ul>\n<li>Findest du das Thema der Woche gut? ,,Ja, weil es f\u00fcr die Umwelt ist.&#8220;<\/li>\n<li>Warum hast du dieses Projekt gew\u00e4hlt? &#8222;Ich wurde vo Frau Renner hinzugef\u00fcgt.&#8220;<\/li>\n<li>Was habt ihr in eurer Gruppe bislang alles gemacht? ,, Wir haben ein Plakat \u00fcber unsere Schule gestaltet.&#8220;<\/li>\n<li>Welche Bereiche deines Projekts machen dir besonders viel Spa\u00df? ,, Ich finde es super, dass ich mit meinen Freunden arbeiten kann.&#8220;<\/li>\n<li>Was tust du selbst f\u00fcr den Umweltschutz? ,,Ich werfe keinen M\u00fcll in die Umwelt.&#8220;<\/li>\n<\/ul>","protected":false},"excerpt":{"rendered":"<p>\u00a0Reporterteam: Jason und Lilo Interview mit Frau Renner Was wollen Sie in dieser Woche erreichen? ,,Ich m\u00f6chte die Sch\u00fclerinnen und Sch\u00fcler sensibilisieren, sich auch um die kleinen Dinge zu k\u00fcmmern.&#8220; Wie wirken Sie selbst am Umweltschutz mit ?,,Ich trenne meinen Hausm\u00fcll und versuche Energie zu sparen.&#8220; Interviews mit den Projektteilnehmern M., 9. Klasse Findest du [&hellip;]<\/p>\n","protected":false},"author":9193020,"featured_media":0,"parent":0,"menu_order":0,"comment_status":"closed","ping_status":"closed","template":"","meta":{"footnotes":""},"class_list":["post-870","page","type-page","status-publish","hentry"],"_links":{"self":[{"href":"https:\/\/wordpress.nibis.de\/rsgebhardshagen\/wp-json\/wp\/v2\/pages\/870","targetHints":{"allow":["GET"]}}],"collection":[{"href":"https:\/\/wordpress.nibis.de\/rsgebhardshagen\/wp-json\/wp\/v2\/pages"}],"about":[{"href":"https:\/\/wordpress.nibis.de\/rsgebhardshagen\/wp-json\/wp\/v2\/types\/page"}],"author":[{"embeddable":true,"href":"https:\/\/wordpress.nibis.de\/rsgebhardshagen\/wp-json\/wp\/v2\/users\/9193020"}],"replies":[{"embeddable":true,"href":"https:\/\/wordpress.nibis.de\/rsgebhardshagen\/wp-json\/wp\/v2\/comments?post=870"}],"version-history":[{"count":3,"href":"https:\/\/wordpress.nibis.de\/rsgebhardshagen\/wp-json\/wp\/v2\/pages\/870\/revisions"}],"predecessor-version":[{"id":1588,"href":"https:\/\/wordpress.nibis.de\/rsgebhardshagen\/wp-json\/wp\/v2\/pages\/870\/revisions\/1588"}],"wp:attachment":[{"href":"https:\/\/wordpress.nibis.de\/rsgebhardshagen\/wp-json\/wp\/v2\/media?parent=870"}],"curies":[{"name":"wp","href":"https:\/\/api.w.org\/{rel}","templated":true}]}}

Was können wir zuhause und in der Schule tun?

<div class="wp-block-image"><figure class="aligncenter"><img loading="lazy" decoding="async" width="510" height="340" src="https://wordpress.nibis.de/rsgebhardshagen/files/2019/06/school-strike-4-climate-4057683__340.jpg" alt="" class="wp-image-872" srcset="https://wordpress.nibis.de/rsgebhardshagen/files/2019/06/school-strike-4-climate-4057683__340.jpg 510w, https://wordpress.nibis.de/rsgebhardshagen/files/2019/06/school-strike-4-climate-4057683__340-300x200.jpg 300w" sizes="auto, (max-width: 510px) 100vw, 510px" /></figure></div>


<p><span style="color: #333333"> <strong>Reporterteam: Jason und Lilo</strong></span></p>
<p><strong><span style="color: #ff0777">Interview mit Frau Renner</span></strong></p>
<ul>
<li>Was wollen Sie in dieser Woche erreichen? ,,Ich möchte die Schülerinnen und Schüler sensibilisieren, sich auch um die kleinen Dinge zu kümmern.&#8220;</li>
<li>Wie wirken Sie selbst am Umweltschutz mit ?,,Ich trenne meinen Hausmüll und versuche Energie zu sparen.&#8220;</li>
</ul>
<p><strong><span style="color: #ff0777">Interviews mit den Projektteilnehmern</span></strong></p>
<p><span style="color: #ff7400"><strong>M., 9. Klasse</strong></span></p>
<ul>
<li>Findest du das Thema der Woche gut? ,,Nein, man wird mit dem Thema zu häufig konfrontiert.&#8220;</li>
<li>Warum hast du dieses Projekt gewählt? ,,Weil Herr Deschan das Projekt mitbetreut.&#8220;</li>
<li>Was habt ihr in eurer Gruppe bislang alles gemacht? <br />Die Schule auf ,,Klimasünder&#8220; und versucht diese zu verbessern.</li>
<li>Welche Bereiche deines Projekts machen dir besonders viel Spaß? ,,Die Gestaltung von Plakaten.&#8220;</li>
<li>Was tust du selbst für den Umweltschutz? ,, Ich trenne meinen Müll&#8220;.</li>
</ul>
<p><span style="color: #ff7400"><strong>F., 7. Klasse</strong></span></p>
<ul>
<li>Findest du das Thema der Woche gut? ,,Ja, mir gefällt es.&#8220;</li>
<li>Warum hast du dieses Projekt gewählt? ,, Ich wurde einfach hinzugefügt, weil ich vergessen habe, mir ein Projekt auszusuchen.&#8220;</li>
<li>Was habt ihr in eurer Gruppe bislang alles gemacht? ,, Wir haben Plakate über den Umweltschutz gestaltet.&#8220;</li>
<li>Welche Bereiche deines Projekts machen dir besonders viel Spaß? ,,Die Gruppenarbeit finde ich toll.&#8220;</li>
<li>Was tust du selbst für den Umweltschutz? ,, Ich trenne meinen Müll.&#8220;</li>
</ul>
<p><span style="color: #ff7400"><strong>A., 7. Klasse</strong></span></p>
<ul>
<li>Findest du das Thema der Woche gut? ,,Ja, weil es für die Umwelt ist.&#8220;</li>
<li>Warum hast du dieses Projekt gewählt? &#8222;Ich wurde vo Frau Renner hinzugefügt.&#8220;</li>
<li>Was habt ihr in eurer Gruppe bislang alles gemacht? ,, Wir haben ein Plakat über unsere Schule gestaltet.&#8220;</li>
<li>Welche Bereiche deines Projekts machen dir besonders viel Spaß? ,, Ich finde es super, dass ich mit meinen Freunden arbeiten kann.&#8220;</li>
<li>Was tust du selbst für den Umweltschutz? ,,Ich werfe keinen Müll in die Umwelt.&#8220;</li>
</ul>

<p> Reporterteam: Jason und Lilo Interview mit Frau Renner Was wollen Sie in dieser Woche erreichen? ,,Ich möchte die Schülerinnen und Schüler sensibilisieren, sich auch um die kleinen Dinge zu kümmern.&#8220; Wie wirken Sie selbst am Umweltschutz mit ?,,Ich trenne meinen Hausmüll und versuche Energie zu sparen.&#8220; Interviews mit den Projektteilnehmern M., 9. Klasse Findest du [&hellip;]</p>
